000
CDUS43 KDVN 012224
CLIDBQ


CLIMATE REPORT
NATIONAL WEATHER SERVICE QUAD CITIES IA IL
423 PM CST SUN MAR 1 2015


...................................

...THE DUBUQUE IA CLIMATE SUMMARY FOR MARCH 1 2015...
VALID TODAY AS OF 0400 PM LOCAL TIME.

CLIMATE NORMAL PERIOD 1981 TO 2010
CLIMATE RECORD PERIOD 1873 TO 2015


WEATHER ITEM   OBSERVED TIME   RECORD YEAR NORMAL DEPARTURE LAST
                VALUE   (LST)  VALUE       VALUE  FROM      YEAR
                                                  NORMAL
..................................................................
TEMPERATURE (F)
 TODAY
  MAXIMUM         25    357 PM  63    1992  37    -12       19
                                      1923
  MINIMUM          8   1217 AM -20    1962  21    -13        3
  AVERAGE         17                        29    -12       11

PRECIPITATION (IN)
  TODAY            T             1.12 1932   0.07  -0.07     0.25
  MONTH TO DATE    T                         0.07  -0.07     0.25
  SINCE MAR 1      T                         0.07  -0.07     0.25
  SINCE JAN 1      2.29                      2.68  -0.39     2.73

SNOWFALL (IN)
  TODAY            T            MM      MM   0.3   -0.3      3.5
  MONTH TO DATE    T                         0.3   -0.3      3.5
  SINCE MAR 1      T                         0.3   -0.3      3.5
  SINCE JUL 1     29.6                      33.9   -4.3     55.2
  SNOW DEPTH       6

DEGREE DAYS
 HEATING
  TODAY           48                        36     12       54
  MONTH TO DATE   48                        36     12       54
  SINCE MAR 1     48                        36     12       54
  SINCE JUL 1   5896                      5429    467     6430

 COOLING
  TODAY            0                         0      0        0
  MONTH TO DATE    0                         0      0        0
  SINCE MAR 1      0                         0      0        0
  SINCE JAN 1      0                         0      0        0
..................................................................


WIND (MPH)
  HIGHEST WIND SPEED    20   HIGHEST WIND DIRECTION     W (260)
  HIGHEST GUST SPEED    24   HIGHEST GUST DIRECTION     W (260)
  AVERAGE WIND SPEED     7.8


SKY COVER
  POSSIBLE SUNSHINE  MM
  AVERAGE SKY COVER 0.9


WEATHER CONDITIONS
 THE FOLLOWING WEATHER WAS RECORDED TODAY.
  LIGHT SNOW
  FOG
  FOG W/VISIBILITY <= 1/4 MILE
  HAZE


RELATIVE HUMIDITY (PERCENT)
 HIGHEST   100           500 AM
 LOWEST     68           200 PM
 AVERAGE    84

..........................................................


THE DUBUQUE IA CLIMATE NORMALS FOR TOMORROW
                         NORMAL    RECORD    YEAR
 MAXIMUM TEMPERATURE (F)   37        66      1923
 MINIMUM TEMPERATURE (F)   21       -12      1890


SUNRISE AND SUNSET
MARCH  1 2015.........SUNRISE   639 AM CST   SUNSET   552 PM CST
MARCH  2 2015.........SUNRISE   637 AM CST   SUNSET   554 PM CST


-  INDICATES NEGATIVE NUMBERS.
R  INDICATES RECORD WAS SET OR TIED.
MM INDICATES DATA IS MISSING.
T  INDICATES TRACE AMOUNT.




$$
