017
CDUS43 KDVN 231019
CLIDBQ


CLIMATE REPORT
NATIONAL WEATHER SERVICE QUAD CITIES IA IL
418 AM CST MON JAN 23 2017


...................................

...THE DUBUQUE IA CLIMATE SUMMARY FOR JANUARY 22 2017...

CLIMATE NORMAL PERIOD 1981 TO 2010
CLIMATE RECORD PERIOD 1873 TO 2017


WEATHER ITEM   OBSERVED TIME   RECORD YEAR NORMAL DEPARTURE LAST
                VALUE   (LST)  VALUE       VALUE  FROM      YEAR
                                                  NORMAL
..................................................................
TEMPERATURE (F)
 YESTERDAY
  MAXIMUM         41    258 PM  55    2002  27     14       24
  MINIMUM         27    609 AM -26    1936  11     16       19
  AVERAGE         34                        19     15       22

PRECIPITATION (IN)
  YESTERDAY        0.00          1.72 1887   0.04  -0.04      T
  MONTH TO DATE    1.59                      0.82   0.77     0.30
  SINCE DEC 1      3.13                      2.66   0.47     4.49
  SINCE JAN 1      1.59                      0.82   0.77     0.30

SNOWFALL (IN)
  YESTERDAY        0.0          MM      MM   0.4   -0.4      0.1
  MONTH TO DATE    0.2                       7.0   -6.8      2.1
  SINCE DEC 1     17.6                      18.8   -1.2     10.5
  SINCE JUL 1     17.6                      21.6   -4.0     22.3
  SNOW DEPTH       T

DEGREE DAYS
 HEATING
  YESTERDAY       31                        46    -15       43
  MONTH TO DATE  935                      1012    -77     1058
  SINCE DEC 1   2290                      2322    -32     2004
  SINCE JUL 1   3282                      3822   -540     3211

 COOLING
  YESTERDAY        0                         0      0        0
  MONTH TO DATE    0                         0      0        0
  SINCE DEC 1      0                         0      0        0
  SINCE JAN 1      0                         0      0        0
..................................................................


WIND (MPH)
  HIGHEST WIND SPEED    16   HIGHEST WIND DIRECTION     N (340)
  HIGHEST GUST SPEED    20   HIGHEST GUST DIRECTION     N (340)
  AVERAGE WIND SPEED     4.6


SKY COVER
  POSSIBLE SUNSHINE  MM
  AVERAGE SKY COVER 1.0


WEATHER CONDITIONS
 THE FOLLOWING WEATHER WAS RECORDED YESTERDAY.
  FOG
  FOG W/VISIBILITY <= 1/4 MILE


RELATIVE HUMIDITY (PERCENT)
 HIGHEST   100          1200 AM
 LOWEST     79           100 PM
 AVERAGE    90

..........................................................


THE DUBUQUE IA CLIMATE NORMALS FOR TODAY
                         NORMAL    RECORD    YEAR
 MAXIMUM TEMPERATURE (F)   27        55      1909
 MINIMUM TEMPERATURE (F)   11       -25      1936


SUNRISE AND SUNSET
JANUARY 23 2017.......SUNRISE   724 AM CST   SUNSET   506 PM CST
JANUARY 24 2017.......SUNRISE   724 AM CST   SUNSET   507 PM CST


-  INDICATES NEGATIVE NUMBERS.
R  INDICATES RECORD WAS SET OR TIED.
MM INDICATES DATA IS MISSING.
T  INDICATES TRACE AMOUNT.




$$
