000
CDUS43 KDVN 300931
CLIDBQ


CLIMATE REPORT
NATIONAL WEATHER SERVICE QUAD CITIES IA IL
429 AM CDT SUN APR 30 2017


...................................

...THE DUBUQUE IA CLIMATE SUMMARY FOR APRIL 29 2017...

CLIMATE NORMAL PERIOD 1981 TO 2010
CLIMATE RECORD PERIOD 1873 TO 2017


WEATHER ITEM   OBSERVED TIME   RECORD YEAR NORMAL DEPARTURE LAST
                VALUE   (LST)  VALUE       VALUE  FROM      YEAR
                                                  NORMAL
..................................................................
TEMPERATURE (F)
 YESTERDAY
  MAXIMUM         45   1249 PM  89    1952  64    -19       49
  MINIMUM         38   1159 PM  23    1958  43     -5       40
  AVERAGE         42                        53    -11       45

PRECIPITATION (IN)
  YESTERDAY        0.12          1.60 1984   0.14  -0.02     0.00
  MONTH TO DATE    4.59                      3.52   1.07     1.83
  SINCE MAR 1      6.72                      5.93   0.79     4.85
  SINCE JAN 1     10.53                      8.54   1.99     5.93

SNOWFALL (IN)
  YESTERDAY        0.0          MM      MM   0.0    0.0      0.0
  MONTH TO DATE    0.1                       2.0   -1.9      0.5
  SINCE MAR 1      4.6                       8.3   -3.7      3.3
  SINCE JUL 1     27.2                      41.9  -14.7     34.8
  SNOW DEPTH       0

DEGREE DAYS
 HEATING
  YESTERDAY       23                        12     11       20
  MONTH TO DATE  406                       498    -92      496
  SINCE MAR 1   1295                      1416   -121     1241
  SINCE JUL 1   5776                      6809  -1033     5718

 COOLING
  YESTERDAY        0                         0      0        0
  MONTH TO DATE    5                         0      5        3
  SINCE MAR 1      5                         0      5        3
  SINCE JAN 1      5                         0      5        3
..................................................................


WIND (MPH)
  HIGHEST WIND SPEED    35   HIGHEST WIND DIRECTION     E (70)
  HIGHEST GUST SPEED    43   HIGHEST GUST DIRECTION     E (70)
  AVERAGE WIND SPEED    18.0


SKY COVER
  POSSIBLE SUNSHINE  MM
  AVERAGE SKY COVER 0.7


WEATHER CONDITIONS
 THE FOLLOWING WEATHER WAS RECORDED YESTERDAY.
  LIGHT RAIN
  FOG


RELATIVE HUMIDITY (PERCENT)
 HIGHEST    86           300 PM
 LOWEST     65           800 AM
 AVERAGE    76

..........................................................


THE DUBUQUE IA CLIMATE NORMALS FOR TODAY
                         NORMAL    RECORD    YEAR
 MAXIMUM TEMPERATURE (F)   64        89      1952
 MINIMUM TEMPERATURE (F)   43        28      1956
                                             1903


SUNRISE AND SUNSET
APRIL 30 2017.........SUNRISE   559 AM CDT   SUNSET   802 PM CDT
MAY  1 2017...........SUNRISE   558 AM CDT   SUNSET   803 PM CDT


-  INDICATES NEGATIVE NUMBERS.
R  INDICATES RECORD WAS SET OR TIED.
MM INDICATES DATA IS MISSING.
T  INDICATES TRACE AMOUNT.




$$
