000
CDUS43 KDVN 230930
CLIDBQ


CLIMATE REPORT
NATIONAL WEATHER SERVICE QUAD CITIES IA IL
430 AM CDT THU MAR 23 2017


...................................

...THE DUBUQUE IA CLIMATE SUMMARY FOR MARCH 22 2017...

CLIMATE NORMAL PERIOD 1981 TO 2010
CLIMATE RECORD PERIOD 1873 TO 2017


WEATHER ITEM   OBSERVED TIME   RECORD YEAR NORMAL DEPARTURE LAST
                VALUE   (LST)  VALUE       VALUE  FROM      YEAR
                                                  NORMAL
..................................................................
TEMPERATURE (F)
 YESTERDAY
  MAXIMUM         41    342 PM  73    1938  47     -6       58
                                      1910
  MINIMUM         22    638 AM  -5    1888  29     -7       38
  AVERAGE         32                        38     -6       48

PRECIPITATION (IN)
  YESTERDAY        0.00          1.05 1993   0.09  -0.09     0.00
                                      1966
  MONTH TO DATE    0.78                      1.59  -0.81     1.97
  SINCE MAR 1      0.78                      1.59  -0.81     1.97
  SINCE JAN 1      4.59                      4.20   0.39     3.05

SNOWFALL (IN)
  YESTERDAY        0.0          MM      MM   0.2   -0.2      0.0
  MONTH TO DATE    4.5                       4.9   -0.4      2.7
  SINCE MAR 1      4.5                       4.9   -0.4      2.7
  SINCE JUL 1     27.1                      38.5  -11.4     34.2
  SNOW DEPTH       0

DEGREE DAYS
 HEATING
  YESTERDAY       33                        27      6       17
  MONTH TO DATE  689                       694     -5      540
  SINCE MAR 1    689                       694     -5      540
  SINCE JUL 1   5170                      6087   -917     5017

 COOLING
  YESTERDAY        0                         0      0        0
  MONTH TO DATE    0                         0      0        0
  SINCE MAR 1      0                         0      0        0
  SINCE JAN 1      0                         0      0        0
..................................................................


WIND (MPH)
  HIGHEST WIND SPEED    20   HIGHEST WIND DIRECTION    SE (150)
  HIGHEST GUST SPEED    24   HIGHEST GUST DIRECTION    SE (150)
  AVERAGE WIND SPEED    10.3


SKY COVER
  POSSIBLE SUNSHINE  MM
  AVERAGE SKY COVER 0.2


WEATHER CONDITIONS
 THE FOLLOWING WEATHER WAS RECORDED YESTERDAY.
  NO SIGNIFICANT WEATHER WAS OBSERVED.


RELATIVE HUMIDITY (PERCENT)
 HIGHEST    68           400 AM
 LOWEST     33           300 PM
 AVERAGE    51

..........................................................


THE DUBUQUE IA CLIMATE NORMALS FOR TODAY
                         NORMAL    RECORD    YEAR
 MAXIMUM TEMPERATURE (F)   48        84      1910
 MINIMUM TEMPERATURE (F)   29         4      1974
                                             1960


SUNRISE AND SUNSET
MARCH 23 2017.........SUNRISE   700 AM CDT   SUNSET   719 PM CDT
MARCH 24 2017.........SUNRISE   659 AM CDT   SUNSET   720 PM CDT


-  INDICATES NEGATIVE NUMBERS.
R  INDICATES RECORD WAS SET OR TIED.
MM INDICATES DATA IS MISSING.
T  INDICATES TRACE AMOUNT.




$$
