000
CDUS43 KDVN 230906
CLIDBQ


CLIMATE REPORT
NATIONAL WEATHER SERVICE QUAD CITIES IA IL
406 AM CDT SAT JUL 23 2016


...................................

...THE DUBUQUE IA CLIMATE SUMMARY FOR JULY 22 2016...

CLIMATE NORMAL PERIOD 1981 TO 2010
CLIMATE RECORD PERIOD 1873 TO 2016


WEATHER ITEM   OBSERVED TIME   RECORD YEAR NORMAL DEPARTURE LAST
                VALUE   (LST)  VALUE       VALUE  FROM      YEAR
                                                  NORMAL
..................................................................
TEMPERATURE (F)
 YESTERDAY
  MAXIMUM         87    247 PM 103    1934  82      5       82
  MINIMUM         68    555 AM  51    1947  62      6       58
  AVERAGE         78                        72      6       70

PRECIPITATION (IN)
  YESTERDAY        0.00          2.84 2010   0.14  -0.14     0.00
  MONTH TO DATE    5.87                      3.08   2.79     0.55
  SINCE JUN 1     13.16                      7.48   5.68     8.89
  SINCE JAN 1     24.11                     20.35   3.76    19.66

SNOWFALL (IN)
  YESTERDAY        0.0          MM      MM   0.0    0.0      0.0
  MONTH TO DATE    0.0                       0.0    0.0      0.0
  SINCE JUN 1      0.0                       0.0    0.0       T
  SINCE JUL 1      0.0                       0.0    0.0      0.0
  SNOW DEPTH       0

DEGREE DAYS
 HEATING
  YESTERDAY        0                         0      0        0
  MONTH TO DATE    5                         0      5       13
  SINCE JUN 1     18                        40    -22       36
  SINCE JUL 1      5                         0      5       13

 COOLING
  YESTERDAY       13                         7      6        5
  MONTH TO DATE  153                       155     -2      113
  SINCE JUN 1    327                       294     33      232
  SINCE JAN 1    378                       331     47      268
..................................................................


WIND (MPH)
  HIGHEST WIND SPEED    14   HIGHEST WIND DIRECTION     S (180)
  HIGHEST GUST SPEED    17   HIGHEST GUST DIRECTION     S (180)
  AVERAGE WIND SPEED     5.1


SKY COVER
  POSSIBLE SUNSHINE  MM
  AVERAGE SKY COVER 0.5


WEATHER CONDITIONS
 THE FOLLOWING WEATHER WAS RECORDED YESTERDAY.
  FOG


RELATIVE HUMIDITY (PERCENT)
 HIGHEST    97           100 AM
 LOWEST     70           300 PM
 AVERAGE    84

..........................................................


THE DUBUQUE IA CLIMATE NORMALS FOR TODAY
                         NORMAL    RECORD    YEAR
 MAXIMUM TEMPERATURE (F)   82       104      1901
 MINIMUM TEMPERATURE (F)   62        52      1990
                                             1985
                                             1947


SUNRISE AND SUNSET
JULY 23 2016..........SUNRISE   547 AM CDT   SUNSET   831 PM CDT
JULY 24 2016..........SUNRISE   548 AM CDT   SUNSET   830 PM CDT


-  INDICATES NEGATIVE NUMBERS.
R  INDICATES RECORD WAS SET OR TIED.
MM INDICATES DATA IS MISSING.
T  INDICATES TRACE AMOUNT.




$$
