000
CDUS43 KDVN 250928
CLIDBQ


CLIMATE REPORT
NATIONAL WEATHER SERVICE QUAD CITIES IA IL
428 AM CDT SAT OCT 25 2014


...................................

...THE DUBUQUE IA CLIMATE SUMMARY FOR OCTOBER 24 2014...

CLIMATE NORMAL PERIOD 1981 TO 2010
CLIMATE RECORD PERIOD 1873 TO 2014


WEATHER ITEM   OBSERVED TIME   RECORD YEAR NORMAL DEPARTURE LAST
                VALUE   (LST)  VALUE       VALUE  FROM      YEAR
                                                  NORMAL
..................................................................
TEMPERATURE (F)
 YESTERDAY
  MAXIMUM         64    406 PM  78    2012  57      7       42
                                      1963
                                      1899
  MINIMUM         50    637 AM  20    1981  38     12       24
  AVERAGE         57                        47     10       33

PRECIPITATION (IN)
  YESTERDAY        0.00          1.60 1967   0.08  -0.08     0.00
  MONTH TO DATE    3.05                      2.05   1.00     1.40
  SINCE SEP 1      5.19                      5.51  -0.32     3.77
  SINCE JAN 1     35.34                     31.49   3.85    34.46

SNOWFALL (IN)
  YESTERDAY        0.0          MM      MM   0.0    0.0      0.0
  MONTH TO DATE    T                         0.0    0.0       T
  SINCE SEP 1      T                         0.0    0.0       T
  SINCE JUL 1      T                         0.0    0.0       T
  SNOW DEPTH       0

DEGREE DAYS
 HEATING
  YESTERDAY        8                        18    -10       32
  MONTH TO DATE  369                       335     34      344
  SINCE SEP 1    540                       486     54      450
  SINCE JUL 1    569                       513     56      482

 COOLING
  YESTERDAY        0                         0      0        0
  MONTH TO DATE    0                         4     -4        8
  SINCE SEP 1     44                        65    -21      104
  SINCE JAN 1    526                       641   -115      640
..................................................................


WIND (MPH)
  HIGHEST WIND SPEED    22   HIGHEST WIND DIRECTION     S (170)
  HIGHEST GUST SPEED    26   HIGHEST GUST DIRECTION     S (180)
  AVERAGE WIND SPEED     8.5


SKY COVER
  POSSIBLE SUNSHINE  MM
  AVERAGE SKY COVER 0.9


WEATHER CONDITIONS
 THE FOLLOWING WEATHER WAS RECORDED YESTERDAY.
  FOG
  FOG W/VISIBILITY <= 1/4 MILE
  HAZE


RELATIVE HUMIDITY (PERCENT)
 HIGHEST   100           200 AM
 LOWEST     67           300 PM
 AVERAGE    84

..........................................................


THE DUBUQUE IA CLIMATE NORMALS FOR TODAY
                         NORMAL    RECORD    YEAR
 MAXIMUM TEMPERATURE (F)   56        78      1989
 MINIMUM TEMPERATURE (F)   37        15      1887


SUNRISE AND SUNSET
OCTOBER 25 2014.......SUNRISE   728 AM CDT   SUNSET   606 PM CDT
OCTOBER 26 2014.......SUNRISE   729 AM CDT   SUNSET   604 PM CDT


-  INDICATES NEGATIVE NUMBERS.
R  INDICATES RECORD WAS SET OR TIED.
MM INDICATES DATA IS MISSING.
T  INDICATES TRACE AMOUNT.




$$
