000
CDUS43 KDVN 022122
CLIDBQ


CLIMATE REPORT
NATIONAL WEATHER SERVICE QUAD CITIES IA IL
422 PM CDT SUN AUG 2 2015


...................................

...THE DUBUQUE IA CLIMATE SUMMARY FOR AUGUST 2 2015...
VALID TODAY AS OF 0400 PM LOCAL TIME.

CLIMATE NORMAL PERIOD 1981 TO 2010
CLIMATE RECORD PERIOD 1873 TO 2015


WEATHER ITEM   OBSERVED TIME   RECORD YEAR NORMAL DEPARTURE LAST
                VALUE   (LST)  VALUE       VALUE  FROM      YEAR
                                                  NORMAL
..................................................................
TEMPERATURE (F)
 TODAY
  MAXIMUM         88    259 PM  99    1890  81      7       82
  MINIMUM         68    537 AM  50    2009  62      6       56
                                      1927
                                      1875
  AVERAGE         78                        71      7       69

PRECIPITATION (IN)
  TODAY            0.00          1.75 1885   0.14  -0.14     0.00
  MONTH TO DATE    0.00                      0.28  -0.28     0.00
  SINCE JUN 1      9.54                      8.99   0.55    14.65
  SINCE JAN 1     20.31                     21.86  -1.55    27.03

SNOWFALL (IN)
  TODAY            0.0          MM      MM   0.0    0.0      0.0
  MONTH TO DATE    0.0                       0.0    0.0      0.0
  SINCE JUN 1      T                         0.0    0.0      0.0
  SINCE JUL 1      0.0                       0.0    0.0      0.0
  SNOW DEPTH       0

DEGREE DAYS
 HEATING
  TODAY            0                         0      0        0
  MONTH TO DATE    0                         0      0        0
  SINCE JUN 1     36                        48    -12       37
  SINCE JUL 1     13                         8      5       27

 COOLING
  TODAY           13                         7      6        4
  MONTH TO DATE   19                        14      5        8
  SINCE JUN 1    331                       377    -46      264
  SINCE JAN 1    367                       414    -47      318
..................................................................


WIND (MPH)
  HIGHEST WIND SPEED    26   HIGHEST WIND DIRECTION    SW (240)
  HIGHEST GUST SPEED    33   HIGHEST GUST DIRECTION     W (250)
  AVERAGE WIND SPEED    14.9


SKY COVER
  POSSIBLE SUNSHINE  MM
  AVERAGE SKY COVER 0.0


WEATHER CONDITIONS
 THE FOLLOWING WEATHER WAS RECORDED TODAY.
  NO SIGNIFICANT WEATHER WAS OBSERVED.


RELATIVE HUMIDITY (PERCENT)
 HIGHEST    97           200 AM
 LOWEST     59           200 PM
 AVERAGE    78

..........................................................


THE DUBUQUE IA CLIMATE NORMALS FOR TOMORROW
                         NORMAL    RECORD    YEAR
 MAXIMUM TEMPERATURE (F)   81       103      1930
 MINIMUM TEMPERATURE (F)   62        46      1894


SUNRISE AND SUNSET
AUGUST  2 2015........SUNRISE   556 AM CDT   SUNSET   821 PM CDT
AUGUST  3 2015........SUNRISE   557 AM CDT   SUNSET   820 PM CDT


-  INDICATES NEGATIVE NUMBERS.
R  INDICATES RECORD WAS SET OR TIED.
MM INDICATES DATA IS MISSING.
T  INDICATES TRACE AMOUNT.




$$
