000
CDUS43 KDVN 222125
CLIDBQ


CLIMATE REPORT
NATIONAL WEATHER SERVICE QUAD CITIES IA IL
424 PM CDT FRI AUG 22 2014


...................................

...THE DUBUQUE IA CLIMATE SUMMARY FOR AUGUST 22 2014...
VALID TODAY AS OF 0400 PM LOCAL TIME.

CLIMATE NORMAL PERIOD 1981 TO 2010
CLIMATE RECORD PERIOD 1873 TO 2014


WEATHER ITEM   OBSERVED TIME   RECORD YEAR NORMAL DEPARTURE LAST
                VALUE   (LST)  VALUE       VALUE  FROM      YEAR
                                                  NORMAL
..................................................................
TEMPERATURE (F)
 TODAY
  MAXIMUM         87    242 PM 100    1936  79      8       75
  MINIMUM         70    302 AM  41    1875  60     10       62
  AVERAGE         79                        70      9       69

PRECIPITATION (IN)
  TODAY            0.00          2.97 2002   0.14  -0.14     2.25
  MONTH TO DATE    0.20                      3.19  -2.99     2.72
  SINCE JUN 1     14.85                     11.90   2.95     8.85
  SINCE JAN 1     27.23                     24.77   2.46    30.43

SNOWFALL (IN)
  TODAY            0.0          MM      MM   0.0    0.0      0.0
  MONTH TO DATE    0.0                       0.0    0.0      0.0
  SINCE JUN 1      0.0                       0.0    0.0      0.0
  SINCE JUL 1      0.0                       0.0    0.0      0.0
  SNOW DEPTH       0

DEGREE DAYS
 HEATING
  TODAY            0                         1     -1        0
  MONTH TO DATE    2                         7     -5       10
  SINCE JUN 1     39                        55    -16       71
  SINCE JUL 1     29                        15     14       32

 COOLING
  TODAY           14                         5      9        4
  MONTH TO DATE  103                       135    -32       80
  SINCE JUN 1    359                       498   -139      387
  SINCE JAN 1    413                       535   -122      432
..................................................................


WIND (MPH)
  HIGHEST WIND SPEED    10   HIGHEST WIND DIRECTION    SW (240)
  HIGHEST GUST SPEED    13   HIGHEST GUST DIRECTION    SW (240)
  AVERAGE WIND SPEED     3.1


SKY COVER
  POSSIBLE SUNSHINE  MM
  AVERAGE SKY COVER 0.7


WEATHER CONDITIONS
 THE FOLLOWING WEATHER WAS RECORDED TODAY.
  FOG
  HAZE


RELATIVE HUMIDITY (PERCENT)
 HIGHEST   100          1200 AM
 LOWEST     74           300 PM
 AVERAGE    87

..........................................................


THE DUBUQUE IA CLIMATE NORMALS FOR TOMORROW
                         NORMAL    RECORD    YEAR
 MAXIMUM TEMPERATURE (F)   79        97      1948
                                             1947
 MINIMUM TEMPERATURE (F)   60        44      1875


SUNRISE AND SUNSET
AUGUST 22 2014........SUNRISE   617 AM CDT   SUNSET   753 PM CDT
AUGUST 23 2014........SUNRISE   618 AM CDT   SUNSET   752 PM CDT


-  INDICATES NEGATIVE NUMBERS.
R  INDICATES RECORD WAS SET OR TIED.
MM INDICATES DATA IS MISSING.
T  INDICATES TRACE AMOUNT.




$$
