000
CDUS43 KDVN 310902
CLIDBQ


CLIMATE REPORT
NATIONAL WEATHER SERVICE QUAD CITIES IA IL
401 AM CDT THU JUL 31 2014


...................................

...THE DUBUQUE IA CLIMATE SUMMARY FOR JULY 30 2014...

CLIMATE NORMAL PERIOD 1981 TO 2010
CLIMATE RECORD PERIOD 1873 TO 2014


WEATHER ITEM   OBSERVED TIME   RECORD YEAR NORMAL DEPARTURE LAST
                VALUE   (LST)  VALUE       VALUE  FROM      YEAR
                                                  NORMAL
..................................................................
TEMPERATURE (F)
 YESTERDAY
  MAXIMUM         77    409 PM 100    1916  81     -4       69
                                      1913
  MINIMUM         55   1240 AM  44    1971  62     -7       58
  AVERAGE         66                        72     -6       64

PRECIPITATION (IN)
  YESTERDAY        0.00          1.95 1965   0.14  -0.14     0.03
  MONTH TO DATE    2.08                      4.17  -2.09     2.50
  SINCE JUN 1     14.65                      8.57   6.08     6.13
  SINCE JAN 1     27.03                     21.44   5.59    27.71

SNOWFALL (IN)
  YESTERDAY        0.0          MM      MM   0.0    0.0      0.0
  MONTH TO DATE    0.0                       0.0    0.0      0.0
  SINCE JUN 1      0.0                       0.0    0.0      0.0
  SINCE JUL 1      0.0                       0.0    0.0      0.0
  SNOW DEPTH       0

DEGREE DAYS
 HEATING
  YESTERDAY        0                         0      0        1
  MONTH TO DATE   27                         0     27       22
  SINCE JUN 1     37                        40     -3       61
  SINCE JUL 1     27                         0     27       22

 COOLING
  YESTERDAY        1                         7     -6        0
  MONTH TO DATE  100                       211   -111      193
  SINCE JUN 1    254                       350    -96      302
  SINCE JAN 1    308                       387    -79      347
..................................................................


WIND (MPH)
  HIGHEST WIND SPEED    13   HIGHEST WIND DIRECTION    NW (330)
  HIGHEST GUST SPEED    18   HIGHEST GUST DIRECTION     N (340)
  AVERAGE WIND SPEED     3.8


SKY COVER
  POSSIBLE SUNSHINE  MM
  AVERAGE SKY COVER 0.2


WEATHER CONDITIONS
 THE FOLLOWING WEATHER WAS RECORDED YESTERDAY.
  NO SIGNIFICANT WEATHER WAS OBSERVED.


RELATIVE HUMIDITY (PERCENT)
 HIGHEST    97           900 PM
 LOWEST     50           200 PM
 AVERAGE    74

..........................................................


THE DUBUQUE IA CLIMATE NORMALS FOR TODAY
                         NORMAL    RECORD    YEAR
 MAXIMUM TEMPERATURE (F)   81       101      1988
 MINIMUM TEMPERATURE (F)   62        45      1971


SUNRISE AND SUNSET
JULY 31 2014..........SUNRISE   554 AM CDT   SUNSET   823 PM CDT
AUGUST  1 2014........SUNRISE   555 AM CDT   SUNSET   822 PM CDT


-  INDICATES NEGATIVE NUMBERS.
R  INDICATES RECORD WAS SET OR TIED.
MM INDICATES DATA IS MISSING.
T  INDICATES TRACE AMOUNT.




$$
