000
CDUS41 KLWX 272134
CLIDCA


CLIMATE REPORT
NATIONAL WEATHER SERVICE BALTIMORE MD/WASHINGTON DC
434 PM EST FRI FEB 27 2015


...................................

...THE WASHINGTON NATIONAL DC CLIMATE SUMMARY FOR FEBRUARY 27 2015...
VALID TODAY AS OF 0400 PM LOCAL TIME.

CLIMATE NORMAL PERIOD 1981 TO 2010
CLIMATE RECORD PERIOD 1871 TO 2015


WEATHER ITEM   OBSERVED TIME   RECORD YEAR NORMAL DEPARTURE LAST
                VALUE   (LST)  VALUE       VALUE  FROM      YEAR
                                                  NORMAL
..................................................................
TEMPERATURE (F)
 TODAY
  MAXIMUM         35    331 PM  77    1997  50    -15       43
  MINIMUM         31   1010 AM   8    1934  33     -2       21
                                      1900
  AVERAGE         33                        42     -9       32

PRECIPITATION (IN)
  TODAY            T             0.91 1958   0.09  -0.09     0.00
  MONTH TO DATE    1.68                      2.53  -0.85     4.02
  SINCE DEC 1      8.91                      8.39   0.52    12.13
  SINCE JAN 1      5.41                      5.34   0.07     6.60

SNOWFALL (IN)
  TODAY            0.0           3.5  1906   0.2   -0.2
  MONTH TO DATE    9.8                       5.6    4.2
  SINCE JUL 1     13.4                      14.0   -0.6
  SNOW DEPTH       0

DEGREE DAYS
 HEATING
  TODAY           32                        23      9       33
  MONTH TO DATE  923                       704    219      711
  SINCE DEC 1   2476                      2389     87     2415
  SINCE JUL 1   3083                      3084     -1     3123

 COOLING
  TODAY            0                         0      0        0
  MONTH TO DATE    0                         0      0        0
  SINCE DEC 1      0                         0      0        0
  SINCE JAN 1      0                         0      0        0
..................................................................


WIND (MPH)
  HIGHEST WIND SPEED    18   HIGHEST WIND DIRECTION     N (340)
  HIGHEST GUST SPEED    23   HIGHEST GUST DIRECTION    NW (330)
  AVERAGE WIND SPEED     9.3


SKY COVER
  POSSIBLE SUNSHINE  MM
  AVERAGE SKY COVER 0.8


WEATHER CONDITIONS
 THE FOLLOWING WEATHER WAS RECORDED TODAY.
  LIGHT SNOW


RELATIVE HUMIDITY (PERCENT)
 HIGHEST    72           400 AM
 LOWEST     38           200 PM
 AVERAGE    55

..........................................................


THE WASHINGTON NATIONAL DC CLIMATE NORMALS FOR TOMORROW
                         NORMAL    RECORD    YEAR
 MAXIMUM TEMPERATURE (F)   51        82      1948
 MINIMUM TEMPERATURE (F)   33        -1      1934


SUNRISE AND SUNSET
FEBRUARY 27 2015......SUNRISE   644 AM EST   SUNSET   559 PM EST
FEBRUARY 28 2015......SUNRISE   642 AM EST   SUNSET   600 PM EST


-  INDICATES NEGATIVE NUMBERS.
R  INDICATES RECORD WAS SET OR TIED.
MM INDICATES DATA IS MISSING.
T  INDICATES TRACE AMOUNT.




$$
