000
CDUS41 KLWX 020529
CLIDCA


CLIMATE REPORT
NATIONAL WEATHER SERVICE BALTIMORE MD/WASHINGTON DC
128 AM EDT MON MAY 2 2016


...................................

...THE WASHINGTON NATIONAL DC CLIMATE SUMMARY FOR MAY 1 2016...

CLIMATE NORMAL PERIOD 1981 TO 2010
CLIMATE RECORD PERIOD 1871 TO 2016


WEATHER ITEM   OBSERVED TIME   RECORD YEAR NORMAL DEPARTURE LAST
                VALUE   (LST)  VALUE       VALUE  FROM      YEAR
                                                  NORMAL
..................................................................
TEMPERATURE (F)
 YESTERDAY
  MAXIMUM         59    507 PM  96    1942  71    -12       64
  MINIMUM         52    545 AM  34    1876  52      0       54
  AVERAGE         56                        62     -6       59

PRECIPITATION (IN)
  YESTERDAY        0.48          1.42 1976   0.11   0.37     0.11
  MONTH TO DATE    0.48                      0.11   0.37     0.11
  SINCE MAR 1      3.69                      6.65  -2.96     7.56
  SINCE JAN 1     10.16                     12.08  -1.92    12.97

SNOWFALL (IN)
  YESTERDAY        0.0           T    1963   0.0    0.0
  MONTH TO DATE    0.0                       0.0    0.0
  SINCE JUL 1     22.2                      15.4    6.8
  SNOW DEPTH       0

DEGREE DAYS
 HEATING
  YESTERDAY        9                         5      4        6
  MONTH TO DATE    9                         5      4        6
  SINCE MAR 1    629                       843   -214      790
  SINCE JUL 1   3230                      3951   -721     3914

 COOLING
  YESTERDAY        0                         1     -1        0
  MONTH TO DATE    0                         1     -1        0
  SINCE MAR 1     36                        27      9       20
  SINCE JAN 1     36                        27      9       20
..................................................................


WIND (MPH)
  HIGHEST WIND SPEED    14   HIGHEST WIND DIRECTION     S (170)
  HIGHEST GUST SPEED    17   HIGHEST GUST DIRECTION     S (170)
  AVERAGE WIND SPEED     6.9


SKY COVER
  POSSIBLE SUNSHINE  MM
  AVERAGE SKY COVER 1.0


WEATHER CONDITIONS
 THE FOLLOWING WEATHER WAS RECORDED YESTERDAY.
  HEAVY RAIN
  RAIN
  LIGHT RAIN
  FOG


RELATIVE HUMIDITY (PERCENT)
 HIGHEST   100           800 PM
 LOWEST     86           100 PM
 AVERAGE    93

..........................................................


THE WASHINGTON NATIONAL DC CLIMATE NORMALS FOR TODAY
                         NORMAL    RECORD    YEAR
 MAXIMUM TEMPERATURE (F)   72        89      1930
 MINIMUM TEMPERATURE (F)   52        35      1945


SUNRISE AND SUNSET
MAY  2 2016...........SUNRISE   609 AM EDT   SUNSET   802 PM EDT
MAY  3 2016...........SUNRISE   607 AM EDT   SUNSET   803 PM EDT


-  INDICATES NEGATIVE NUMBERS.
R  INDICATES RECORD WAS SET OR TIED.
MM INDICATES DATA IS MISSING.
T  INDICATES TRACE AMOUNT.




$$
