000
CDUS41 KALY 290625
CLIDDH


CLIMATE REPORT
NATIONAL WEATHER SERVICE ALBANY NY
224 AM EDT THU JUN 29 2017


...................................

...THE BENNINGTON VT CLIMATE SUMMARY FOR JUNE 28 2017...

CLIMATE NORMAL PERIOD 1981 TO 2010
CLIMATE RECORD PERIOD 9999 TO 9999


WEATHER ITEM   OBSERVED TIME   NORMAL DEPARTURE LAST
                VALUE   (LST)  VALUE  FROM      YEAR
                                      NORMAL
......................................................
TEMPERATURE (F)
 YESTERDAY
  MAXIMUM         73    452 PM  78     -5       84
  MINIMUM         47   1210 AM  56     -9       60
  AVERAGE         60            67     -7       72

PRECIPITATION (IN)
  YESTERDAY        0.00          0.12  -0.12     0.18
  MONTH TO DATE    5.69          3.89   1.80     1.67
  SINCE JUN 1      5.69          3.89   1.80     1.67
  SINCE JAN 1     21.93         18.96   2.97    14.72

DEGREE DAYS
 HEATING
  YESTERDAY        5             1      4        0
  MONTH TO DATE   94            94      0       69
  SINCE JUN 1     94            94      0       69
  SINCE JUL 1   6493          7233   -740     6105

 COOLING
  YESTERDAY        0             3     -3        7
  MONTH TO DATE   77            52     25       54
  SINCE JUN 1     77            52     25       54
  SINCE JAN 1     92            66     26       96
......................................................


WIND (MPH)
  HIGHEST WIND SPEED    14   HIGHEST WIND DIRECTION     W (290)
  HIGHEST GUST SPEED    23   HIGHEST GUST DIRECTION    SW (240)
  AVERAGE WIND SPEED     4.7


SKY COVER
  AVERAGE SKY COVER 0.5



RELATIVE HUMIDITY (PERCENT)
 HIGHEST    93          1200 AM
 LOWEST     44           200 PM
 AVERAGE    69

..........................................................


THE BENNINGTON VT CLIMATE NORMALS FOR TODAY
                         NORMAL
 MAXIMUM TEMPERATURE (F)   78
 MINIMUM TEMPERATURE (F)   56


SUNRISE AND SUNSET
JUNE 29 2017..........SUNRISE   517 AM EDT   SUNSET   836 PM EDT
JUNE 30 2017..........SUNRISE   518 AM EDT   SUNSET   836 PM EDT


-  INDICATES NEGATIVE NUMBERS.
R  INDICATES RECORD WAS SET OR TIED.
MM INDICATES DATA IS MISSING.
T  INDICATES TRACE AMOUNT.




$$
