000
CDUS41 KALY 232046
CLIDDH


CLIMATE REPORT
NATIONAL WEATHER SERVICE ALBANY NY
446 PM EDT MON OCT 23 2017


...................................

...THE BENNINGTON VT CLIMATE SUMMARY FOR OCTOBER 23 2017...
VALID TODAY AS OF 0400 PM LOCAL TIME.

CLIMATE NORMAL PERIOD 1981 TO 2010
CLIMATE RECORD PERIOD 9999 TO 9999


WEATHER ITEM   OBSERVED TIME   NORMAL DEPARTURE LAST
                VALUE   (LST)  VALUE  FROM      YEAR
                                      NORMAL
......................................................
TEMPERATURE (F)
 TODAY
  MAXIMUM         70   1203 PM  56     14       54
  MINIMUM         44    152 AM  34     10       39
  AVERAGE         57            45     12       47

PRECIPITATION (IN)
  TODAY            0.00          0.11  -0.11     0.03
  MONTH TO DATE    0.74          2.86  -2.12     2.97
  SINCE SEP 1      4.24          6.43  -2.19     6.00
  SINCE JAN 1     36.59         33.97   2.62    27.31

DEGREE DAYS
 HEATING
  TODAY            8            20    -12       18
  MONTH TO DATE  211           374   -163      257
  SINCE SEP 1    347           580   -233      380
  SINCE JUL 1    414           652   -238      402

 COOLING
  TODAY            0             0      0        0
  MONTH TO DATE    8             0      8        4
  SINCE SEP 1     84            23     61       49
  SINCE JAN 1    391           311     80      488
......................................................


WIND (MPH)
  HIGHEST WIND SPEED    17   HIGHEST WIND DIRECTION     S (180)
  HIGHEST GUST SPEED    22   HIGHEST GUST DIRECTION    SE (150)
  AVERAGE WIND SPEED     6.7


SKY COVER
  AVERAGE SKY COVER 0.5



RELATIVE HUMIDITY (PERCENT)
 HIGHEST    72
 LOWEST     47
 AVERAGE    60

..........................................................


THE BENNINGTON VT CLIMATE NORMALS FOR TOMORROW
                         NORMAL
 MAXIMUM TEMPERATURE (F)   56
 MINIMUM TEMPERATURE (F)   34


SUNRISE AND SUNSET
OCTOBER 23 2017.......SUNRISE   716 AM EDT   SUNSET   558 PM EDT
OCTOBER 24 2017.......SUNRISE   718 AM EDT   SUNSET   556 PM EDT


-  INDICATES NEGATIVE NUMBERS.
R  INDICATES RECORD WAS SET OR TIED.
MM INDICATES DATA IS MISSING.
T  INDICATES TRACE AMOUNT.




$$
