000
CDUS43 KILX 282130
CLIDEC


CLIMATE REPORT
NATIONAL WEATHER SERVICE LINCOLN IL
429 PM CDT THU APR 28 2016


...................................

...THE DECATUR IL AIRPORT CLIMATE SUMMARY FOR APRIL 28 2016...
VALID TODAY AS OF 0400 PM LOCAL TIME.

CLIMATE NORMAL PERIOD 1981 TO 2010
CLIMATE RECORD PERIOD 9999 TO 9999


WEATHER ITEM   OBSERVED TIME   RECORD YEAR NORMAL DEPARTURE LAST
                VALUE   (LST)  VALUE       VALUE  FROM      YEAR
                                                  NORMAL
..................................................................
TEMPERATURE (F)
 TODAY
  MAXIMUM         71   1251 PM  MM      MM  69      2       68
  MINIMUM         51    502 AM  MM      MM  46      5       36
  AVERAGE         61                        57      4       52

PRECIPITATION (IN)
  TODAY            0.04         MM      MM   0.19  -0.15     0.00
  MONTH TO DATE    2.50                      3.35  -0.85     1.98
  SINCE MAR 1      5.69                      5.99  -0.30     3.59
  SINCE JAN 1      6.88                      9.71  -2.83     4.84

DEGREE DAYS
 HEATING
  TODAY            4                         8     -4       13
  MONTH TO DATE  336                       364    -28      275
  SINCE MAR 1    838                      1091   -253     1064
  SINCE JUL 1   4330                      5348  -1018     5710

 COOLING
  TODAY            0                         1     -1        0
  MONTH TO DATE    7                         6      1        3
  SINCE MAR 1      7                         7      0        3
  SINCE JAN 1      7                         7      0        3
..................................................................


WIND (MPH)
  HIGHEST WIND SPEED    20   HIGHEST WIND DIRECTION     W (250)
  HIGHEST GUST SPEED    25   HIGHEST GUST DIRECTION     W (260)
  AVERAGE WIND SPEED     9.7


SKY COVER
  POSSIBLE SUNSHINE  MM
  AVERAGE SKY COVER 0.3


WEATHER CONDITIONS
 THE FOLLOWING WEATHER WAS RECORDED TODAY.
  THUNDERSTORM
  RAIN
  LIGHT RAIN
  FOG


RELATIVE HUMIDITY (PERCENT)
 HIGHEST    96           400 AM
 LOWEST     51          1200 PM
 AVERAGE    74

..........................................................


THE DECATUR IL AIRPORT CLIMATE NORMALS FOR TOMORROW
                         NORMAL    RECORD    YEAR
 MAXIMUM TEMPERATURE (F)   69        MM        MM
 MINIMUM TEMPERATURE (F)   46        MM        MM


SUNRISE AND SUNSET
APRIL 28 2016.........SUNRISE   559 AM CDT   SUNSET   747 PM CDT
APRIL 29 2016.........SUNRISE   558 AM CDT   SUNSET   748 PM CDT


-  INDICATES NEGATIVE NUMBERS.
R  INDICATES RECORD WAS SET OR TIED.
MM INDICATES DATA IS MISSING.
T  INDICATES TRACE AMOUNT.




$$
