000
CDUS43 KILX 012142
CLIDEC


CLIMATE REPORT
NATIONAL WEATHER SERVICE LINCOLN IL
432 PM CDT FRI AUG 1 2014


...................................

...THE DECATUR IL AIRPORT CLIMATE SUMMARY FOR AUGUST 1 2014...
VALID TODAY AS OF 0400 PM LOCAL TIME.

CLIMATE NORMAL PERIOD 1981 TO 2010
CLIMATE RECORD PERIOD 9999 TO 9999


WEATHER ITEM   OBSERVED TIME   RECORD YEAR NORMAL DEPARTURE LAST
                VALUE   (LST)  VALUE       VALUE  FROM      YEAR
                                                  NORMAL
..................................................................
TEMPERATURE (F)
 TODAY
  MAXIMUM         82   1105 AM  MM      MM  86     -4       84
  MINIMUM         57    536 AM  MM      MM  64     -7       63
  AVERAGE         70                        75     -5       74

PRECIPITATION (IN)
  TODAY            0.58         MM      MM   0.09   0.49     0.00
  MONTH TO DATE    0.58                      0.09   0.49     0.00
  SINCE JUN 1      9.92                      8.30   1.62     8.04
  SINCE JAN 1     19.58                     22.75  -3.17    26.35

DEGREE DAYS
 HEATING
  TODAY            0                         0      0        0
  MONTH TO DATE    0                         0      0        0
  SINCE JUN 1      3                        18    -15       18
  SINCE JUL 1      2                         1      1        4

 COOLING
  TODAY            5                        10     -5        9
  MONTH TO DATE    5                        10     -5        9
  SINCE JUN 1    464                       572   -108      514
  SINCE JAN 1    609                       659    -50      626
..................................................................


WIND (MPH)
  HIGHEST WIND SPEED    26   HIGHEST WIND DIRECTION    NW (320)
  HIGHEST GUST SPEED    30   HIGHEST GUST DIRECTION    NW (320)
  AVERAGE WIND SPEED     1.2


SKY COVER
  POSSIBLE SUNSHINE  MM
  AVERAGE SKY COVER 0.2


WEATHER CONDITIONS
 THE FOLLOWING WEATHER WAS RECORDED TODAY.
  THUNDERSTORM
  HEAVY RAIN
  LIGHT RAIN
  FOG


RELATIVE HUMIDITY (PERCENT)
 HIGHEST    90          1200 AM
 LOWEST     51          1100 AM
 AVERAGE    71

..........................................................


THE DECATUR IL AIRPORT CLIMATE NORMALS FOR TOMORROW
                         NORMAL    RECORD    YEAR
 MAXIMUM TEMPERATURE (F)   85        MM        MM
 MINIMUM TEMPERATURE (F)   64        MM        MM


SUNRISE AND SUNSET
AUGUST  1 2014........SUNRISE   554 AM CDT   SUNSET   809 PM CDT
AUGUST  2 2014........SUNRISE   555 AM CDT   SUNSET   808 PM CDT


-  INDICATES NEGATIVE NUMBERS.
R  INDICATES RECORD WAS SET OR TIED.
MM INDICATES DATA IS MISSING.
T  INDICATES TRACE AMOUNT.




$$
