000
CDUS43 KILX 252156
CLIDEC


CLIMATE REPORT
NATIONAL WEATHER SERVICE LINCOLN IL
455 PM CDT MON MAY 25 2015


...................................

...THE DECATUR IL AIRPORT CLIMATE SUMMARY FOR MAY 25 2015...
VALID TODAY AS OF 0400 PM LOCAL TIME.

CLIMATE NORMAL PERIOD 1981 TO 2010
CLIMATE RECORD PERIOD 9999 TO 9999


WEATHER ITEM   OBSERVED TIME   RECORD YEAR NORMAL DEPARTURE LAST
                VALUE   (LST)  VALUE       VALUE  FROM      YEAR
                                                  NORMAL
..................................................................
TEMPERATURE (F)
 TODAY
  MAXIMUM         81    259 PM  MM      MM  77      4       79
  MINIMUM         67   1205 AM  MM      MM  54     13       62
  AVERAGE         74                        65      9       71

PRECIPITATION (IN)
  TODAY            0.00         MM      MM   0.12  -0.12     0.00
  MONTH TO DATE    3.99                      3.64   0.35     2.56
  SINCE MAR 1      7.62                     10.08  -2.46     8.50
  SINCE JAN 1      8.87                     13.80  -4.93     9.62

DEGREE DAYS
 HEATING
  TODAY            0                         3     -3        0
  MONTH TO DATE   79                       126    -47      129
  SINCE MAR 1   1169                      1232    -63     1339
  SINCE JUL 1   5815                      5489    326     6151

 COOLING
  TODAY            9                         4      5        6
  MONTH TO DATE  113                        49     64       83
  SINCE MAR 1    116                        63     53       84
  SINCE JAN 1    116                        63     53       84
..................................................................


WIND (MPH)
  HIGHEST WIND SPEED    35   HIGHEST WIND DIRECTION    SW (230)
  HIGHEST GUST SPEED    44   HIGHEST GUST DIRECTION    SW (230)
  AVERAGE WIND SPEED    17.5


SKY COVER
  POSSIBLE SUNSHINE  MM
  AVERAGE SKY COVER 0.5


WEATHER CONDITIONS
 THE FOLLOWING WEATHER WAS RECORDED TODAY.
  NO SIGNIFICANT WEATHER WAS OBSERVED.


RELATIVE HUMIDITY (PERCENT)
 HIGHEST    84           100 AM
 LOWEST     51           200 PM
 AVERAGE    68

..........................................................


THE DECATUR IL AIRPORT CLIMATE NORMALS FOR TOMORROW
                         NORMAL    RECORD    YEAR
 MAXIMUM TEMPERATURE (F)   77        MM        MM
 MINIMUM TEMPERATURE (F)   55        MM        MM


SUNRISE AND SUNSET
MAY 25 2015...........SUNRISE   533 AM CDT   SUNSET   812 PM CDT
MAY 26 2015...........SUNRISE   532 AM CDT   SUNSET   813 PM CDT


-  INDICATES NEGATIVE NUMBERS.
R  INDICATES RECORD WAS SET OR TIED.
MM INDICATES DATA IS MISSING.
T  INDICATES TRACE AMOUNT.




$$
