000
CDUS43 KILX 242239
CLIDEC


CLIMATE REPORT
NATIONAL WEATHER SERVICE LINCOLN IL
429 PM CST WED DEC 24 2014


...................................

...THE DECATUR IL AIRPORT CLIMATE SUMMARY FOR DECEMBER 24 2014...
VALID TODAY AS OF 0400 PM LOCAL TIME.

CLIMATE NORMAL PERIOD 1981 TO 2010
CLIMATE RECORD PERIOD 9999 TO 9999


WEATHER ITEM   OBSERVED TIME   RECORD YEAR NORMAL DEPARTURE LAST
                VALUE   (LST)  VALUE       VALUE  FROM      YEAR
                                                  NORMAL
..................................................................
TEMPERATURE (F)
 TODAY
  MAXIMUM         44   1201 AM  MM      MM  37      7       21
  MINIMUM         36   1040 AM  MM      MM  21     15        4
  AVERAGE         40                        29     11       13

PRECIPITATION (IN)
  TODAY            0.21         MM      MM   0.09   0.12     0.00
  MONTH TO DATE    1.82                      1.91  -0.09     1.54
  SINCE DEC 1      1.82                      1.91  -0.09     1.54
  SINCE JAN 1     36.70                     37.82  -1.12    33.56

DEGREE DAYS
 HEATING
  TODAY           25                        36    -11       52
  MONTH TO DATE  721                       801    -80      875
  SINCE DEC 1    721                       801    -80      875
  SINCE JUL 1   1994                      1882    112     2023

 COOLING
  TODAY            0                         0      0        0
  MONTH TO DATE    0                         0      0        0
  SINCE DEC 1      0                         0      0        0
  SINCE JAN 1   1011                      1048    -37     1079
..................................................................


WIND (MPH)
  HIGHEST WIND SPEED    18   HIGHEST WIND DIRECTION    NW (300)
  HIGHEST GUST SPEED    26   HIGHEST GUST DIRECTION     W (280)
  AVERAGE WIND SPEED     8.8


SKY COVER
  POSSIBLE SUNSHINE  MM
  AVERAGE SKY COVER 1.0


WEATHER CONDITIONS
 THE FOLLOWING WEATHER WAS RECORDED TODAY.
  LIGHT RAIN
  FOG


RELATIVE HUMIDITY (PERCENT)
 HIGHEST    92           800 AM
 LOWEST     83          1200 AM
 AVERAGE    88

..........................................................


THE DECATUR IL AIRPORT CLIMATE NORMALS FOR TOMORROW
                         NORMAL    RECORD    YEAR
 MAXIMUM TEMPERATURE (F)   37        MM        MM
 MINIMUM TEMPERATURE (F)   21        MM        MM


SUNRISE AND SUNSET
DECEMBER 24 2014......SUNRISE   715 AM CST   SUNSET   436 PM CST
DECEMBER 25 2014......SUNRISE   715 AM CST   SUNSET   436 PM CST


-  INDICATES NEGATIVE NUMBERS.
R  INDICATES RECORD WAS SET OR TIED.
MM INDICATES DATA IS MISSING.
T  INDICATES TRACE AMOUNT.




$$
