000
CDUS43 KILX 010634
CLIDEC


CLIMATE REPORT
NATIONAL WEATHER SERVICE LINCOLN IL
133 AM CDT WED JUL 1 2015


...................................

...THE DECATUR IL AIRPORT CLIMATE SUMMARY FOR JUNE 30 2015...

CLIMATE NORMAL PERIOD 1981 TO 2010
CLIMATE RECORD PERIOD 9999 TO 9999


WEATHER ITEM   OBSERVED TIME   RECORD YEAR NORMAL DEPARTURE LAST
                VALUE   (LST)  VALUE       VALUE  FROM      YEAR
                                                  NORMAL
..................................................................
TEMPERATURE (F)
 YESTERDAY
  MAXIMUM         84    235 PM  MM      MM  86     -2       89
  MINIMUM         65   1159 PM  MM      MM  65      0       68
  AVERAGE         75                        76     -1       79

PRECIPITATION (IN)
  YESTERDAY        0.07         MM      MM   0.09  -0.02     0.09
  MONTH TO DATE    5.26                      4.35   0.91     6.90
  SINCE JUN 1      5.26                      4.35   0.91     6.90
  SINCE JAN 1     15.96                     18.80  -2.84    16.56

DEGREE DAYS
 HEATING
  YESTERDAY        0                         0      0        0
  MONTH TO DATE    7                        14     -7        1
  SINCE JUN 1      7                        17    -10        1
  SINCE JUL 1   5834                      5521    313     6152

 COOLING
  YESTERDAY       10                        11     -1       14
  MONTH TO DATE  258                       229     29      276
  SINCE JUN 1    258                       229     29      276
  SINCE JAN 1    402                       316     86      421
..................................................................


WIND (MPH)
  HIGHEST WIND SPEED    14   HIGHEST WIND DIRECTION    NW (320)
  HIGHEST GUST SPEED    19   HIGHEST GUST DIRECTION     W (260)
  AVERAGE WIND SPEED     6.5


SKY COVER
  POSSIBLE SUNSHINE  MM
  AVERAGE SKY COVER 0.3


WEATHER CONDITIONS
 THE FOLLOWING WEATHER WAS RECORDED YESTERDAY.
  THUNDERSTORM
  LIGHT RAIN
  FOG


RELATIVE HUMIDITY (PERCENT)
 HIGHEST    93           500 AM
 LOWEST     58          1100 AM
 AVERAGE    76

..........................................................


THE DECATUR IL AIRPORT CLIMATE NORMALS FOR TODAY
                         NORMAL    RECORD    YEAR
 MAXIMUM TEMPERATURE (F)   86        MM        MM
 MINIMUM TEMPERATURE (F)   65        MM        MM


SUNRISE AND SUNSET
JULY  1 2015..........SUNRISE   531 AM CDT   SUNSET   828 PM CDT
JULY  2 2015..........SUNRISE   531 AM CDT   SUNSET   827 PM CDT


-  INDICATES NEGATIVE NUMBERS.
R  INDICATES RECORD WAS SET OR TIED.
MM INDICATES DATA IS MISSING.
T  INDICATES TRACE AMOUNT.




$$
