000
CDUS43 KILX 010640
CLIDEC


CLIMATE REPORT
NATIONAL WEATHER SERVICE LINCOLN IL
1240 AM CST SUN FEB 1 2015


...................................

...THE DECATUR IL AIRPORT CLIMATE SUMMARY FOR JANUARY 31 2015...

CLIMATE NORMAL PERIOD 1981 TO 2010
CLIMATE RECORD PERIOD 9999 TO 9999


WEATHER ITEM   OBSERVED TIME   RECORD YEAR NORMAL DEPARTURE LAST
                VALUE   (LST)  VALUE       VALUE  FROM      YEAR
                                                  NORMAL
..................................................................
TEMPERATURE (F)
 YESTERDAY
  MAXIMUM         38    211 PM  MM      MM  36      2       33
  MINIMUM         23    252 AM  MM      MM  20      3       22
  AVERAGE         31                        28      3       28

PRECIPITATION (IN)
  YESTERDAY        0.07         MM      MM   0.05   0.02    MM
  MONTH TO DATE    0.94                      1.74  -0.80     0.71
  SINCE DEC 1      2.95                      4.28  -1.33     2.25
  SINCE JAN 1      0.94                      1.74  -0.80     0.71

DEGREE DAYS
 HEATING
  YESTERDAY       34                        37     -3       37
  MONTH TO DATE 1175                      1171      4     1286
  SINCE DEC 1   2127                      2226    -99     2413
  SINCE JUL 1   3400                      3307     93     3561

 COOLING
  YESTERDAY        0                         0      0        0
  MONTH TO DATE    0                         0      0        0
  SINCE DEC 1      0                         0      0        0
  SINCE JAN 1      0                         0      0        0
..................................................................


WIND (MPH)
  HIGHEST WIND SPEED    14   HIGHEST WIND DIRECTION    SW (220)
  HIGHEST GUST SPEED    17   HIGHEST GUST DIRECTION    SW (210)
  AVERAGE WIND SPEED     8.4


SKY COVER
  POSSIBLE SUNSHINE  MM
  AVERAGE SKY COVER 0.7


WEATHER CONDITIONS
 THE FOLLOWING WEATHER WAS RECORDED YESTERDAY.
  FOG


RELATIVE HUMIDITY (PERCENT)
 HIGHEST   100           700 PM
 LOWEST     64          1100 AM
 AVERAGE    82

..........................................................


THE DECATUR IL AIRPORT CLIMATE NORMALS FOR TODAY
                         NORMAL    RECORD    YEAR
 MAXIMUM TEMPERATURE (F)   36        MM        MM
 MINIMUM TEMPERATURE (F)   20        MM        MM


SUNRISE AND SUNSET
FEBRUARY  1 2015......SUNRISE   704 AM CST   SUNSET   515 PM CST
FEBRUARY  2 2015......SUNRISE   703 AM CST   SUNSET   516 PM CST


-  INDICATES NEGATIVE NUMBERS.
R  INDICATES RECORD WAS SET OR TIED.
MM INDICATES DATA IS MISSING.
T  INDICATES TRACE AMOUNT.




$$
