000
CDUS43 KILX 290632
CLIDEC


CLIMATE REPORT
NATIONAL WEATHER SERVICE LINCOLN IL
131 AM CDT SUN MAR 29 2015


...................................

...THE DECATUR IL AIRPORT CLIMATE SUMMARY FOR MARCH 28 2015...

CLIMATE NORMAL PERIOD 1981 TO 2010
CLIMATE RECORD PERIOD 9999 TO 9999


WEATHER ITEM   OBSERVED TIME   RECORD YEAR NORMAL DEPARTURE LAST
                VALUE   (LST)  VALUE       VALUE  FROM      YEAR
                                                  NORMAL
..................................................................
TEMPERATURE (F)
 YESTERDAY
  MAXIMUM         41    500 PM  MM      MM  57    -16       56
  MINIMUM         19    551 AM  MM      MM  36    -17       41
  AVERAGE         30                        46    -16       49

PRECIPITATION (IN)
  YESTERDAY        0.00         MM      MM   0.09  -0.09     0.00
  MONTH TO DATE    1.59                      2.35  -0.76     1.49
  SINCE MAR 1      1.59                      2.35  -0.76     1.49
  SINCE JAN 1      2.84                      6.07  -3.23     2.61

DEGREE DAYS
 HEATING
  YESTERDAY       35                        19     16       16
  MONTH TO DATE  745                       671     74      826
  SINCE MAR 1    745                       671     74      826
  SINCE JUL 1   5391                      4928    463     5638

 COOLING
  YESTERDAY        0                         0      0        0
  MONTH TO DATE    0                         0      0        0
  SINCE MAR 1      0                         0      0        0
  SINCE JAN 1      0                         0      0        0
..................................................................


WIND (MPH)
  HIGHEST WIND SPEED    10   HIGHEST WIND DIRECTION     E (80)
  HIGHEST GUST SPEED    13   HIGHEST GUST DIRECTION     E (70)
  AVERAGE WIND SPEED     5.0


SKY COVER
  POSSIBLE SUNSHINE  MM
  AVERAGE SKY COVER 0.0


WEATHER CONDITIONS
 THE FOLLOWING WEATHER WAS RECORDED YESTERDAY.
  NO SIGNIFICANT WEATHER WAS OBSERVED.


RELATIVE HUMIDITY (PERCENT)
 HIGHEST    84           100 AM
 LOWEST     34           300 PM
 AVERAGE    59

..........................................................


THE DECATUR IL AIRPORT CLIMATE NORMALS FOR TODAY
                         NORMAL    RECORD    YEAR
 MAXIMUM TEMPERATURE (F)   57        MM        MM
 MINIMUM TEMPERATURE (F)   36        MM        MM


SUNRISE AND SUNSET
MARCH 29 2015.........SUNRISE   645 AM CDT   SUNSET   716 PM CDT
MARCH 30 2015.........SUNRISE   643 AM CDT   SUNSET   717 PM CDT


-  INDICATES NEGATIVE NUMBERS.
R  INDICATES RECORD WAS SET OR TIED.
MM INDICATES DATA IS MISSING.
T  INDICATES TRACE AMOUNT.




$$
