000
CDUS45 KBOU 270800
CLIDEN


CLIMATE REPORT
NATIONAL WEATHER SERVICE DENVER/BOULDER CO
158 AM MDT WED JUL 27 2016


...................................

...THE DENVER CO CLIMATE SUMMARY FOR JULY 26 2016...

CLIMATE NORMAL PERIOD 1981 TO 2010
CLIMATE RECORD PERIOD 1872 TO 2016


WEATHER ITEM   OBSERVED TIME   RECORD YEAR NORMAL DEPARTURE LAST
                VALUE   (LST)  VALUE       VALUE  FROM      YEAR
                                                  NORMAL
..................................................................
TEMPERATURE (F)
 YESTERDAY
  MAXIMUM         93    225 PM 100    1910  90      3       94
  MINIMUM         63   1131 PM  51    1971  60      3       66
                                      1873
  AVERAGE         78                        75      3       80

PRECIPITATION (IN)
  YESTERDAY        0.00          0.76 1874   0.08  -0.08     0.00
  MONTH TO DATE    1.06                      1.77  -0.71     1.06
  SINCE JUN 1      2.68                      3.75  -1.07     3.59
  SINCE JAN 1      9.78                      9.28   0.50    12.42

SNOWFALL (IN)
  YESTERDAY        0.0
  MONTH TO DATE      0
  SINCE JUN 1        0
  SINCE JUL 1        0
  SNOW DEPTH       0


DEGREE DAYS
 HEATING
  YESTERDAY        0                         0      0        0
  MONTH TO DATE    0                         1     -1        5
  SINCE JUN 1      4                        63    -59       16
  SINCE JUL 1      0                         1     -1        5

 COOLING
  YESTERDAY       13                        10      3       15
  MONTH TO DATE  298                       239     59      206
  SINCE JUN 1    483                       372    111      360
  SINCE JAN 1    486                       394     92      364
..................................................................


WIND (MPH)
  HIGHEST WIND SPEED    18   HIGHEST WIND DIRECTION    SW (210)
  HIGHEST GUST SPEED    23   HIGHEST GUST DIRECTION     S (200)
  AVERAGE WIND SPEED     8.0


SKY COVER **
  POSSIBLE SUNSHINE  MM
  AVERAGE SKY COVER 0.6


WEATHER CONDITIONS
 THE FOLLOWING WEATHER WAS RECORDED YESTERDAY.
  NO SIGNIFICANT WEATHER WAS OBSERVED.


RELATIVE HUMIDITY (PERCENT)
 HIGHEST    60           500 AM
 LOWEST     14           300 PM
 AVERAGE    37

..........................................................


THE DENVER CO CLIMATE NORMALS FOR TODAY
                         NORMAL    RECORD    YEAR
 MAXIMUM TEMPERATURE (F)   90        98      1964
 MINIMUM TEMPERATURE (F)   60        51      1958


SUNRISE AND SUNSET
JULY 27 2016..........SUNRISE   553 AM MDT   SUNSET   817 PM MDT
JULY 28 2016..........SUNRISE   554 AM MDT   SUNSET   816 PM MDT


-  INDICATES NEGATIVE NUMBERS.
R  INDICATES RECORD WAS SET OR TIED.
MM INDICATES DATA IS MISSING.
T  INDICATES TRACE AMOUNT.

&&

** SUNSHINE DATA WILL NO LONGER BE AVAILABLE EFFECTIVE OCTOBER 1ST 2009.




$$
