000
CDUS45 KBOU 211244
CLIDEN


CLIMATE REPORT
NATIONAL WEATHER SERVICE DENVER/BOULDER CO
638 AM MDT FRI JUL 21 2017


...................................

...THE DENVER CO CLIMATE SUMMARY FOR JULY 21 2017...
VALID AS OF 0600 AM LOCAL TIME.

CLIMATE NORMAL PERIOD 1981 TO 2010
CLIMATE RECORD PERIOD 1872 TO 2017


WEATHER ITEM   OBSERVED TIME   RECORD YEAR NORMAL DEPARTURE LAST
                VALUE   (LST)  VALUE       VALUE  FROM      YEAR
                                                  NORMAL
..................................................................
TEMPERATURE (F)
 TODAY
  MAXIMUM         73    118 AM 104    2005  90    -17       96
  MINIMUM         62    456 AM  51    1988  60      2       63
                                      1961
  AVERAGE         68                        75     -7       80

PRECIPITATION (IN)
  TODAY            0.00          1.36 1874   0.07  -0.07     0.00
  MONTH TO DATE    0.12                      1.36  -1.24     1.06
  SINCE JUN 1      0.45                      3.34  -2.89     2.68
  SINCE JAN 1      6.76                      8.87  -2.11     9.78

..................................................................


WIND (MPH)
  HIGHEST WIND SPEED    16   HIGHEST WIND DIRECTION    SW (220)
  HIGHEST GUST SPEED    19   HIGHEST GUST DIRECTION    SW (220)
  AVERAGE WIND SPEED     7.3




RELATIVE HUMIDITY (PERCENT)
 HIGHEST    65           500 AM
 LOWEST     46          1200 AM
 AVERAGE    56

..........................................................


THE DENVER CO CLIMATE NORMALS FOR TOMORROW
                         NORMAL    RECORD    YEAR
 MAXIMUM TEMPERATURE (F)   90       102      2005
 MINIMUM TEMPERATURE (F)   60        49      1990
                                             1961


SUNRISE AND SUNSET
JULY 21 2017..........SUNRISE   548 AM MDT   SUNSET   822 PM MDT
JULY 22 2017..........SUNRISE   549 AM MDT   SUNSET   821 PM MDT


-  INDICATES NEGATIVE NUMBERS.
R  INDICATES RECORD WAS SET OR TIED.
MM INDICATES DATA IS MISSING.
T  INDICATES TRACE AMOUNT.




$$
