000
CDUS45 KBOU 032324
CLIDEN


CLIMATE REPORT
NATIONAL WEATHER SERVICE DENVER/BOULDER CO
423 PM MST SAT DEC 3 2016


...................................

...THE DENVER CO CLIMATE SUMMARY FOR DECEMBER 3 2016...
VALID TODAY AS OF 0400 PM LOCAL TIME.

CLIMATE NORMAL PERIOD 1981 TO 2010
CLIMATE RECORD PERIOD 1872 TO 2016


WEATHER ITEM   OBSERVED TIME   RECORD YEAR NORMAL DEPARTURE LAST
                VALUE   (LST)  VALUE       VALUE  FROM      YEAR
                                                  NORMAL
..................................................................
TEMPERATURE (F)
 TODAY
  MAXIMUM         42    147 PM  69    2010  45     -3       47
                                      1885
  MINIMUM         13    631 AM  -3    1873  18     -5       27
  AVERAGE         28                        31     -3       37

PRECIPITATION (IN)
  TODAY            0.00          0.47 1973   0.01  -0.01     0.00
  MONTH TO DATE    0.01                      0.03  -0.02     0.00
  SINCE DEC 1      0.01                      0.03  -0.02     0.00
  SINCE JAN 1     11.08                     13.98  -2.90    17.60

DEGREE DAYS
 HEATING
  TODAY           37                        34      3       28
  MONTH TO DATE  115                       100     15       96
  SINCE DEC 1    115                       100     15       96
  SINCE JUL 1   1011                      1482   -471     1186

 COOLING
  TODAY            0                         0      0        0
  MONTH TO DATE    0                         0      0        0
  SINCE DEC 1      0                         0      0        0
  SINCE JAN 1    878                       769    109      877
..................................................................


WIND (MPH)
  HIGHEST WIND SPEED    10   HIGHEST WIND DIRECTION    SW (220)
  HIGHEST GUST SPEED    11   HIGHEST GUST DIRECTION     N (20)
  AVERAGE WIND SPEED     4.9


SKY COVER **
  POSSIBLE SUNSHINE  MM
  AVERAGE SKY COVER 0.4


WEATHER CONDITIONS
 THE FOLLOWING WEATHER WAS RECORDED TODAY.
  FOG
  HAZE


RELATIVE HUMIDITY (PERCENT)
 HIGHEST    92           700 AM
 LOWEST     30           200 PM
 AVERAGE    61

..........................................................


THE DENVER CO CLIMATE NORMALS FOR TOMORROW
                         NORMAL    RECORD    YEAR
 MAXIMUM TEMPERATURE (F)   44        72      2007
 MINIMUM TEMPERATURE (F)   18       -13      2013


SUNRISE AND SUNSET
DECEMBER  3 2016......SUNRISE   704 AM MST   SUNSET   433 PM MST
DECEMBER  4 2016......SUNRISE   705 AM MST   SUNSET   433 PM MST


-  INDICATES NEGATIVE NUMBERS.
R  INDICATES RECORD WAS SET OR TIED.
MM INDICATES DATA IS MISSING.
T  INDICATES TRACE AMOUNT.




$$
