000
CDUS45 KBOU 282340
CLIDEN


CLIMATE REPORT
NATIONAL WEATHER SERVICE DENVER CO
540 PM MDT TUE JUL 28 2015


...................................

...THE DENVER CO CLIMATE SUMMARY FOR JULY 28 2015...
VALID TODAY AS OF 0500 PM LOCAL TIME.

CLIMATE NORMAL PERIOD 1981 TO 2010
CLIMATE RECORD PERIOD 1872 TO 2015


WEATHER ITEM   OBSERVED TIME   RECORD YEAR NORMAL DEPARTURE LAST
                VALUE   (LST)  VALUE       VALUE  FROM      YEAR
                                                  NORMAL
..................................................................
TEMPERATURE (F)
 TODAY
  MAXIMUM         86    349 PM  98    1876  90     -4       86
  MINIMUM         52    516 AM  49    1892  60     -8       60
  AVERAGE         69                        75     -6       73

PRECIPITATION (IN)
  TODAY            0.00          1.56 1999   0.07  -0.07     0.00
  MONTH TO DATE    1.06                      1.92  -0.86     0.92
  SINCE JUN 1      3.59                      3.90  -0.31     2.74
  SINCE JAN 1     12.42                      9.43   2.99     9.45

DEGREE DAYS
 HEATING
  TODAY            0                         0      0        0
  MONTH TO DATE    5                         1      4        0
  SINCE JUN 1     16                        63    -47       30
  SINCE JUL 1      5                         1      4        0

 COOLING
  TODAY            4                        10     -6        8
  MONTH TO DATE  225                       259    -34      295
  SINCE JUN 1    379                       392    -13      401
  SINCE JAN 1    383                       414    -31      422
..................................................................


WIND (MPH)
  HIGHEST WIND SPEED    24   HIGHEST WIND DIRECTION    SE (120)
  HIGHEST GUST SPEED    31   HIGHEST GUST DIRECTION     E (110)
  AVERAGE WIND SPEED    14.1


SKY COVER **
  POSSIBLE SUNSHINE  MM
  AVERAGE SKY COVER 0.1


WEATHER CONDITIONS
 THE FOLLOWING WEATHER WAS RECORDED TODAY.
  NO SIGNIFICANT WEATHER WAS OBSERVED.


RELATIVE HUMIDITY (PERCENT)
 HIGHEST    59           500 AM
 LOWEST     20           200 PM
 AVERAGE    40

..........................................................


THE DENVER CO CLIMATE NORMALS FOR TOMORROW
                         NORMAL    RECORD    YEAR
 MAXIMUM TEMPERATURE (F)   90        99      2005
                                             1995
 MINIMUM TEMPERATURE (F)   60        47      1971


SUNRISE AND SUNSET
JULY 28 2015..........SUNRISE   554 AM MST   SUNSET   817 PM MST
JULY 29 2015..........SUNRISE   555 AM MST   SUNSET   816 PM MST


-  INDICATES NEGATIVE NUMBERS.
R  INDICATES RECORD WAS SET OR TIED.
MM INDICATES DATA IS MISSING.
T  INDICATES TRACE AMOUNT.




$$
