000
CDUS45 KBOU 191429
CLIDEN


CLIMATE REPORT
NATIONAL WEATHER SERVICE DENVER CO
729 AM MST FRI DEC 19 2014


...................................

...THE DENVER CO CLIMATE SUMMARY FOR DECEMBER 19 2014...
VALID AS OF 0700 AM LOCAL TIME.

CLIMATE NORMAL PERIOD 1981 TO 2010
CLIMATE RECORD PERIOD 1872 TO 2014


WEATHER ITEM   OBSERVED TIME   RECORD YEAR NORMAL DEPARTURE LAST
                VALUE   (LST)  VALUE       VALUE  FROM      YEAR
                                                  NORMAL
..................................................................
TEMPERATURE (F)
 TODAY
  MAXIMUM         28   1210 AM  67    1917  42    -14       44
  MINIMUM         22    644 AM -10    1989  17      5       14
  AVERAGE         25                        29     -4       29

PRECIPITATION (IN)
  TODAY            0.00          0.75 1913   0.01  -0.01      T
  MONTH TO DATE    0.08                      0.22  -0.14     0.14
  SINCE DEC 1      0.08                      0.22  -0.14     0.14
  SINCE JAN 1     18.26                     14.17   4.09    17.49

..................................................................


WIND (MPH)
  HIGHEST WIND SPEED    10   HIGHEST WIND DIRECTION    SW (240)
  HIGHEST GUST SPEED    12   HIGHEST GUST DIRECTION    SW (240)
  AVERAGE WIND SPEED     6.8




RELATIVE HUMIDITY (PERCENT)
 HIGHEST    96           500 AM
 LOWEST     81           700 AM
 AVERAGE    89

..........................................................


THE DENVER CO CLIMATE NORMALS FOR TOMORROW
                         NORMAL    RECORD    YEAR
 MAXIMUM TEMPERATURE (F)   42        69      1894
 MINIMUM TEMPERATURE (F)   17       -16      1990
                                             1983


SUNRISE AND SUNSET
DECEMBER 19 2014......SUNRISE   715 AM MST   SUNSET   436 PM MST
DECEMBER 20 2014......SUNRISE   716 AM MST   SUNSET   437 PM MST


-  INDICATES NEGATIVE NUMBERS.
R  INDICATES RECORD WAS SET OR TIED.
MM INDICATES DATA IS MISSING.
T  INDICATES TRACE AMOUNT.




$$
