000
CDUS45 KBOU 092337
CLIDEN


CLIMATE REPORT
NATIONAL WEATHER SERVICE DENVER/BOULDER CO
437 PM MST TUE FEB 9 2016


...................................

...THE DENVER CO CLIMATE SUMMARY FOR FEBRUARY 9 2016...
VALID TODAY AS OF 0400 PM LOCAL TIME.

CLIMATE NORMAL PERIOD 1981 TO 2010
CLIMATE RECORD PERIOD 1872 TO 2016


WEATHER ITEM   OBSERVED TIME   RECORD YEAR NORMAL DEPARTURE LAST
                VALUE   (LST)  VALUE       VALUE  FROM      YEAR
                                                  NORMAL
..................................................................
TEMPERATURE (F)
 TODAY
  MAXIMUM         55    226 PM  73    1954  45     10       70
  MINIMUM         23    115 AM -15    2001  18      5       31
  AVERAGE         39                        31      8       51

PRECIPITATION (IN)
  TODAY            0.00          0.61 1898   0.01  -0.01     0.00
  MONTH TO DATE    0.48                      0.11   0.37     0.17
  SINCE DEC 1      1.69                      0.87   0.82     1.14
  SINCE JAN 1      0.98                      0.52   0.46     0.55

DEGREE DAYS
 HEATING
  TODAY           26                        34     -8       14
  MONTH TO DATE  354                       306     48      188
  SINCE DEC 1   2472                      2455     17     2183
  SINCE JUL 1   3562                      3837   -275     3437

 COOLING
  TODAY            0                         0      0        0
  MONTH TO DATE    0                         0      0        0
  SINCE DEC 1      0                         0      0        0
  SINCE JAN 1      0                         0      0        0
..................................................................


WIND (MPH)
  HIGHEST WIND SPEED    17   HIGHEST WIND DIRECTION     S (180)
  HIGHEST GUST SPEED    18   HIGHEST GUST DIRECTION     S (170)
  AVERAGE WIND SPEED     7.4


SKY COVER **
  POSSIBLE SUNSHINE  MM
  AVERAGE SKY COVER 0.1


WEATHER CONDITIONS
 THE FOLLOWING WEATHER WAS RECORDED TODAY.
  NO SIGNIFICANT WEATHER WAS OBSERVED.


RELATIVE HUMIDITY (PERCENT)
 HIGHEST    75          1200 AM
 LOWEST     22           200 PM
 AVERAGE    49

..........................................................


THE DENVER CO CLIMATE NORMALS FOR TOMORROW
                         NORMAL    RECORD    YEAR
 MAXIMUM TEMPERATURE (F)   45        71      1951
 MINIMUM TEMPERATURE (F)   18       -14      1933


SUNRISE AND SUNSET
FEBRUARY  9 2016......SUNRISE   659 AM MST   SUNSET   527 PM MST
FEBRUARY 10 2016......SUNRISE   658 AM MST   SUNSET   528 PM MST


-  INDICATES NEGATIVE NUMBERS.
R  INDICATES RECORD WAS SET OR TIED.
MM INDICATES DATA IS MISSING.
T  INDICATES TRACE AMOUNT.




$$
