000
CDUS45 KBOU 010731
CLIDEN


CLIMATE REPORT
NATIONAL WEATHER SERVICE DENVER/BOULDER CO
126 AM MDT SUN MAY 1 2016


...................................

...THE DENVER CO CLIMATE SUMMARY FOR APRIL 30 2016...

CLIMATE NORMAL PERIOD 1981 TO 2010
CLIMATE RECORD PERIOD 1872 TO 2016


WEATHER ITEM   OBSERVED TIME   RECORD YEAR NORMAL DEPARTURE LAST
                VALUE   (LST)  VALUE       VALUE  FROM      YEAR
                                                  NORMAL
..................................................................
TEMPERATURE (F)
 YESTERDAY
  MAXIMUM         35    315 PM  90    1992  66    -31       79
  MINIMUM         31    623 AM  19    1909  37     -6       50
  AVERAGE         33                        51    -18       65

PRECIPITATION (IN)
  YESTERDAY        0.15          2.03 1999   0.07   0.08     0.01
  MONTH TO DATE    2.56                      1.71   0.85     2.65
  SINCE MAR 1      3.74                      2.63   1.11     3.44
  SINCE JAN 1      4.72                      3.41   1.31     5.07

SNOWFALL (IN)
  YESTERDAY       1.5
  MONTH TO DATE   15.6
  SINCE MAR 1       34
  SINCE JUL 1     72.8
  SNOW DEPTH       2


DEGREE DAYS
 HEATING
  YESTERDAY       32                        14     18        0
  MONTH TO DATE  526                       529     -3      481
  SINCE MAR 1   1242                      1292    -50     1092
  SINCE JUL 1   5230                      5731   -501     5205

 COOLING
  YESTERDAY        0                         0      0        0
  MONTH TO DATE    0                         1     -1        0
  SINCE MAR 1      0                         1     -1        0
  SINCE JAN 1      0                         1     -1        0
..................................................................


WIND (MPH)
  HIGHEST WIND SPEED    25   HIGHEST WIND DIRECTION     N (340)
  HIGHEST GUST SPEED    31   HIGHEST GUST DIRECTION     N (340)
  AVERAGE WIND SPEED    15.8


SKY COVER **
  POSSIBLE SUNSHINE  MM
  AVERAGE SKY COVER 1.0


WEATHER CONDITIONS
 THE FOLLOWING WEATHER WAS RECORDED YESTERDAY.
  SNOW
  LIGHT SNOW
  FOG
  FOG W/VISIBILITY <= 1/4 MILE


RELATIVE HUMIDITY (PERCENT)
 HIGHEST    92          1200 AM
 LOWEST     82           900 AM
 AVERAGE    87

..........................................................


THE DENVER CO CLIMATE NORMALS FOR TODAY
                         NORMAL    RECORD    YEAR
 MAXIMUM TEMPERATURE (F)   66        87      1992
 MINIMUM TEMPERATURE (F)   38        23      1909


SUNRISE AND SUNSET
MAY  1 2016...........SUNRISE   558 AM MDT   SUNSET   754 PM MDT
MAY  2 2016...........SUNRISE   556 AM MDT   SUNSET   755 PM MDT


-  INDICATES NEGATIVE NUMBERS.
R  INDICATES RECORD WAS SET OR TIED.
MM INDICATES DATA IS MISSING.
T  INDICATES TRACE AMOUNT.

&&

** SUNSHINE DATA WILL NO LONGER BE AVAILABLE EFFECTIVE OCTOBER 1ST 2009.




$$
