000
CDUS44 KSHV 260831
CLIDEQ


CLIMATE REPORT
NATIONAL WEATHER SERVICE SHREVEPORT, LA
231 AM CST WED NOV 26 2014


...................................

...THE DE QUEEN CLIMATE SUMMARY FOR NOVEMBER 25 2014...

CLIMATE NORMAL PERIOD 1981 TO 2010
CLIMATE RECORD PERIOD 1902 TO 2014


WEATHER ITEM   OBSERVED TIME   RECORD YEAR NORMAL DEPARTURE LAST
                VALUE   (LST)  VALUE       VALUE  FROM      YEAR
                                                  NORMAL
..................................................................
TEMPERATURE (F)
 YESTERDAY
  MAXIMUM         59    339 PM  80    1965  61     -2       36
  MINIMUM         26    725 AM  15    1938  35     -9       31
  AVERAGE         43                        48     -5       34

PRECIPITATION (IN)
  YESTERDAY        0.00          5.70 1952   0.15  -0.15     0.09
  MONTH TO DATE    2.15                      4.18  -2.03     3.88
  SINCE DEC 1     42.67                     48.26  -5.59    36.84
  SINCE JAN 1     40.74                     43.90  -3.16    32.79

SNOWFALL (IN)
  YESTERDAY        0.0
  MONTH TO DATE    0.5
  SINCE SEP 1      0.5
  SINCE JUL 1      0.5
  SNOW DEPTH       0

DEGREE DAYS
 HEATING
  YESTERDAY       22                        17      5       31
  MONTH TO DATE  473                       302    171      345
  SINCE SEP 1    554                       435    119      489
  SINCE JUL 1    554                       435    119      489

 COOLING
  YESTERDAY        0                         0      0        0
  MONTH TO DATE    0                         5     -5        6
  SINCE SEP 1    380                       347     33      466
  SINCE JAN 1   1710                      1939   -229     2029
..................................................................


WIND (MPH)
  HIGHEST WIND SPEED    13   HIGHEST WIND DIRECTION    NW (320)
  HIGHEST GUST SPEED    15   HIGHEST GUST DIRECTION     W (270)
  AVERAGE WIND SPEED     1.4


SKY COVER
  POSSIBLE SUNSHINE  MM
  AVERAGE SKY COVER 0.0


WEATHER CONDITIONS
 THE FOLLOWING WEATHER WAS RECORDED YESTERDAY.
  FOG
  FOG W/VISIBILITY <= 1/4 MILE


RELATIVE HUMIDITY (PERCENT)
 HIGHEST   100          1200 AM
 LOWEST     26           300 PM
 AVERAGE    63

..........................................................


THE DE QUEEN CLIMATE NORMALS FOR TODAY
                         NORMAL    RECORD    YEAR
 MAXIMUM TEMPERATURE (F)   61        85      1965
 MINIMUM TEMPERATURE (F)   35        17      1938


SUNRISE AND SUNSET
NOVEMBER 26 2014......SUNRISE   700 AM CST   SUNSET   509 PM CST
NOVEMBER 27 2014......SUNRISE   701 AM CST   SUNSET   509 PM CST


-  INDICATES NEGATIVE NUMBERS.
R  INDICATES RECORD WAS SET OR TIED.
MM INDICATES DATA IS MISSING.
T  INDICATES TRACE AMOUNT.




$$
