000
CDUS44 KSHV 240746
CLIDEQ


CLIMATE REPORT
NATIONAL WEATHER SERVICE SHREVEPORT, LA
246 AM CDT THU APR 24 2014


...................................

...THE DE QUEEN CLIMATE SUMMARY FOR APRIL 23 2014...

CLIMATE NORMAL PERIOD 1981 TO 2010
CLIMATE RECORD PERIOD 1902 TO 2014


WEATHER ITEM   OBSERVED TIME   RECORD YEAR NORMAL DEPARTURE LAST
                VALUE   (LST)  VALUE       VALUE  FROM      YEAR
                                                  NORMAL
..................................................................
TEMPERATURE (F)
 YESTERDAY
  MAXIMUM         83    337 PM  89    2009  76      7       76
                                      1976
  MINIMUM         49    605 AM  35    1993  51     -2       47
  AVERAGE         66                        63      3       62

PRECIPITATION (IN)
  YESTERDAY        0.00          2.95 1964   0.14  -0.14     0.00
  MONTH TO DATE    3.31                      2.73   0.58     1.53
  SINCE DEC 1     10.33                     18.73  -8.40    11.08
  SINCE JAN 1      8.40                     14.37  -5.97     7.03

SNOWFALL (IN)
  YESTERDAY        0.0
  MONTH TO DATE    0.0
  SINCE MAR 1      T
  SINCE JUL 1      1.2
  SNOW DEPTH       0

DEGREE DAYS
 HEATING
  YESTERDAY        0                         3     -3        3
  MONTH TO DATE  157                       135     22      165
  SINCE MAR 1    618                       512    106      631
  SINCE JUL 1   3390                      3003    387     2946

 COOLING
  YESTERDAY        1                         2     -1        0
  MONTH TO DATE   20                        24     -4       49
  SINCE MAR 1     21                        33    -12       49
  SINCE JAN 1     21                        35    -14       53
..................................................................


WIND (MPH)
  HIGHEST WIND SPEED    12   HIGHEST WIND DIRECTION    SE (120)
  HIGHEST GUST SPEED    19   HIGHEST GUST DIRECTION     S (200)
  AVERAGE WIND SPEED     5.6


SKY COVER
  POSSIBLE SUNSHINE  MM
  AVERAGE SKY COVER 0.1


WEATHER CONDITIONS
 THE FOLLOWING WEATHER WAS RECORDED YESTERDAY.
  FOG


RELATIVE HUMIDITY (PERCENT)
 HIGHEST   100           100 AM
 LOWEST     43           300 PM
 AVERAGE    72

..........................................................


THE DE QUEEN CLIMATE NORMALS FOR TODAY
                         NORMAL    RECORD    YEAR
 MAXIMUM TEMPERATURE (F)   76        88      1987
 MINIMUM TEMPERATURE (F)   51        35      2005


SUNRISE AND SUNSET
APRIL 24 2014.........SUNRISE   636 AM CDT   SUNSET   756 PM CDT
APRIL 25 2014.........SUNRISE   635 AM CDT   SUNSET   757 PM CDT


-  INDICATES NEGATIVE NUMBERS.
R  INDICATES RECORD WAS SET OR TIED.
MM INDICATES DATA IS MISSING.
T  INDICATES TRACE AMOUNT.




$$
