000
CDUS44 KSHV 282303
CLIDEQ


CLIMATE REPORT
NATIONAL WEATHER SERVICE SHREVEPORT, LA
603 PM CDT FRI APR 28 2017


...................................

...THE DE QUEEN CLIMATE SUMMARY FOR APRIL 28 2017...
VALID TODAY AS OF 0600 PM LOCAL TIME.

CLIMATE NORMAL PERIOD 1981 TO 2010
CLIMATE RECORD PERIOD 1902 TO 2017


WEATHER ITEM   OBSERVED TIME   RECORD YEAR NORMAL DEPARTURE LAST
                VALUE   (LST)  VALUE       VALUE  FROM      YEAR
                                                  NORMAL
..................................................................
TEMPERATURE (F)
 TODAY
  MAXIMUM         82    252 PM  94    1987  77      5       83
  MINIMUM         57    218 AM  32    1904  53      4       50
  AVERAGE         70                        65      5       67

PRECIPITATION (IN)
  TODAY            0.00          1.80 1947   0.18  -0.18     0.00
  MONTH TO DATE    8.13                      3.57   4.56     4.57
  SINCE DEC 1     18.91                     19.57  -0.66    21.41
  SINCE JAN 1     16.20                     15.21   0.99    11.13

SNOWFALL (IN)
  TODAY            0.0
  MONTH TO DATE    0.0
  SINCE MAR 1      0.0
  SINCE JUL 1      0.3
  SNOW DEPTH       0

DEGREE DAYS
 HEATING
  TODAY            0                         2     -2        0
  MONTH TO DATE   69                       149    -80       89
  SINCE MAR 1    302                       526   -224      343
  SINCE JUL 1   2071                      3017   -946     2295

 COOLING
  TODAY            5                         2      3        2
  MONTH TO DATE   60                        34     26       31
  SINCE MAR 1     87                        43     44       39
  SINCE JAN 1     97                        45     52       39
..................................................................


WIND (MPH)
  HIGHEST WIND SPEED    12   HIGHEST WIND DIRECTION     E (100)
  HIGHEST GUST SPEED    15   HIGHEST GUST DIRECTION     E (100)
  AVERAGE WIND SPEED     6.1


SKY COVER
  POSSIBLE SUNSHINE  MM
  AVERAGE SKY COVER 0.8


WEATHER CONDITIONS
 THE FOLLOWING WEATHER WAS RECORDED TODAY.
  FOG
  HAZE


RELATIVE HUMIDITY (PERCENT)
 HIGHEST    93          1200 AM
 LOWEST     79           100 PM
 AVERAGE    86

..........................................................


THE DE QUEEN CLIMATE NORMALS FOR TOMORROW
                         NORMAL    RECORD    YEAR
 MAXIMUM TEMPERATURE (F)   77        91      1955
 MINIMUM TEMPERATURE (F)   53        36      1965


SUNRISE AND SUNSET
APRIL 28 2017.........SUNRISE   631 AM CDT   SUNSET   759 PM CDT
APRIL 29 2017.........SUNRISE   630 AM CDT   SUNSET   800 PM CDT


-  INDICATES NEGATIVE NUMBERS.
R  INDICATES RECORD WAS SET OR TIED.
MM INDICATES DATA IS MISSING.
T  INDICATES TRACE AMOUNT.




$$
