000
CDUS44 KSHV 230750
CLIDEQ


CLIMATE REPORT
NATIONAL WEATHER SERVICE SHREVEPORT, LA
247 AM CDT FRI JUN 23 2017


...................................

...THE DE QUEEN CLIMATE SUMMARY FOR JUNE 22 2017...

CLIMATE NORMAL PERIOD 1981 TO 2010
CLIMATE RECORD PERIOD 1902 TO 2017


WEATHER ITEM   OBSERVED TIME   RECORD YEAR NORMAL DEPARTURE LAST
                VALUE   (LST)  VALUE       VALUE  FROM      YEAR
                                                  NORMAL
..................................................................
TEMPERATURE (F)
 YESTERDAY
  MAXIMUM         88    203 PM 102    1936  90     -2       93
  MINIMUM         74   1159 PM  55    1961  68      6       72
  AVERAGE         81                        79      2       83

PRECIPITATION (IN)
  YESTERDAY        0.05          1.81 2000   0.16  -0.11      T
  MONTH TO DATE    1.66                      3.36  -1.70     3.78
  SINCE DEC 1     24.12                     28.85  -4.73    32.63
  SINCE JAN 1     21.41                     24.49  -3.08    22.35

SNOWFALL (IN)
  YESTERDAY        0.0
  MONTH TO DATE    0.0
  SINCE JUN 1      0.0
  SINCE JUL 1      0.3
  SNOW DEPTH       0

DEGREE DAYS
 HEATING
  YESTERDAY        0                         0      0        0
  MONTH TO DATE    0                         0      0        0
  SINCE JUN 1      0                         0      0        0
  SINCE JUL 1   2101                      3042   -941     2322

 COOLING
  YESTERDAY       16                        14      2       18
  MONTH TO DATE  277                       258     19      304
  SINCE JUN 1    277                       258     19      304
  SINCE JAN 1    557                       475     82      501
..................................................................


WIND (MPH)
  HIGHEST WIND SPEED    16   HIGHEST WIND DIRECTION     E (80)
  HIGHEST GUST SPEED    21   HIGHEST GUST DIRECTION     E (80)
  AVERAGE WIND SPEED     5.6


SKY COVER
  POSSIBLE SUNSHINE  MM
  AVERAGE SKY COVER 0.7


WEATHER CONDITIONS
 THE FOLLOWING WEATHER WAS RECORDED YESTERDAY.
  THUNDERSTORM
  LIGHT RAIN
  FOG
  HAZE


RELATIVE HUMIDITY (PERCENT)
 HIGHEST   100           200 AM
 LOWEST     70           200 PM
 AVERAGE    85

..........................................................


THE DE QUEEN CLIMATE NORMALS FOR TODAY
                         NORMAL    RECORD    YEAR
 MAXIMUM TEMPERATURE (F)   90       100      2009
 MINIMUM TEMPERATURE (F)   68        54      1902


SUNRISE AND SUNSET
JUNE 23 2017..........SUNRISE   607 AM CDT   SUNSET   833 PM CDT
JUNE 24 2017..........SUNRISE   607 AM CDT   SUNSET   833 PM CDT


-  INDICATES NEGATIVE NUMBERS.
R  INDICATES RECORD WAS SET OR TIED.
MM INDICATES DATA IS MISSING.
T  INDICATES TRACE AMOUNT.




$$
