000
CDUS46 KOTX 210840
CLIDEW


CLIMATE REPORT
NATIONAL WEATHER SERVICE SPOKANE, WA
136 AM PDT TUE OCT 21 2014


...................................

...THE DEER_PARK WA AIRPORT CLIMATE SUMMARY FOR OCTOBER 20 2014...

CLIMATE NORMAL PERIOD 1981 TO 2010
CLIMATE RECORD PERIOD 9999 TO 9999


WEATHER ITEM   OBSERVED TIME   RECORD YEAR NORMAL DEPARTURE LAST
                VALUE   (LST)  VALUE       VALUE  FROM      YEAR
                                                  NORMAL
..................................................................
TEMPERATURE (F)
 YESTERDAY
  MAXIMUM         69    218 PM   MM    MM   55     14       61
  MINIMUM         37    626 AM   MM    MM   29      8       25
  AVERAGE         53                        42     11       43

PRECIPITATION (IN)
  YESTERDAY        0.01          MM    MM   0.06  -0.05     0.00
  MONTH TO DATE    0.36                     0.92  -0.56     0.29
  SINCE OCT 1      0.36                     0.92  -0.56     0.29
  SINCE JAN 1     15.58                    15.36   0.22    14.67

SNOWFALL (IN)
  YESTERDAY       MM

DEGREE DAYS
 HEATING
  YESTERDAY       12                        23    -11       22
  MONTH TO DATE  251                       380   -129      447
  SINCE SEP 1    416                       655   -239      667
  SINCE JUL 1    452                       799   -347      710

 COOLING
  YESTERDAY        0                         0      0        0
  MONTH TO DATE    0                         0      0        0
  SINCE SEP 1      8                        12     -4       69
  SINCE JAN 1    354                       187    167      310
..................................................................


WIND (MPH)
  HIGHEST WIND SPEED    18   HIGHEST WIND DIRECTION    SW (240)
  HIGHEST GUST SPEED    23   HIGHEST GUST DIRECTION    SW (240)
  AVERAGE WIND SPEED     6.0


SKY COVER
  POSSIBLE SUNSHINE  MM
  AVERAGE SKY COVER 0.3


WEATHER CONDITIONS
 THE FOLLOWING WEATHER WAS RECORDED YESTERDAY.
  NO SIGNIFICANT WEATHER WAS OBSERVED.


RELATIVE HUMIDITY (PERCENT)
 HIGHEST   100           700 AM
 LOWEST     40           200 PM
 AVERAGE    70

..........................................................


THE DEER_PARK WA AIRPORT CLIMATE NORMALS FOR TODAY
                         NORMAL    RECORD    YEAR
 MAXIMUM TEMPERATURE (F)   55        MM        MM
 MINIMUM TEMPERATURE (F)   29        MM        MM


SUNRISE AND SUNSET
OCTOBER 21 2014.......SUNRISE   718 AM PDT   SUNSET   550 PM PDT
OCTOBER 22 2014.......SUNRISE   719 AM PDT   SUNSET   548 PM PDT


-  INDICATES NEGATIVE NUMBERS.
R  INDICATES RECORD WAS SET OR TIED.
MM INDICATES DATA IS MISSING.
T  INDICATES TRACE AMOUNT.

$$
