000
CDUS46 KOTX 270826
CLIDEW


CLIMATE REPORT
NATIONAL WEATHER SERVICE SPOKANE, WA
1225 AM PST FRI FEB 27 2015


...................................

...THE DEER_PARK WA AIRPORT CLIMATE SUMMARY FOR FEBRUARY 26 2015...

CLIMATE NORMAL PERIOD 1981 TO 2010
CLIMATE RECORD PERIOD 9999 TO 9999


WEATHER ITEM   OBSERVED TIME   RECORD YEAR NORMAL DEPARTURE LAST
                VALUE   (LST)  VALUE       VALUE  FROM      YEAR
                                                  NORMAL
..................................................................
TEMPERATURE (F)
 YESTERDAY
  MAXIMUM         43    117 PM  MM      MM  43      0       40
  MINIMUM         25    222 AM  MM      MM  22      3       13
  AVERAGE         34                        32      2       27

PRECIPITATION (IN)
  YESTERDAY        T            MM      MM   0.06  -0.06     0.00
  MONTH TO DATE    2.15                      1.49   0.66     2.02
  SINCE OCT 1     10.58                     11.94  -1.36     7.50
  SINCE JAN 1      4.19                      4.12   0.07     3.70

SNOWFALL (IN)
  YESTERDAY       MM

DEGREE DAYS
 HEATING
  YESTERDAY       31                        33     -2       38
  MONTH TO DATE  722                       905   -183      995
  SINCE DEC 1   2883                      3298   -415     3410
  SINCE JUL 1   4508                      5301   -793     5326

 COOLING
  YESTERDAY        0                         0      0        0
  MONTH TO DATE    0                         0      0        0
  SINCE DEC 1      0                         0      0        0
  SINCE JAN 1      0                         0      0        0
..................................................................


WIND (MPH)
  HIGHEST WIND SPEED     9   HIGHEST WIND DIRECTION    NE (30)
  HIGHEST GUST SPEED    12   HIGHEST GUST DIRECTION    NE (30)
  AVERAGE WIND SPEED     3.2


SKY COVER
  POSSIBLE SUNSHINE  MM
  AVERAGE SKY COVER 0.9


WEATHER CONDITIONS
 THE FOLLOWING WEATHER WAS RECORDED YESTERDAY.
  LIGHT RAIN


RELATIVE HUMIDITY (PERCENT)
 HIGHEST   100          1100 PM
 LOWEST     57           100 PM
 AVERAGE    79

..........................................................


THE DEER_PARK WA AIRPORT CLIMATE NORMALS FOR TODAY
                         NORMAL    RECORD    YEAR
 MAXIMUM TEMPERATURE (F)   43        MM        MM
 MINIMUM TEMPERATURE (F)   22        MM        MM


SUNRISE AND SUNSET
FEBRUARY 27 2015......SUNRISE   635 AM PST   SUNSET   531 PM PST
FEBRUARY 28 2015......SUNRISE   633 AM PST   SUNSET   532 PM PST


-  INDICATES NEGATIVE NUMBERS.
R  INDICATES RECORD WAS SET OR TIED.
MM INDICATES DATA IS MISSING.
T  INDICATES TRACE AMOUNT.




$$
