000
CDUS46 KOTX 260831
CLIDEW


CLIMATE REPORT
NATIONAL WEATHER SERVICE SPOKANE, WA
131 AM PDT THU MAY 26 2016


...................................

...THE DEER_PARK WA AIRPORT CLIMATE SUMMARY FOR MAY 25 2016...

CLIMATE NORMAL PERIOD 1981 TO 2010
CLIMATE RECORD PERIOD 9999 TO 9999


WEATHER ITEM   OBSERVED TIME   RECORD YEAR NORMAL DEPARTURE LAST
                VALUE   (LST)  VALUE       VALUE  FROM      YEAR
                                                  NORMAL
..................................................................
TEMPERATURE (F)
 YESTERDAY
  MAXIMUM         73    155 PM  MM      MM  68      5       63
  MINIMUM         38    334 AM  MM      MM  41     -3       49
  AVERAGE         56                        54      2       56

PRECIPITATION (IN)
  YESTERDAY        0.00         MM      MM   0.06  -0.06     0.47
  MONTH TO DATE    1.26                      1.42  -0.16     1.09
  SINCE OCT 1     20.32                     17.14   3.18    14.90
  SINCE JAN 1     11.33                      9.32   2.01     8.51

SNOWFALL (IN)
  YESTERDAY       MM

DEGREE DAYS
 HEATING
  YESTERDAY        9                        11     -2        9
  MONTH TO DATE  211                       344   -133      221
  SINCE MAR 1   1358                      1790   -432     1524
  SINCE JUL 1   5981                      7155  -1174     6093

 COOLING
  YESTERDAY        0                         0      0        0
  MONTH TO DATE    0                         0      0        4
  SINCE MAR 1      0                         0      0        4
  SINCE JAN 1      0                         0      0        4
..................................................................


WIND (MPH)
  HIGHEST WIND SPEED    17   HIGHEST WIND DIRECTION     S (200)
  HIGHEST GUST SPEED    22   HIGHEST GUST DIRECTION     S (200)
  AVERAGE WIND SPEED     5.4


SKY COVER
  POSSIBLE SUNSHINE  MM
  AVERAGE SKY COVER 0.8


WEATHER CONDITIONS
 THE FOLLOWING WEATHER WAS RECORDED YESTERDAY.
  FOG
  FOG W/VISIBILITY <= 1/4 MILE


RELATIVE HUMIDITY (PERCENT)
 HIGHEST    96           100 AM
 LOWEST     36           500 PM
 AVERAGE    66

..........................................................


THE DEER_PARK WA AIRPORT CLIMATE NORMALS FOR TODAY
                         NORMAL    RECORD    YEAR
 MAXIMUM TEMPERATURE (F)   68        MM        MM
 MINIMUM TEMPERATURE (F)   41        MM        MM


SUNRISE AND SUNSET
MAY 26 2016...........SUNRISE   459 AM PDT   SUNSET   836 PM PDT
MAY 27 2016...........SUNRISE   458 AM PDT   SUNSET   837 PM PDT


-  INDICATES NEGATIVE NUMBERS.
R  INDICATES RECORD WAS SET OR TIED.
MM INDICATES DATA IS MISSING.
T  INDICATES TRACE AMOUNT.




$$
