000
CDUS46 KOTX 260826
CLIDEW


CLIMATE REPORT
NATIONAL WEATHER SERVICE SPOKANE, WA
126 AM PDT FRI MAY 26 2017


...................................

...THE DEER_PARK WA AIRPORT CLIMATE SUMMARY FOR MAY 25 2017...

CLIMATE NORMAL PERIOD 1981 TO 2010
CLIMATE RECORD PERIOD 9999 TO 9999


WEATHER ITEM   OBSERVED TIME   RECORD YEAR NORMAL DEPARTURE LAST
                VALUE   (LST)  VALUE       VALUE  FROM      YEAR
                                                  NORMAL
..................................................................
TEMPERATURE (F)
 YESTERDAY
  MAXIMUM         65    452 PM  MM      MM  68     -3       73
  MINIMUM         39    348 AM  MM      MM  41     -2       38
  AVERAGE         52                        54     -2       56

PRECIPITATION (IN)
  YESTERDAY        0.00         MM      MM   0.06  -0.06     0.00
  MONTH TO DATE    1.84                      1.42   0.42     1.26
  SINCE OCT 1     27.00                     17.14   9.86    20.32
  SINCE JAN 1     15.56                      9.32   6.24    11.33

SNOWFALL (IN)
  YESTERDAY       MM

DEGREE DAYS
 HEATING
  YESTERDAY       13                        11      2        9
  MONTH TO DATE  330                       344    -14      211
  SINCE MAR 1   1793                      1790      3     1358
  SINCE JUL 1   7303                      7155    148     5981

 COOLING
  YESTERDAY        0                         0      0        0
  MONTH TO DATE    1                         0      1        0
  SINCE MAR 1      1                         0      1        0
  SINCE JAN 1      1                         0      1        0
..................................................................


WIND (MPH)
  HIGHEST WIND SPEED    14   HIGHEST WIND DIRECTION     W (260)
  HIGHEST GUST SPEED    17   HIGHEST GUST DIRECTION     W (260)
  AVERAGE WIND SPEED     4.7


SKY COVER
  POSSIBLE SUNSHINE  MM
  AVERAGE SKY COVER 0.2


WEATHER CONDITIONS
 THE FOLLOWING WEATHER WAS RECORDED YESTERDAY.
  NO SIGNIFICANT WEATHER WAS OBSERVED.


RELATIVE HUMIDITY (PERCENT)
 HIGHEST    92           400 AM
 LOWEST     34           200 PM
 AVERAGE    63

..........................................................


THE DEER_PARK WA AIRPORT CLIMATE NORMALS FOR TODAY
                         NORMAL    RECORD    YEAR
 MAXIMUM TEMPERATURE (F)   68        MM        MM
 MINIMUM TEMPERATURE (F)   41        MM        MM


SUNRISE AND SUNSET
MAY 26 2017...........SUNRISE   459 AM PDT   SUNSET   835 PM PDT
MAY 27 2017...........SUNRISE   458 AM PDT   SUNSET   836 PM PDT


-  INDICATES NEGATIVE NUMBERS.
R  INDICATES RECORD WAS SET OR TIED.
MM INDICATES DATA IS MISSING.
T  INDICATES TRACE AMOUNT.




$$
