000
CDUS46 KOTX 040824
CLIDEW


CLIMATE REPORT
NATIONAL WEATHER SERVICE SPOKANE, WA
124 AM PDT WED MAY 4 2016


...................................

...THE DEER_PARK WA AIRPORT CLIMATE SUMMARY FOR MAY 3 2016...

CLIMATE NORMAL PERIOD 1981 TO 2010
CLIMATE RECORD PERIOD 9999 TO 9999


WEATHER ITEM   OBSERVED TIME   RECORD YEAR NORMAL DEPARTURE LAST
                VALUE   (LST)  VALUE       VALUE  FROM      YEAR
                                                  NORMAL
..................................................................
TEMPERATURE (F)
 YESTERDAY
  MAXIMUM         83    250 PM  MM      MM  63     20       69
  MINIMUM         39    456 AM  MM      MM  34      5       28
  AVERAGE         61                        49     12       49

PRECIPITATION (IN)
  YESTERDAY        0.00         MM      MM   0.05  -0.05     0.00
  MONTH TO DATE    0.00                      0.14  -0.14     0.00
  SINCE OCT 1     19.06                     15.86   3.20    13.81
  SINCE JAN 1     10.07                      8.04   2.03     7.42

SNOWFALL (IN)
  YESTERDAY       MM

DEGREE DAYS
 HEATING
  YESTERDAY        4                        16    -12       16
  MONTH TO DATE   19                        50    -31       41
  SINCE MAR 1   1166                      1496   -330     1344
  SINCE JUL 1   5789                      6861  -1072     5913

 COOLING
  YESTERDAY        0                         0      0        0
  MONTH TO DATE    0                         0      0        0
  SINCE MAR 1      0                         0      0        0
  SINCE JAN 1      0                         0      0        0
..................................................................


WIND (MPH)
  HIGHEST WIND SPEED    14   HIGHEST WIND DIRECTION    SW (210)
  HIGHEST GUST SPEED    18   HIGHEST GUST DIRECTION     S (180)
  AVERAGE WIND SPEED     4.3


SKY COVER
  POSSIBLE SUNSHINE  MM
  AVERAGE SKY COVER 0.1


WEATHER CONDITIONS
 THE FOLLOWING WEATHER WAS RECORDED YESTERDAY.
  NO SIGNIFICANT WEATHER WAS OBSERVED.


RELATIVE HUMIDITY (PERCENT)
 HIGHEST    89           300 AM
 LOWEST     16           500 PM
 AVERAGE    53

..........................................................


THE DEER_PARK WA AIRPORT CLIMATE NORMALS FOR TODAY
                         NORMAL    RECORD    YEAR
 MAXIMUM TEMPERATURE (F)   63        MM        MM
 MINIMUM TEMPERATURE (F)   34        MM        MM


SUNRISE AND SUNSET
MAY  4 2016...........SUNRISE   526 AM PDT   SUNSET   808 PM PDT
MAY  5 2016...........SUNRISE   524 AM PDT   SUNSET   809 PM PDT


-  INDICATES NEGATIVE NUMBERS.
R  INDICATES RECORD WAS SET OR TIED.
MM INDICATES DATA IS MISSING.
T  INDICATES TRACE AMOUNT.




$$
