000
CDUS44 KFWD 300638
CLIDFW


CLIMATE REPORT
NATIONAL WEATHER SERVICE FORT WORTH TX
138 AM CDT SAT JUL 30 2016


...................................

...THE DALLAS FORT WORTH CLIMATE SUMMARY FOR JULY 29 2016...

CLIMATE NORMAL PERIOD 1981 TO 2010
CLIMATE RECORD PERIOD 1898 TO 2016


WEATHER ITEM   OBSERVED TIME   RECORD YEAR NORMAL DEPARTURE LAST
                VALUE   (LST)  VALUE       VALUE  FROM      YEAR
                                                  NORMAL
..................................................................
TEMPERATURE (F)
 YESTERDAY
  MAXIMUM         96    337 PM 109    1912  97     -1      102
  MINIMUM         77    632 AM  67    1984  76      1       79
  AVERAGE         87                        86      1       91

PRECIPITATION (IN)
  YESTERDAY        0.00          1.71 2004   0.05  -0.05     0.00
  MONTH TO DATE    3.89                      2.05   1.84     0.92
  SINCE JUN 1      7.49                      5.84   1.65     4.87
  SINCE JAN 1     24.25                     22.09   2.16    36.50

DEGREE DAYS
 HEATING
  YESTERDAY        0                         0      0        0
  MONTH TO DATE    0                         0      0        0
  SINCE JUN 1      0                         0      0        0
  SINCE JUL 1      0                         0      0        0

 COOLING
  YESTERDAY       22                        21      1       26
  MONTH TO DATE  651                       588     63      642
  SINCE JUN 1   1225                      1079    146     1162
  SINCE JAN 1   1648                      1501    147     1481
..................................................................


WIND (MPH)
  HIGHEST WIND SPEED    17   HIGHEST WIND DIRECTION     S (190)
  HIGHEST GUST SPEED    23   HIGHEST GUST DIRECTION     S (200)
  AVERAGE WIND SPEED     8.5


SKY COVER
  POSSIBLE SUNSHINE  MM
  AVERAGE SKY COVER 0.5


WEATHER CONDITIONS
 THE FOLLOWING WEATHER WAS RECORDED YESTERDAY.
  NO SIGNIFICANT WEATHER WAS OBSERVED.


RELATIVE HUMIDITY (PERCENT)
 HIGHEST    82           600 AM
 LOWEST     41           600 PM
 AVERAGE    62

..........................................................


THE DALLAS FORT WORTH CLIMATE NORMALS FOR TODAY
                         NORMAL    RECORD    YEAR
 MAXIMUM TEMPERATURE (F)   97       106      1986
                                             1980
                                             1957
 MINIMUM TEMPERATURE (F)   76        63      1971


SUNRISE AND SUNSET
JULY 30 2016..........SUNRISE   641 AM CDT   SUNSET   828 PM CDT
JULY 31 2016..........SUNRISE   641 AM CDT   SUNSET   827 PM CDT


-  INDICATES NEGATIVE NUMBERS.
R  INDICATES RECORD WAS SET OR TIED.
MM INDICATES DATA IS MISSING.
T  INDICATES TRACE AMOUNT.




$$
