000
CDUS44 KFWD 010638
CLIDFW

CLIMATE REPORT
NATIONAL WEATHER SERVICE FORT WORTH TX
1237 AM CST SUN FEB 1 2015


...................................

...THE DALLAS FORT WORTH CLIMATE SUMMARY FOR JANUARY 31 2015...

CLIMATE NORMAL PERIOD 1981 TO 2010
CLIMATE RECORD PERIOD 1898 TO 2015


WEATHER ITEM   OBSERVED TIME   RECORD YEAR NORMAL DEPARTURE LAST
                VALUE   (LST)  VALUE       VALUE  FROM      YEAR
                                                  NORMAL
..................................................................
TEMPERATURE (F)
 YESTERDAY
  MAXIMUM         54   1157 PM  93    1911  58     -4       74
  MINIMUM         47    924 AM  -2    1949  36     11       52
  AVERAGE         51                        47      4       63

PRECIPITATION (IN)
  YESTERDAY        0.54          3.07 2002   0.08   0.46     0.00
  MONTH TO DATE    3.62                      2.13   1.49     0.33
  SINCE DEC 1      4.75                      4.68   0.07     3.09
  SINCE JAN 1      3.62                      2.13   1.49     0.33

SNOWFALL (IN)
  YESTERDAY       MM             1.2  1985   0.0   MM        0.0
  MONTH TO DATE    T                         0.3   -0.3       T
  SINCE DEC 1      T                         0.6   -0.6      2.1
  SINCE JUL 1      T                         0.6   -0.6      2.1
  SNOW DEPTH       0

DEGREE DAYS
 HEATING
  YESTERDAY       14                        18     -4        2
  MONTH TO DATE  625                       594     31      603
  SINCE DEC 1   1081                      1151    -70     1274
  SINCE JUL 1   1499                      1505     -6     1675

 COOLING
  YESTERDAY        0                         0      0        0
  MONTH TO DATE    0                         2     -2        0
  SINCE DEC 1      1                         6     -5        0
  SINCE JAN 1      0                         2     -2        0
..................................................................


WIND (MPH)
  HIGHEST WIND SPEED    18   HIGHEST WIND DIRECTION    SE (130)
  HIGHEST GUST SPEED    22   HIGHEST GUST DIRECTION     S (160)
  AVERAGE WIND SPEED    10.8


SKY COVER
  POSSIBLE SUNSHINE  MM
  AVERAGE SKY COVER 1.0


WEATHER CONDITIONS
 THE FOLLOWING WEATHER WAS RECORDED YESTERDAY.
  HEAVY RAIN
  RAIN
  LIGHT RAIN
  FOG


RELATIVE HUMIDITY (PERCENT)
 HIGHEST   100           700 PM
 LOWEST     42          1200 AM
 AVERAGE    71

..........................................................


THE DALLAS FORT WORTH CLIMATE NORMALS FOR TODAY
                         NORMAL    RECORD    YEAR
 MAXIMUM TEMPERATURE (F)   58        91      1911
 MINIMUM TEMPERATURE (F)   37         6      1951


SUNRISE AND SUNSET
FEBRUARY  1 2015......SUNRISE   723 AM CST   SUNSET   600 PM CST
FEBRUARY  2 2015......SUNRISE   723 AM CST   SUNSET   601 PM CST


-  INDICATES NEGATIVE NUMBERS.
R  INDICATES RECORD WAS SET OR TIED.
MM INDICATES DATA IS MISSING.
T  INDICATES TRACE AMOUNT.




$$
