000
CDUS44 KFWD 030658
CLIDFW


CLIMATE REPORT
NATIONAL WEATHER SERVICE FORT WORTH TX
1258 AM CST TUE MAR 3 2015


...................................

...THE DALLAS FORT WORTH CLIMATE SUMMARY FOR MARCH 2 2015...

CLIMATE NORMAL PERIOD 1981 TO 2010
CLIMATE RECORD PERIOD 1898 TO 2015


WEATHER ITEM   OBSERVED TIME   RECORD YEAR NORMAL DEPARTURE LAST
                VALUE   (LST)  VALUE       VALUE  FROM      YEAR
                                                  NORMAL
..................................................................
TEMPERATURE (F)
 YESTERDAY
  MAXIMUM         40   1159 PM  90    1901  64    -24       71
  MINIMUM         33    807 AM  15    1980  44    -11       19
  AVERAGE         37                        54    -17       45

PRECIPITATION (IN)
  YESTERDAY        0.03          0.82 1979   0.11  -0.08     0.09
  MONTH TO DATE    0.10                      0.22  -0.12     0.09
  SINCE MAR 1      0.10                      0.22  -0.12     0.09
  SINCE JAN 1      6.68                      5.01   1.67     0.83

SNOWFALL (IN)
  YESTERDAY        0.0           1.6  1971   0.0    0.0      0.1
  MONTH TO DATE    0.0                       0.0    0.0      0.1
  SINCE MAR 1      0.0                       0.0    0.0      0.1
  SINCE JUL 1      2.3                       1.0    1.3      2.9
  SNOW DEPTH       T

DEGREE DAYS
 HEATING
  YESTERDAY       28                        12     16       20
  MONTH TO DATE   58                        24     34       21
  SINCE MAR 1     58                        24     34       21
  SINCE JUL 1   2094                      1956    138     2194

 COOLING
  YESTERDAY        0                         0      0        0
  MONTH TO DATE    0                         0      0        0
  SINCE MAR 1      0                         0      0        0
  SINCE JAN 1      0                         7     -7        0
..................................................................


WIND (MPH)
  HIGHEST WIND SPEED    18   HIGHEST WIND DIRECTION     N (10)
  HIGHEST GUST SPEED    23   HIGHEST GUST DIRECTION     N (20)
  AVERAGE WIND SPEED     7.3


SKY COVER
  POSSIBLE SUNSHINE  MM
  AVERAGE SKY COVER 1.0


WEATHER CONDITIONS
 THE FOLLOWING WEATHER WAS RECORDED YESTERDAY.
  LIGHT RAIN
  FOG
  FOG W/VISIBILITY <= 1/4 MILE


RELATIVE HUMIDITY (PERCENT)
 HIGHEST   100           400 AM
 LOWEST     85           300 PM
 AVERAGE    93

..........................................................


THE DALLAS FORT WORTH CLIMATE NORMALS FOR TODAY
                         NORMAL    RECORD    YEAR
 MAXIMUM TEMPERATURE (F)   64        94      1902
 MINIMUM TEMPERATURE (F)   44        10      1943


SUNRISE AND SUNSET
MARCH  3 2015.........SUNRISE   654 AM CST   SUNSET   627 PM CST
MARCH  4 2015.........SUNRISE   653 AM CST   SUNSET   628 PM CST


-  INDICATES NEGATIVE NUMBERS.
R  INDICATES RECORD WAS SET OR TIED.
MM INDICATES DATA IS MISSING.
T  INDICATES TRACE AMOUNT.




$$
