000
CDUS44 KFWD 170638
CLIDFW


CLIMATE REPORT
NATIONAL WEATHER SERVICE FORT WORTH TX
1237 AM CST SUN DEC 17 2017


...................................

...THE DALLAS FORT WORTH CLIMATE SUMMARY FOR DECEMBER 16 2017...

CLIMATE NORMAL PERIOD 1981 TO 2010
CLIMATE RECORD PERIOD 1898 TO 2017


WEATHER ITEM   OBSERVED TIME   RECORD YEAR NORMAL DEPARTURE LAST
                VALUE   (LST)  VALUE       VALUE  FROM      YEAR
                                                  NORMAL
..................................................................
TEMPERATURE (F)
 YESTERDAY
  MAXIMUM         63   1248 PM  83    1908  57      6       66
  MINIMUM         38    306 AM  12    1989  37      1       46
  AVERAGE         51                        47      4       56

PRECIPITATION (IN)
  YESTERDAY        0.73          3.39 1928   0.08   0.65      T
  MONTH TO DATE    1.02                      1.36  -0.34     0.55
  SINCE DEC 1      1.02                      1.36  -0.34     0.55
  SINCE JAN 1     33.08                     34.95  -1.87    35.43

SNOWFALL (IN)
  YESTERDAY       MM             2.0  1983   0.0   MM        0.0
  MONTH TO DATE    0.0                       0.1   -0.1      0.0
  SINCE DEC 1      0.0                       0.1   -0.1      0.0
  SINCE JUL 1      0.0                       0.1   -0.1      0.0
  SNOW DEPTH       0

DEGREE DAYS
 HEATING
  YESTERDAY       14                        18     -4        9
  MONTH TO DATE  189                       268    -79      284
  SINCE DEC 1    189                       268    -79      284
  SINCE JUL 1    392                       622   -230      386

 COOLING
  YESTERDAY        0                         0      0        0
  MONTH TO DATE   12                         0     12        0
  SINCE DEC 1     12                         0     12        0
  SINCE JAN 1   3271                      2752    519     3207
..................................................................


WIND (MPH)
  HIGHEST WIND SPEED    24   HIGHEST WIND DIRECTION     S (180)
  HIGHEST GUST SPEED    29   HIGHEST GUST DIRECTION     S (170)
  AVERAGE WIND SPEED    10.4


SKY COVER
  POSSIBLE SUNSHINE  MM
  AVERAGE SKY COVER 0.9


WEATHER CONDITIONS
 THE FOLLOWING WEATHER WAS RECORDED YESTERDAY.
  HEAVY RAIN
  RAIN
  LIGHT RAIN
  FOG


RELATIVE HUMIDITY (PERCENT)
 HIGHEST    93           700 PM
 LOWEST     27          1200 PM
 AVERAGE    60

..........................................................


THE DALLAS FORT WORTH CLIMATE NORMALS FOR TODAY
                         NORMAL    RECORD    YEAR
 MAXIMUM TEMPERATURE (F)   56        81      1908
 MINIMUM TEMPERATURE (F)   37        14      1932


SUNRISE AND SUNSET
DECEMBER 17 2017......SUNRISE   725 AM CST   SUNSET   524 PM CST
DECEMBER 18 2017......SUNRISE   725 AM CST   SUNSET   524 PM CST


-  INDICATES NEGATIVE NUMBERS.
R  INDICATES RECORD WAS SET OR TIED.
MM INDICATES DATA IS MISSING.
T  INDICATES TRACE AMOUNT.




$$
