440
CDUS44 KFWD 070637
CLIDFW


CLIMATE REPORT
NATIONAL WEATHER SERVICE FORT WORTH TX
1237 AM CST WED DEC 7 2016


...................................

...THE DALLAS FORT WORTH CLIMATE SUMMARY FOR DECEMBER 6 2016...

CLIMATE NORMAL PERIOD 1981 TO 2010
CLIMATE RECORD PERIOD 1898 TO 2016


WEATHER ITEM   OBSERVED TIME   RECORD YEAR NORMAL DEPARTURE LAST
                VALUE   (LST)  VALUE       VALUE  FROM      YEAR
                                                  NORMAL
..................................................................
TEMPERATURE (F)
 YESTERDAY
  MAXIMUM         53   1027 AM  84    1966  59     -6       65
  MINIMUM         45   1159 PM  11    1950  39      6       41
  AVERAGE         49                        49      0       53

PRECIPITATION (IN)
  YESTERDAY        0.01          1.85 1911   0.09  -0.08     0.00
  MONTH TO DATE    0.55                      0.50   0.05     0.00
  SINCE DEC 1      0.55                      0.50   0.05     0.00
  SINCE JAN 1     35.43                     34.09   1.34    58.78

SNOWFALL (IN)
  YESTERDAY        0.0           2.0  2013   0.0    0.0      0.0
  MONTH TO DATE    0.0                       0.0    0.0      0.0
  SINCE DEC 1      0.0                       0.0    0.0      0.0
  SINCE JUL 1      0.0                       T      0.0      0.0
  SNOW DEPTH       0

DEGREE DAYS
 HEATING
  YESTERDAY       16                        16      0       12
  MONTH TO DATE   81                        93    -12       96
  SINCE DEC 1     81                        93    -12       96
  SINCE JUL 1    183                       447   -264      311

 COOLING
  YESTERDAY        0                         0      0        0
  MONTH TO DATE    0                         0      0        0
  SINCE DEC 1      0                         0      0        0
  SINCE JAN 1   3207                      2752    455     3001
..................................................................


WIND (MPH)
  HIGHEST WIND SPEED    21   HIGHEST WIND DIRECTION     N (350)
  HIGHEST GUST SPEED    24   HIGHEST GUST DIRECTION     N (360)
  AVERAGE WIND SPEED     9.8


SKY COVER
  POSSIBLE SUNSHINE  MM
  AVERAGE SKY COVER 1.0


WEATHER CONDITIONS
 THE FOLLOWING WEATHER WAS RECORDED YESTERDAY.
  LIGHT RAIN
  FOG


RELATIVE HUMIDITY (PERCENT)
 HIGHEST   100           700 AM
 LOWEST     65           900 PM
 AVERAGE    83

..........................................................


THE DALLAS FORT WORTH CLIMATE NORMALS FOR TODAY
                         NORMAL    RECORD    YEAR
 MAXIMUM TEMPERATURE (F)   59        84      2007
 MINIMUM TEMPERATURE (F)   39        10      1950


SUNRISE AND SUNSET
DECEMBER  7 2016......SUNRISE   718 AM CST   SUNSET   522 PM CST
DECEMBER  8 2016......SUNRISE   719 AM CST   SUNSET   522 PM CST


-  INDICATES NEGATIVE NUMBERS.
R  INDICATES RECORD WAS SET OR TIED.
MM INDICATES DATA IS MISSING.
T  INDICATES TRACE AMOUNT.




$$
