822
CDUS44 KFWD 170637
CLIDFW


CLIMATE REPORT
NATIONAL WEATHER SERVICE FORT WORTH TX
137 AM CDT THU AUG 17 2017


...................................

...THE DALLAS FORT WORTH CLIMATE SUMMARY FOR AUGUST 16 2017...

CLIMATE NORMAL PERIOD 1981 TO 2010
CLIMATE RECORD PERIOD 1898 TO 2017


WEATHER ITEM   OBSERVED TIME   RECORD YEAR NORMAL DEPARTURE LAST
                VALUE   (LST)  VALUE       VALUE  FROM      YEAR
                                                  NORMAL
..................................................................
TEMPERATURE (F)
 YESTERDAY
  MAXIMUM         96    425 PM 110    1943  97     -1       86
  MINIMUM         81    730 AM  62    1992  76      5       72
  AVERAGE         89                        86      3       79

PRECIPITATION (IN)
  YESTERDAY        0.00          0.45 1940   0.05  -0.05     0.00
  MONTH TO DATE    3.21                      0.86   2.35     0.88
  SINCE JUN 1     15.77                      6.81   8.96     8.37
  SINCE JAN 1     27.63                     23.06   4.57    25.13

DEGREE DAYS
 HEATING
  YESTERDAY        0                         0      0        0
  MONTH TO DATE    0                         0      0        0
  SINCE JUN 1      0                         0      0        0
  SINCE JUL 1      0                         0      0        0

 COOLING
  YESTERDAY       24                        21      3       14
  MONTH TO DATE  331                       336     -5      386
  SINCE JUN 1   1540                      1458     82     1661
  SINCE JAN 1   2222                      1880    342     2084
..................................................................


WIND (MPH)
  HIGHEST WIND SPEED    24   HIGHEST WIND DIRECTION     S (190)
  HIGHEST GUST SPEED    28   HIGHEST GUST DIRECTION     S (190)
  AVERAGE WIND SPEED    15.0


SKY COVER
  POSSIBLE SUNSHINE  MM
  AVERAGE SKY COVER 0.6


WEATHER CONDITIONS
 THE FOLLOWING WEATHER WAS RECORDED YESTERDAY.
  NO SIGNIFICANT WEATHER WAS OBSERVED.


RELATIVE HUMIDITY (PERCENT)
 HIGHEST    79           500 AM
 LOWEST     49           400 PM
 AVERAGE    64

..........................................................


THE DALLAS FORT WORTH CLIMATE NORMALS FOR TODAY
                         NORMAL    RECORD    YEAR
 MAXIMUM TEMPERATURE (F)   97       107      1951
 MINIMUM TEMPERATURE (F)   75        63      1992


SUNRISE AND SUNSET
AUGUST 17 2017........SUNRISE   653 AM CDT   SUNSET   811 PM CDT
AUGUST 18 2017........SUNRISE   654 AM CDT   SUNSET   810 PM CDT


-  INDICATES NEGATIVE NUMBERS.
R  INDICATES RECORD WAS SET OR TIED.
MM INDICATES DATA IS MISSING.
T  INDICATES TRACE AMOUNT.




$$
