000
CDUS44 KFWD 170657
CLIDFW

CLIMATE REPORT
NATIONAL WEATHER SERVICE FORT WORTH TX
153 AM CDT THU APR 17 2014


...................................

...THE DALLAS FORT WORTH CLIMATE SUMMARY FOR APRIL 16 2014...

CLIMATE NORMAL PERIOD 1981 TO 2010
CLIMATE RECORD PERIOD 1898 TO 2014


WEATHER ITEM   OBSERVED TIME   RECORD YEAR NORMAL DEPARTURE LAST
                VALUE   (LST)  VALUE       VALUE  FROM      YEAR
                                                  NORMAL
..................................................................
TEMPERATURE (F)
 YESTERDAY
  MAXIMUM         69    437 PM  95    2006  77     -8       87
  MINIMUM         44    630 AM  36    1961  55    -11       71
                                      1905
  AVERAGE         57                        66     -9       79

PRECIPITATION (IN)
  YESTERDAY        0.00          1.71 2002   0.09  -0.09     0.00
  MONTH TO DATE    1.02                      1.40  -0.38     1.11
  SINCE MAR 1      2.47                      4.89  -2.42     3.38
  SINCE JAN 1      3.21                      9.68  -6.47     9.12

SNOWFALL (IN)
  YESTERDAY        0.0           0.0    MM   0.0    0.0      0.0
  MONTH TO DATE    0.0                       0.0    0.0      0.0
  SINCE MAR 1      0.1                       0.2   -0.1      0.0
  SINCE JUL 1      2.9                       1.2    1.7      0.8
  SNOW DEPTH       0

DEGREE DAYS
 HEATING
  YESTERDAY        8                         3      5        0
  MONTH TO DATE   85                        62     23       78
  SINCE MAR 1    406                       323     83      357
  SINCE JUL 1   2579                      2255    324     1947

 COOLING
  YESTERDAY        0                         3     -3       14
  MONTH TO DATE   61                        40     21       49
  SINCE MAR 1     83                        72     11       70
  SINCE JAN 1     83                        79      4       82
..................................................................


WIND (MPH)
  HIGHEST WIND SPEED    29   HIGHEST WIND DIRECTION     S (170)
  HIGHEST GUST SPEED    40   HIGHEST GUST DIRECTION    SE (150)
  AVERAGE WIND SPEED    16.6


SKY COVER
  POSSIBLE SUNSHINE  MM
  AVERAGE SKY COVER 0.6


WEATHER CONDITIONS
 THE FOLLOWING WEATHER WAS RECORDED YESTERDAY.
  NO SIGNIFICANT WEATHER WAS OBSERVED.


RELATIVE HUMIDITY (PERCENT)
 HIGHEST    59          1100 PM
 LOWEST     31          1200 PM
 AVERAGE    45

..........................................................


THE DALLAS FORT WORTH CLIMATE NORMALS FOR TODAY
                         NORMAL    RECORD    YEAR
 MAXIMUM TEMPERATURE (F)   77       101      2006
 MINIMUM TEMPERATURE (F)   55        35      1921


SUNRISE AND SUNSET
APRIL 17 2014.........SUNRISE   656 AM CDT   SUNSET   800 PM CDT
APRIL 18 2014.........SUNRISE   655 AM CDT   SUNSET   801 PM CDT


-  INDICATES NEGATIVE NUMBERS.
R  INDICATES RECORD WAS SET OR TIED.
MM INDICATES DATA IS MISSING.
T  INDICATES TRACE AMOUNT.




$$
