000
CDUS43 KDDC 230709
CLIDGC


CLIMATE REPORT
NATIONAL WEATHER SERVICE DODGE CITY KS
108 AM CST THU FEB 23 2017


...................................

...THE DODGE CITY KS CLIMATE SUMMARY FOR FEBRUARY 22 2017...

CLIMATE NORMAL PERIOD 1981 TO 2010
CLIMATE RECORD PERIOD 1875 TO 2017


WEATHER ITEM   OBSERVED TIME   RECORD YEAR NORMAL DEPARTURE LAST
                VALUE   (LST)  VALUE       VALUE  FROM      YEAR
                                                  NORMAL
..................................................................
TEMPERATURE (F)
 YESTERDAY
  MAXIMUM         77    344 PM  84    1982  50     27       54
  MINIMUM         35    637 AM  -3    1911  25     10       26
  AVERAGE         56                        38     18       40

PRECIPITATION (IN)
  YESTERDAY        0.00          0.93 1922   0.02  -0.02     0.00
  MONTH TO DATE    0.01                      0.52  -0.51     0.31
  SINCE DEC 1      3.19                      1.94   1.25     3.02
  SINCE JAN 1      2.57                      1.10   1.47     0.59

SNOWFALL (IN)
  YESTERDAY        0.0           3.8  2015   0.1   -0.1      0.0
  MONTH TO DATE    0.0                       3.2   -3.2      0.1
  SINCE DEC 1      5.0                      12.2   -7.2      8.9
  SINCE JUL 1      5.0                      14.4   -9.4     10.0
  SNOW DEPTH       0

DEGREE DAYS
 HEATING
  YESTERDAY        9                        27    -18       25
  MONTH TO DATE  438                       657   -219      540
  SINCE DEC 1   2488                      2675   -187     2387
  SINCE JUL 1   3084                      3689   -605     3217

 COOLING
  YESTERDAY        0                         0      0        0
  MONTH TO DATE    0                         0      0        2
  SINCE DEC 1      0                         0      0        2
  SINCE JAN 1      0                         0      0        2
..................................................................


WIND (MPH)
  HIGHEST WIND SPEED    18   HIGHEST WIND DIRECTION     N (360)
  HIGHEST GUST SPEED    23   HIGHEST GUST DIRECTION     N (360)
  AVERAGE WIND SPEED     9.9


SKY COVER
  POSSIBLE SUNSHINE  MM
  AVERAGE SKY COVER 0.0


WEATHER CONDITIONS
 THE FOLLOWING WEATHER WAS RECORDED YESTERDAY.
  NO SIGNIFICANT WEATHER WAS OBSERVED.


RELATIVE HUMIDITY (PERCENT)
 HIGHEST    59           600 AM
 LOWEST     15           500 PM
 AVERAGE    37

..........................................................


THE DODGE CITY KS CLIMATE NORMALS FOR TODAY
                         NORMAL    RECORD    YEAR
 MAXIMUM TEMPERATURE (F)   51        84      1918
 MINIMUM TEMPERATURE (F)   25        -4      1889


SUNRISE AND SUNSET
FEBRUARY 23 2017......SUNRISE   719 AM CST   SUNSET   628 PM CST
FEBRUARY 24 2017......SUNRISE   718 AM CST   SUNSET   629 PM CST


-  INDICATES NEGATIVE NUMBERS.
R  INDICATES RECORD WAS SET OR TIED.
MM INDICATES DATA IS MISSING.
T  INDICATES TRACE AMOUNT.




$$
