000
CDUS43 KDDC 231012
CLIDGC


CLIMATE REPORT
NATIONAL WEATHER SERVICE DODGE CITY KS
512 AM CDT WED JUL 23 2014


...................................

...THE DODGE CITY KS CLIMATE SUMMARY FOR JULY 22 2014...

CLIMATE NORMAL PERIOD 1981 TO 2010
CLIMATE RECORD PERIOD 1875 TO 2014


WEATHER ITEM   OBSERVED TIME   RECORD YEAR NORMAL DEPARTURE LAST
                VALUE   (LST)  VALUE       VALUE  FROM      YEAR
                                                  NORMAL
..................................................................
TEMPERATURE (F)
 YESTERDAY
  MAXIMUM         95    450 PM 106    2001  93      2      102
  MINIMUM         69    600 AM  54    1970  67      2       73
  AVERAGE         82                        80      2       88

PRECIPITATION (IN)
  YESTERDAY        0.00          2.36 1881   0.10  -0.10     0.00
  MONTH TO DATE    1.53                      2.17  -0.64     1.33
  SINCE JUN 1     10.62                      5.41   5.21     3.94
  SINCE JAN 1     14.14                     12.93   1.21     7.37

SNOWFALL (IN)
  YESTERDAY        0.0           T    1952   0.0    0.0      0.0
  MONTH TO DATE    0.0                       0.0    0.0      0.0
  SINCE JUN 1      0.0                       0.0    0.0      0.0
  SINCE JUL 1      0.0                       0.0    0.0      0.0
  SNOW DEPTH       0

DEGREE DAYS
 HEATING
  YESTERDAY        0                         0      0        0
  MONTH TO DATE   12                         0     12        0
  SINCE JUN 1     19                        13      6       12
  SINCE JUL 1     12                         0     12        0

 COOLING
  YESTERDAY       17                        15      2       23
  MONTH TO DATE  231                       318    -87      331
  SINCE JUN 1    515                       596    -81      719
  SINCE JAN 1    687                       705    -18      881
..................................................................


WIND (MPH)
  HIGHEST WIND SPEED    17   HIGHEST WIND DIRECTION     S (180)
  HIGHEST GUST SPEED    24   HIGHEST GUST DIRECTION     S (200)
  AVERAGE WIND SPEED     8.5


SKY COVER
  POSSIBLE SUNSHINE  MM
  AVERAGE SKY COVER 0.0


WEATHER CONDITIONS
 THE FOLLOWING WEATHER WAS RECORDED YESTERDAY.
  NO SIGNIFICANT WEATHER WAS OBSERVED.


RELATIVE HUMIDITY (PERCENT)
 HIGHEST    84           600 AM
 LOWEST     33           500 PM
 AVERAGE    59

..........................................................


THE DODGE CITY KS CLIMATE NORMALS FOR TODAY
                         NORMAL    RECORD    YEAR
 MAXIMUM TEMPERATURE (F)   93       109      1936
 MINIMUM TEMPERATURE (F)   67        55      1904


SUNRISE AND SUNSET
JULY 23 2014..........SUNRISE   636 AM CDT   SUNSET   856 PM CDT
JULY 24 2014..........SUNRISE   637 AM CDT   SUNSET   855 PM CDT


-  INDICATES NEGATIVE NUMBERS.
R  INDICATES RECORD WAS SET OR TIED.
MM INDICATES DATA IS MISSING.
T  INDICATES TRACE AMOUNT.




$$
