000
CDUS43 KDDC 311016
CLIDGC


CLIMATE REPORT
NATIONAL WEATHER SERVICE DODGE CITY KS
414 AM CST SAT JAN 31 2015


...................................

...THE DODGE CITY KS CLIMATE SUMMARY FOR JANUARY 30 2015...

CLIMATE NORMAL PERIOD 1981 TO 2010
CLIMATE RECORD PERIOD 1875 TO 2015


WEATHER ITEM   OBSERVED TIME   RECORD YEAR NORMAL DEPARTURE LAST
                VALUE   (LST)  VALUE       VALUE  FROM      YEAR
                                                  NORMAL
..................................................................
TEMPERATURE (F)
 YESTERDAY
  MAXIMUM         43   1129 AM  73    1986  45     -2       55
  MINIMUM         22    313 AM -10    1902  21      1       27
  AVERAGE         33                        33      0       41

PRECIPITATION (IN)
  YESTERDAY        0.25          0.61 1879   0.02   0.23     0.00
  MONTH TO DATE    0.54                      0.56  -0.02     0.24
  SINCE DEC 1      1.54                      1.40   0.14     0.72
  SINCE JAN 1      0.54                      0.56  -0.02     0.24

SNOWFALL (IN)
  YESTERDAY        0.0           5.3  2005   0.2   -0.2      0.0
  MONTH TO DATE    3.3                       4.7   -1.4      4.0
  SINCE DEC 1      7.1                       8.8   -1.7      9.5
  SINCE JUL 1      9.3                      11.0   -1.7     14.5
  SNOW DEPTH       0

DEGREE DAYS
 HEATING
  YESTERDAY       32                        32      0       24
  MONTH TO DATE  927                       985    -58      985
  SINCE DEC 1   1859                      1985   -126     2065
  SINCE JUL 1   2857                      2999   -142     3093

 COOLING
  YESTERDAY        0                         0      0        0
  MONTH TO DATE    0                         0      0        0
  SINCE DEC 1      0                         0      0        0
  SINCE JAN 1      0                         0      0        0
..................................................................


WIND (MPH)
  HIGHEST WIND SPEED    23   HIGHEST WIND DIRECTION     S (200)
  HIGHEST GUST SPEED    29   HIGHEST GUST DIRECTION     S (190)
  AVERAGE WIND SPEED    11.5


SKY COVER
  POSSIBLE SUNSHINE  MM
  AVERAGE SKY COVER 0.6


WEATHER CONDITIONS
 THE FOLLOWING WEATHER WAS RECORDED YESTERDAY.
  LIGHT RAIN
  LIGHT SNOW
  FOG
  HAZE


RELATIVE HUMIDITY (PERCENT)
 HIGHEST    89           800 PM
 LOWEST     46          1200 PM
 AVERAGE    68

..........................................................


THE DODGE CITY KS CLIMATE NORMALS FOR TODAY
                         NORMAL    RECORD    YEAR
 MAXIMUM TEMPERATURE (F)   45        80      1989
 MINIMUM TEMPERATURE (F)   21       -11      1979


SUNRISE AND SUNSET
JANUARY 31 2015.......SUNRISE   745 AM CST   SUNSET   602 PM CST
FEBRUARY  1 2015......SUNRISE   744 AM CST   SUNSET   603 PM CST


-  INDICATES NEGATIVE NUMBERS.
R  INDICATES RECORD WAS SET OR TIED.
MM INDICATES DATA IS MISSING.
T  INDICATES TRACE AMOUNT.




$$
