000
CDUS43 KDDC 051006
CLIDGC


CLIMATE REPORT
NATIONAL WEATHER SERVICE DODGE CITY KS
405 AM CST THU MAR 5 2015


...................................

...THE DODGE CITY KS CLIMATE SUMMARY FOR MARCH 4 2015...

CLIMATE NORMAL PERIOD 1981 TO 2010
CLIMATE RECORD PERIOD 1875 TO 2015


WEATHER ITEM   OBSERVED TIME   RECORD YEAR NORMAL DEPARTURE LAST
                VALUE   (LST)  VALUE       VALUE  FROM      YEAR
                                                  NORMAL
..................................................................
TEMPERATURE (F)
 YESTERDAY
  MAXIMUM         32    315 PM  86    2009  54    -22       46
  MINIMUM         17   1129 PM   0    1960  28    -11       15
                                      1952
  AVERAGE         25                        41    -16       31

PRECIPITATION (IN)
  YESTERDAY        T             1.29 2004   0.04  -0.04     0.00
  MONTH TO DATE    T                         0.14  -0.14     0.19
  SINCE MAR 1      T                         0.14  -0.14     0.19
  SINCE JAN 1      1.30                      1.40  -0.10     1.03

SNOWFALL (IN)
  YESTERDAY        T             7.8  1948   0.2   -0.2      0.0
  MONTH TO DATE    T                         0.6   -0.6      3.3
  SINCE MAR 1      T                         0.6   -0.6      3.3
  SINCE JUL 1     21.4                      15.7    5.7     27.8
  SNOW DEPTH       0

DEGREE DAYS
 HEATING
  YESTERDAY       40                        24     16       34
  MONTH TO DATE  147                        99     48      206
  SINCE MAR 1    147                        99     48      206
  SINCE JUL 1   3895                      3946    -51     4363

 COOLING
  YESTERDAY        0                         0      0        0
  MONTH TO DATE    0                         0      0        0
  SINCE MAR 1      0                         0      0        0
  SINCE JAN 1      0                         0      0        0
..................................................................


WIND (MPH)
  HIGHEST WIND SPEED    26   HIGHEST WIND DIRECTION    NE (40)
  HIGHEST GUST SPEED    33   HIGHEST GUST DIRECTION    NE (30)
  AVERAGE WIND SPEED    14.6


SKY COVER
  POSSIBLE SUNSHINE  MM
  AVERAGE SKY COVER 0.8


WEATHER CONDITIONS
 THE FOLLOWING WEATHER WAS RECORDED YESTERDAY.
  LIGHT SNOW
  HAZE


RELATIVE HUMIDITY (PERCENT)
 HIGHEST    73           700 AM
 LOWEST     34           600 PM
 AVERAGE    54

..........................................................


THE DODGE CITY KS CLIMATE NORMALS FOR TODAY
                         NORMAL    RECORD    YEAR
 MAXIMUM TEMPERATURE (F)   54        86      1916
                                             1910
 MINIMUM TEMPERATURE (F)   28        -3      1960


SUNRISE AND SUNSET
MARCH  5 2015.........SUNRISE   706 AM CST   SUNSET   637 PM CST
MARCH  6 2015.........SUNRISE   705 AM CST   SUNSET   638 PM CST


-  INDICATES NEGATIVE NUMBERS.
R  INDICATES RECORD WAS SET OR TIED.
MM INDICATES DATA IS MISSING.
T  INDICATES TRACE AMOUNT.




$$
