000
CDUS43 KDDC 021427
CLIDGC


CLIMATE REPORT
NATIONAL WEATHER SERVICE DODGE CITY KS
926 AM CDT THU OCT 2 2014


...................................

...THE DODGE CITY KS CLIMATE SUMMARY FOR OCTOBER 2 2014...
VALID AS OF 0800 AM LOCAL TIME.

CLIMATE NORMAL PERIOD 1981 TO 2010
CLIMATE RECORD PERIOD 1875 TO 2014


WEATHER ITEM   OBSERVED TIME   RECORD YEAR NORMAL DEPARTURE LAST
                VALUE   (LST)  VALUE       VALUE  FROM      YEAR
                                                  NORMAL
..................................................................
TEMPERATURE (F)
 TODAY
  MAXIMUM         66   1242 AM  95    1997  75     -9       85
  MINIMUM         53    739 AM  34    2004  49      4       60
  AVERAGE         60                        62     -2       73

PRECIPITATION (IN)
  TODAY            T             1.07 1923   0.06  -0.06     0.00
  MONTH TO DATE    T                         0.12  -0.12     0.00
  SINCE SEP 1      1.66                      1.79  -0.13     1.12
  SINCE JAN 1     19.89                     18.38   1.51    16.60

SNOWFALL (IN)
  TODAY            0.0           0.0  2002   0.0    0.0      0.0
                                      2001
  MONTH TO DATE    0.0                       0.0    0.0      0.0
  SINCE SEP 1      0.0                       0.0    0.0      0.0
  SINCE JUL 1      0.0                       0.0    0.0      0.0
  SNOW DEPTH       0

..................................................................


WIND (MPH)
  HIGHEST WIND SPEED    31   HIGHEST WIND DIRECTION    NW (330)
  HIGHEST GUST SPEED    41   HIGHEST GUST DIRECTION    NW (320)
  AVERAGE WIND SPEED    18.7



WEATHER CONDITIONS
 THE FOLLOWING WEATHER WAS RECORDED TODAY.
  FOG
  HAZE


RELATIVE HUMIDITY (PERCENT)
 HIGHEST    90          1200 AM
 LOWEST     72           200 AM

..........................................................


THE DODGE CITY KS CLIMATE NORMALS FOR TOMORROW
                         NORMAL    RECORD    YEAR
 MAXIMUM TEMPERATURE (F)   75        98      2006
 MINIMUM TEMPERATURE (F)   49        30      2009


SUNRISE AND SUNSET
OCTOBER  2 2014.......SUNRISE   736 AM CDT   SUNSET   721 PM CDT
OCTOBER  3 2014.......SUNRISE   737 AM CDT   SUNSET   720 PM CDT


-  INDICATES NEGATIVE NUMBERS.
R  INDICATES RECORD WAS SET OR TIED.
MM INDICATES DATA IS MISSING.
T  INDICATES TRACE AMOUNT.




$$
