000
CDUS45 KCYS 272146
CLIDGW


CLIMATE REPORT
NATIONAL WEATHER SERVICE CHEYENNE WY
345 PM MDT THU AUG 27 2015


...................................

...THE DOUGLAS WY AIRPORT CLIMATE SUMMARY FOR AUGUST 27 2015...
VALID AS OF 0300 PM LOCAL TIME.

CLIMATE NORMAL PERIOD 1981 TO 2010
CLIMATE RECORD PERIOD 1998 TO 2015


WEATHER ITEM   OBSERVED TIME   RECORD YEAR NORMAL DEPARTURE LAST
                VALUE   (LST)  VALUE       VALUE  FROM      YEAR
                                                  NORMAL
..................................................................
TEMPERATURE (F)
 TODAY
  MAXIMUM         81   1240 PM  99    2011  84     -3       67
  MINIMUM         67    642 AM  43    2009  50     17       55
                                      2005
  AVERAGE         74                        67      7       61

PRECIPITATION (IN)
  TODAY            0.00          0.29 2014   0.04  -0.04     0.29
  MONTH TO DATE    0.51                      0.97  -0.46     1.41
  SINCE JAN 1     11.86                      9.88   1.98    10.39

DEGREE DAYS
 HEATING
  TODAY            0                         2     -2        4
  MONTH TO DATE   35                        19     16       18
  SINCE JUN 1     70                       144    -74      175
  SINCE JUL 1     48                        34     14       32

 COOLING
  TODAY            9                         4      5        0
  MONTH TO DATE  159                       162     -3      131
  SINCE JUN 1    397                       438    -41      364
  SINCE JAN 1    398                       444    -46      369
..................................................................


WIND (MPH)
  HIGHEST WIND SPEED    26   HIGHEST WIND DIRECTION     W (290)
  HIGHEST GUST SPEED    32   HIGHEST GUST DIRECTION     W (290)
  AVERAGE WIND SPEED    14.8


SKY COVER
  AVERAGE SKY COVER 0.6


WEATHER CONDITIONS
 THE FOLLOWING WEATHER WAS RECORDED TODAY.
  NO SIGNIFICANT WEATHER WAS OBSERVED.


RELATIVE HUMIDITY (PERCENT)
 HIGHEST    52           600 AM
 LOWEST     30           200 PM
 AVERAGE    41

..........................................................


THE DOUGLAS WY AIRPORT CLIMATE NORMALS FOR TOMORROW
                         NORMAL    RECORD    YEAR
 MAXIMUM TEMPERATURE (F)   84        98      2012
 MINIMUM TEMPERATURE (F)   50        34      2004


SUNRISE AND SUNSET
AUGUST 27 2015........SUNRISE   621 AM MDT   SUNSET   745 PM MDT
AUGUST 28 2015........SUNRISE   622 AM MDT   SUNSET   743 PM MDT


-  INDICATES NEGATIVE NUMBERS.
R  INDICATES RECORD WAS SET OR TIED.
MM INDICATES DATA IS MISSING.
T  INDICATES TRACE AMOUNT.




$$
