000
CDUS45 KCYS 260427
CLIDGW


CLIMATE REPORT
NATIONAL WEATHER SERVICE CHEYENNE WY
927 PM MST SUN JAN 25 2015


...................................

...THE DOUGLAS WY AIRPORT CLIMATE SUMMARY FOR JANUARY 25 2015...
VALID TODAY AS OF 0900 PM LOCAL TIME.

CLIMATE NORMAL PERIOD 1981 TO 2010
CLIMATE RECORD PERIOD 1998 TO 2015


WEATHER ITEM   OBSERVED TIME   RECORD YEAR NORMAL DEPARTURE LAST
                VALUE   (LST)  VALUE       VALUE  FROM      YEAR
                                                  NORMAL
..................................................................
TEMPERATURE (F)
 TODAY
  MAXIMUM         56R   142 PM  56    2013  39     17       54
                                      2002
  MINIMUM         25    325 AM  -1    2009  12     13       31
  AVERAGE         41                        25     16       43

PRECIPITATION (IN)
  TODAY            0.00          0.14 2009   0.01  -0.01     0.00
  MONTH TO DATE    0.03                      0.27  -0.24     0.33
  SINCE JAN 1      0.03                      0.27  -0.24     0.33

DEGREE DAYS
 HEATING
  TODAY           24                        40    -16       22
  MONTH TO DATE 1023                      1002     21      928
  SINCE DEC 1   2194                      2269    -75     2270
  SINCE JUL 1   3918                      4091   -173     4007

 COOLING
  TODAY            0                         0      0        0
  MONTH TO DATE    0                         0      0        0
  SINCE DEC 1      0                         0      0        0
  SINCE JAN 1      0                         0      0        0
..................................................................


WIND (MPH)
  HIGHEST WIND SPEED    28   HIGHEST WIND DIRECTION    NW (300)
  HIGHEST GUST SPEED    35   HIGHEST GUST DIRECTION    NW (300)
  AVERAGE WIND SPEED    10.7


SKY COVER
  AVERAGE SKY COVER 0.4


WEATHER CONDITIONS
 THE FOLLOWING WEATHER WAS RECORDED TODAY.
  NO SIGNIFICANT WEATHER WAS OBSERVED.


RELATIVE HUMIDITY (PERCENT)
 HIGHEST    92           200 AM
 LOWEST     32           200 PM
 AVERAGE    62

..........................................................


THE DOUGLAS WY AIRPORT CLIMATE NORMALS FOR TOMORROW
                         NORMAL    RECORD    YEAR
 MAXIMUM TEMPERATURE (F)   38        59      2002
 MINIMUM TEMPERATURE (F)   12       -26      2009


SUNRISE AND SUNSET
JANUARY 25 2015.......SUNRISE   723 AM MST   SUNSET   505 PM MST
JANUARY 26 2015.......SUNRISE   722 AM MST   SUNSET   507 PM MST


-  INDICATES NEGATIVE NUMBERS.
R  INDICATES RECORD WAS SET OR TIED.
MM INDICATES DATA IS MISSING.
T  INDICATES TRACE AMOUNT.




$$
