000
CDUS45 KCYS 020816
CLIDGW


CLIMATE REPORT
NATIONAL WEATHER SERVICE CHEYENNE WY
216 AM MDT THU JUL 2 2015


...................................

...THE DOUGLAS WY AIRPORT CLIMATE SUMMARY FOR JULY 1 2015...

CLIMATE NORMAL PERIOD 1981 TO 2010
CLIMATE RECORD PERIOD 1998 TO 2015


WEATHER ITEM   OBSERVED TIME   RECORD YEAR NORMAL DEPARTURE LAST
                VALUE   (LST)  VALUE       VALUE  FROM      YEAR
                                                  NORMAL
..................................................................
TEMPERATURE (F)
 YESTERDAY
  MAXIMUM         89    359 PM  99    2012  86      3       74
  MINIMUM         58    503 AM  45    2014  52      6       45
  AVERAGE         74                        69      5       60

PRECIPITATION (IN)
  YESTERDAY        0.19R         0.07 2011   0.06   0.13     0.00
  MONTH TO DATE    0.19                      0.06   0.13     0.00
  SINCE JAN 1     10.72                      7.61   3.11     6.83

DEGREE DAYS
 HEATING
  YESTERDAY        0                         1     -1        5
  MONTH TO DATE    0                         1     -1        5
  SINCE JUN 1     22                       111    -89      148
  SINCE JUL 1      0                         1     -1        5

 COOLING
  YESTERDAY        9                         5      4        0
  MONTH TO DATE    9                         5      4        0
  SINCE JUN 1     93                        76     17       27
  SINCE JAN 1     94                        82     12       32
..................................................................


WIND (MPH)
  HIGHEST WIND SPEED    31   HIGHEST WIND DIRECTION    NE (50)
  HIGHEST GUST SPEED    40   HIGHEST GUST DIRECTION    NW (300)
  AVERAGE WIND SPEED     8.8


SKY COVER
  AVERAGE SKY COVER 0.1


WEATHER CONDITIONS
 THE FOLLOWING WEATHER WAS RECORDED YESTERDAY.
  THUNDERSTORM
  HEAVY RAIN
  LIGHT RAIN


RELATIVE HUMIDITY (PERCENT)
 HIGHEST    90          1200 AM
 LOWEST     28           100 PM
 AVERAGE    59

..........................................................


THE DOUGLAS WY AIRPORT CLIMATE NORMALS FOR TODAY
                         NORMAL    RECORD    YEAR
 MAXIMUM TEMPERATURE (F)   86        97      2007
                                             2005
 MINIMUM TEMPERATURE (F)   52        40      2014


SUNRISE AND SUNSET
JULY  2 2015..........SUNRISE   527 AM MDT   SUNSET   843 PM MDT
JULY  3 2015..........SUNRISE   528 AM MDT   SUNSET   843 PM MDT


-  INDICATES NEGATIVE NUMBERS.
R  INDICATES RECORD WAS SET OR TIED.
MM INDICATES DATA IS MISSING.
T  INDICATES TRACE AMOUNT.




$$
