000
CDUS45 KCYS 052235
CLIDGW


CLIMATE REPORT
NATIONAL WEATHER SERVICE CHEYENNE WY
335 PM MST THU MAR 5 2015


...................................

...THE DOUGLAS WY AIRPORT CLIMATE SUMMARY FOR MARCH 5 2015...
VALID AS OF 0300 PM LOCAL TIME.

CLIMATE NORMAL PERIOD 1981 TO 2010
CLIMATE RECORD PERIOD 1998 TO 2015


WEATHER ITEM   OBSERVED TIME   RECORD YEAR NORMAL DEPARTURE LAST
                VALUE   (LST)  VALUE       VALUE  FROM      YEAR
                                                  NORMAL
..................................................................
TEMPERATURE (F)
 TODAY
  MAXIMUM         35    159 PM  68    2000  45    -10       50
  MINIMUM        -12R   628 AM  -4    2003  18    -30       26
  AVERAGE         12                        32    -20       38

PRECIPITATION (IN)
  TODAY            0.00          0.21 2010   0.02  -0.02     0.00
  MONTH TO DATE    0.10                      0.08   0.02     0.24
  SINCE JAN 1      0.96                      0.87   0.09     1.70

DEGREE DAYS
 HEATING
  TODAY           53                        33     20       27
  MONTH TO DATE  249                       170     79      219
  SINCE MAR 1    249                       170     79      219
  SINCE JUL 1   5252                      5570   -318     5809

 COOLING
  TODAY            0                         0      0        0
  MONTH TO DATE    0                         0      0        0
  SINCE MAR 1      0                         0      0        0
  SINCE JAN 1      0                         0      0        0
..................................................................


WIND (MPH)
  HIGHEST WIND SPEED    21   HIGHEST WIND DIRECTION    NW (310)
  HIGHEST GUST SPEED    25   HIGHEST GUST DIRECTION    NW (310)
  AVERAGE WIND SPEED     5.3


SKY COVER
  AVERAGE SKY COVER 0.0


WEATHER CONDITIONS
 THE FOLLOWING WEATHER WAS RECORDED TODAY.
  NO SIGNIFICANT WEATHER WAS OBSERVED.


RELATIVE HUMIDITY (PERCENT)
 HIGHEST    86           800 AM
 LOWEST     56           100 PM
 AVERAGE    71

..........................................................


THE DOUGLAS WY AIRPORT CLIMATE NORMALS FOR TOMORROW
                         NORMAL    RECORD    YEAR
 MAXIMUM TEMPERATURE (F)   46        64      2006
 MINIMUM TEMPERATURE (F)   19        15      2013
                                             2004


SUNRISE AND SUNSET
MARCH  5 2015.........SUNRISE   631 AM MST   SUNSET   556 PM MST
MARCH  6 2015.........SUNRISE   629 AM MST   SUNSET   557 PM MST


-  INDICATES NEGATIVE NUMBERS.
R  INDICATES RECORD WAS SET OR TIED.
MM INDICATES DATA IS MISSING.
T  INDICATES TRACE AMOUNT.




$$
