000
CDUS44 KTAE 212139
CLIDHN


CLIMATE REPORT
NATIONAL WEATHER SERVICE TALLAHASSEE FL
538 PM EDT FRI JUL 21 2017


...................................

...THE DOTHAN CLIMATE SUMMARY FOR JULY 21 2017...
VALID TODAY AS OF 0500 PM LOCAL TIME.

CLIMATE NORMAL PERIOD 1981 TO 2010
CLIMATE RECORD PERIOD 1965 TO 2017


WEATHER ITEM   OBSERVED TIME   NORMAL DEPARTURE LAST
                VALUE   (LST)  VALUE  FROM      YEAR
                                      NORMAL
......................................................
TEMPERATURE (F)
 TODAY
  MAXIMUM         95    219 PM  92      3       95
  MINIMUM         75    514 AM  72      3       71
  AVERAGE         85            82      3       83

PRECIPITATION (IN)
  TODAY            0.00          0.17  -0.17     1.76
  MONTH TO DATE    1.93          4.03  -2.10     6.66
  SINCE JUN 1      7.32          9.63  -2.31    11.75
  SINCE JAN 1     34.57         31.99   2.58    36.17

......................................................










-  INDICATES NEGATIVE NUMBERS.
R  INDICATES RECORD WAS SET OR TIED.
MM INDICATES DATA IS MISSING.
T  INDICATES TRACE AMOUNT.




$$
