000
CDUS44 KTAE 300631
CLIDHN


CLIMATE REPORT
NATIONAL WEATHER SERVICE TALLAHASSEE FL
231 AM EDT TUE MAY 30 2017


...................................

...THE DOTHAN CLIMATE SUMMARY FOR MAY 29 2017...

CLIMATE NORMAL PERIOD 1981 TO 2010
CLIMATE RECORD PERIOD 1965 TO 2017


WEATHER ITEM   OBSERVED TIME   NORMAL DEPARTURE LAST
                VALUE   (LST)  VALUE  FROM      YEAR
                                      NORMAL
......................................................
TEMPERATURE (F)
 YESTERDAY
  MAXIMUM         89    500 PM  88      1       92
  MINIMUM         72    607 AM  66      6       68
  AVERAGE         81            77      4       80

PRECIPITATION (IN)
  YESTERDAY        T             0.18  -0.18      T
  MONTH TO DATE    4.55          3.19   1.36     1.50
  SINCE MAR 1      7.66         12.59  -4.93    13.45
  SINCE JAN 1     27.25         21.99   5.26    24.30

SNOWFALL (IN)
  YESTERDAY        0.0

DEGREE DAYS
 COOLING
  YESTERDAY       16            12      4       15
  MONTH TO DATE  260           267     -7      252
  SINCE MAR 1    529           378    151      412
  SINCE JAN 1    567           388    179      418
......................................................


WIND (MPH)
  HIGHEST WIND SPEED    20   HIGHEST WIND DIRECTION     W (270)
  HIGHEST GUST SPEED    22   HIGHEST GUST DIRECTION     W (270)
  AVERAGE WIND SPEED     8.6








-  INDICATES NEGATIVE NUMBERS.
R  INDICATES RECORD WAS SET OR TIED.
MM INDICATES DATA IS MISSING.
T  INDICATES TRACE AMOUNT.




$$
