000
CDUS44 KTAE 250640
CLIDHN


CLIMATE REPORT
NATIONAL WEATHER SERVICE TALLAHASSEE FL
140 AM EST THU DEC 25 2014


...................................

...THE DOTHAN CLIMATE SUMMARY FOR DECEMBER 24 2014...

CLIMATE NORMAL PERIOD 1981 TO 2010
CLIMATE RECORD PERIOD 1965 TO 2014


WEATHER ITEM   OBSERVED TIME   NORMAL DEPARTURE LAST
                VALUE   (LST)  VALUE  FROM      YEAR
                                      NORMAL
......................................................
TEMPERATURE (F)
 YESTERDAY
  MAXIMUM         68   1201 PM  61      7       52
  MINIMUM         50   1159 PM  39     11       31
  AVERAGE         59            50      9       42

PRECIPITATION (IN)
  YESTERDAY        1.98          0.11   1.87     0.00
  MONTH TO DATE    4.93          3.68   1.25     6.82
  SINCE DEC 1      4.93          3.68   1.25     6.82
  SINCE JAN 1     54.92         53.26   1.66    76.09

SNOWFALL (IN)
  YESTERDAY        0.0

DEGREE DAYS
 HEATING
  YESTERDAY        6            16    -10       23
  MONTH TO DATE  247           324    -77      225
  SINCE DEC 1    247           324    -77      225
  SINCE JUL 1    668           601     67      525
......................................................


WIND (MPH)
  HIGHEST WIND SPEED    22   HIGHEST WIND DIRECTION     W (270)
  HIGHEST GUST SPEED    26   HIGHEST GUST DIRECTION     W (270)
  AVERAGE WIND SPEED    10.6








-  INDICATES NEGATIVE NUMBERS.
R  INDICATES RECORD WAS SET OR TIED.
MM INDICATES DATA IS MISSING.
T  INDICATES TRACE AMOUNT.




$$
