000
CDUS44 KTAE 260633
CLIDHN


CLIMATE REPORT
NATIONAL WEATHER SERVICE TALLAHASSEE FL
132 AM EST MON JAN 26 2015


...................................

...THE DOTHAN CLIMATE SUMMARY FOR JANUARY 25 2015...

CLIMATE NORMAL PERIOD 1981 TO 2010
CLIMATE RECORD PERIOD 1965 TO 2015


WEATHER ITEM   OBSERVED TIME   NORMAL DEPARTURE LAST
                VALUE   (LST)  VALUE  FROM      YEAR
                                      NORMAL
......................................................
TEMPERATURE (F)
 YESTERDAY
  MAXIMUM         64    314 PM  61      3       57
  MINIMUM         31    528 AM  38     -7       31
  AVERAGE         48            49     -1       44

PRECIPITATION (IN)
  YESTERDAY        0.00          0.19  -0.19     0.00
  MONTH TO DATE    2.95          3.49  -0.54     2.30
  SINCE DEC 1      8.39          7.88   0.51    10.94
  SINCE JAN 1      2.95          3.49  -0.54     2.30

SNOWFALL (IN)
  YESTERDAY        0.0

DEGREE DAYS
 HEATING
  YESTERDAY       17            16      1       21
  MONTH TO DATE  389           411    -22      529
  SINCE DEC 1    716           847   -131      881
  SINCE JUL 1   1137          1124     13     1181
......................................................


WIND (MPH)
  HIGHEST WIND SPEED    24   HIGHEST WIND DIRECTION    SW (210)
  HIGHEST GUST SPEED    30   HIGHEST GUST DIRECTION    SW (210)
  AVERAGE WIND SPEED     9.5








-  INDICATES NEGATIVE NUMBERS.
R  INDICATES RECORD WAS SET OR TIED.
MM INDICATES DATA IS MISSING.
T  INDICATES TRACE AMOUNT.




$$
