000
CDUS44 KTAE 010637
CLIDHN


CLIMATE REPORT
NATIONAL WEATHER SERVICE TALLAHASSEE FL
237 AM EDT WED OCT 1 2014


...................................

...THE DOTHAN CLIMATE SUMMARY FOR SEPTEMBER 30 2014...

CLIMATE NORMAL PERIOD 1981 TO 2010
CLIMATE RECORD PERIOD 1965 TO 2014


WEATHER ITEM   OBSERVED TIME   NORMAL DEPARTURE LAST
                VALUE   (LST)  VALUE  FROM      YEAR
                                      NORMAL
......................................................
TEMPERATURE (F)
 YESTERDAY
  MAXIMUM         77    324 PM  84     -7       80
  MINIMUM         63   1159 PM  61      2       64
  AVERAGE         70            72     -2       72

PRECIPITATION (IN)
  YESTERDAY        0.00          0.08  -0.08     0.00
  MONTH TO DATE    2.64          3.59  -0.95     8.37
  SINCE SEP 1      2.64          3.59  -0.95     8.37
  SINCE JAN 1     42.58         41.98   0.60    66.21

SNOWFALL (IN)
  YESTERDAY        0.0

DEGREE DAYS
 HEATING
  YESTERDAY        0             0      0        0
  MONTH TO DATE    0             0      0        0
  SINCE SEP 1      0             2     -2        0
  SINCE JUL 1      0             2     -2        0

 COOLING
  YESTERDAY        5             8     -3        7
  MONTH TO DATE  387           348     39      384
  SINCE SEP 1    387           348     39      384
  SINCE JAN 1   2272          2228     44     2138
......................................................


WIND (MPH)
  HIGHEST WIND SPEED    10   HIGHEST WIND DIRECTION     E (90)
  HIGHEST GUST SPEED    14   HIGHEST GUST DIRECTION    NE (40)
  AVERAGE WIND SPEED     4.0








-  INDICATES NEGATIVE NUMBERS.
R  INDICATES RECORD WAS SET OR TIED.
MM INDICATES DATA IS MISSING.
T  INDICATES TRACE AMOUNT.




$$
