000
CDUS44 KTAE 010932
CLIDHN


CLIMATE REPORT
NATIONAL WEATHER SERVICE TALLAHASSEE FL
528 AM EDT FRI AUG 1 2014


...................................

...THE DOTHAN CLIMATE SUMMARY FOR JULY 31 2014...

CLIMATE NORMAL PERIOD 1981 TO 2010
CLIMATE RECORD PERIOD 1965 TO 2014


WEATHER ITEM   OBSERVED TIME   NORMAL DEPARTURE LAST
                VALUE   (LST)  VALUE  FROM      YEAR
                                      NORMAL
......................................................
TEMPERATURE (F)
 YESTERDAY
  MAXIMUM         88    414 PM  92     -4       90
  MINIMUM         62    456 AM  72    -10       73
  AVERAGE         75            82     -7       82

PRECIPITATION (IN)
  YESTERDAY        0.00          0.19  -0.19      T
  MONTH TO DATE    5.21          5.95  -0.74    17.57
  SINCE JUN 1      7.69         11.55  -3.86    22.16
  SINCE JAN 1     37.76         33.91   3.85    49.46

SNOWFALL (IN)
  YESTERDAY        0.0

DEGREE DAYS
 COOLING
  YESTERDAY       10            17     -7       17
  MONTH TO DATE  495           524    -29      447
  SINCE JUN 1    969           968      1      907
  SINCE JAN 1   1354          1381    -27     1279
......................................................


WIND (MPH)
  HIGHEST WIND SPEED     9   HIGHEST WIND DIRECTION     W (280)
  HIGHEST GUST SPEED    14   HIGHEST GUST DIRECTION     W (280)
  AVERAGE WIND SPEED     1.3








-  INDICATES NEGATIVE NUMBERS.
R  INDICATES RECORD WAS SET OR TIED.
MM INDICATES DATA IS MISSING.
T  INDICATES TRACE AMOUNT.




$$
