000
CDUS44 KTAE 290640
CLIDHN


CLIMATE REPORT
NATIONAL WEATHER SERVICE TALLAHASSEE FL
240 AM EDT FRI APR 29 2016


...................................

...THE DOTHAN CLIMATE SUMMARY FOR APRIL 28 2016...

CLIMATE NORMAL PERIOD 1981 TO 2010
CLIMATE RECORD PERIOD 1965 TO 2016


WEATHER ITEM   OBSERVED TIME   NORMAL DEPARTURE LAST
                VALUE   (LST)  VALUE  FROM      YEAR
                                      NORMAL
......................................................
TEMPERATURE (F)
 YESTERDAY
  MAXIMUM         82    353 PM  82      0       68
  MINIMUM         66   1148 PM  57      9       61
  AVERAGE         74            69      5       65

PRECIPITATION (IN)
  YESTERDAY        0.01          0.07  -0.06     0.20
  MONTH TO DATE    5.79          3.37   2.42     7.60
  SINCE MAR 1     11.95          9.25   2.70    11.91
  SINCE JAN 1     22.80         18.65   4.15    18.58

SNOWFALL (IN)
  YESTERDAY        0.0

DEGREE DAYS
 HEATING
  YESTERDAY        0             1     -1        0
  MONTH TO DATE   38            68    -30        5
  SINCE MAR 1    160           279   -119      133
  SINCE JUL 1   1338          1838   -500     1820

 COOLING
  YESTERDAY        9             5      4        0
  MONTH TO DATE   63            79    -16      160
  SINCE MAR 1    136           100     36      239
  SINCE JAN 1    142           110     32      243
......................................................


WIND (MPH)
  HIGHEST WIND SPEED    17   HIGHEST WIND DIRECTION     S (200)
  HIGHEST GUST SPEED    21   HIGHEST GUST DIRECTION     S (190)
  AVERAGE WIND SPEED     7.0








-  INDICATES NEGATIVE NUMBERS.
R  INDICATES RECORD WAS SET OR TIED.
MM INDICATES DATA IS MISSING.
T  INDICATES TRACE AMOUNT.




$$
