000
CDUS44 KTAE 180632
CLIDHN


CLIMATE REPORT
NATIONAL WEATHER SERVICE TALLAHASSEE FL
131 AM EST THU JAN 18 2018


...................................

...THE DOTHAN CLIMATE SUMMARY FOR JANUARY 17 2018...

CLIMATE NORMAL PERIOD 1981 TO 2010
CLIMATE RECORD PERIOD 1965 TO 2018


WEATHER ITEM   OBSERVED TIME   NORMAL DEPARTURE LAST
                VALUE   (LST)  VALUE  FROM      YEAR
                                      NORMAL
......................................................
TEMPERATURE (F)
 YESTERDAY
  MAXIMUM         37   1215 AM  60    -23       76
  MINIMUM         23   1157 PM  37    -14       51
  AVERAGE         30            49    -19       64

PRECIPITATION (IN)
  YESTERDAY        0.02          0.12  -0.10      T
  MONTH TO DATE    0.96          2.28  -1.32     8.36
  SINCE DEC 1      3.87          6.67  -2.80    18.72
  SINCE JAN 1      0.96          2.28  -1.32     8.36

SNOWFALL (IN)
  YESTERDAY        0.2

DEGREE DAYS
 HEATING
  YESTERDAY       35            16     19        1
  MONTH TO DATE  381           283     98      165
  SINCE DEC 1    764           719     45      446
  SINCE JUL 1    985           996    -11      607
......................................................


WIND (MPH)
  HIGHEST WIND SPEED    22   HIGHEST WIND DIRECTION    NW (320)
  HIGHEST GUST SPEED    26   HIGHEST GUST DIRECTION    NW (330)
  AVERAGE WIND SPEED    13.3








-  INDICATES NEGATIVE NUMBERS.
R  INDICATES RECORD WAS SET OR TIED.
MM INDICATES DATA IS MISSING.
T  INDICATES TRACE AMOUNT.




$$
