000
CDUS44 KAMA 262131
CLIDHT


CLIMATE REPORT
NATIONAL WEATHER SERVICE AMARILLO TX
430 PM CDT FRI MAY 26 2017


...................................

...THE DALHART CLIMATE SUMMARY FOR MAY 26 2017...
VALID TODAY AS OF 0400 PM LOCAL TIME.

CLIMATE NORMAL PERIOD 1981 TO 2010
CLIMATE RECORD PERIOD 1948 TO 2017


WEATHER ITEM   OBSERVED TIME   RECORD YEAR NORMAL DEPARTURE LAST
                VALUE   (LST)  VALUE       VALUE  FROM      YEAR
                                                  NORMAL
..................................................................
TEMPERATURE (F)
 TODAY
  MAXIMUM         84    321 PM 102    2006  81      3       85
  MINIMUM         55    518 AM  38    1950  52      3       47
  AVERAGE         70                        67      3       66

PRECIPITATION (IN)
  TODAY            0.00          2.03 1978   0.08  -0.08     0.00
  MONTH TO DATE    1.30                      1.82  -0.52     2.35
  SINCE MAR 1      7.97                      4.07   3.90     6.83
  SINCE JAN 1      9.05                      4.99   4.06     7.21

SNOWFALL (IN)
  TODAY            0.0           T    1999   0.0    0.0      0.0
  MONTH TO DATE    0.0                       0.1   -0.1      0.0
  SINCE MAR 1     10.0                       5.5    4.5      6.0
  SINCE JUL 1     11.3                      19.0   -7.7     12.7
  SNOW DEPTH       0

DEGREE DAYS
 HEATING
  TODAY            0                         2     -2        0
  MONTH TO DATE  118                       107     11      138
  SINCE MAR 1    817                      1066   -249      899
  SINCE JUL 1   3634                      4709  -1075     3844

 COOLING
  TODAY            5                         3      2        1
  MONTH TO DATE   35                        45    -10       38
  SINCE MAR 1     70                        51     19       40
  SINCE JAN 1     70                        51     19       40
..................................................................


WIND (MPH)
  RESULTANT WIND SPEED  10   RESULTANT WIND DIRECTION   N (360)
  HIGHEST WIND SPEED    20   HIGHEST WIND DIRECTION     N (360)
  HIGHEST GUST SPEED    23   HIGHEST GUST DIRECTION     N (360)
  AVERAGE WIND SPEED    12.6


SKY COVER
  AVERAGE SKY COVER 0.0


WEATHER CONDITIONS
 THE FOLLOWING WEATHER WAS RECORDED TODAY.
  NO SIGNIFICANT WEATHER WAS OBSERVED.


RELATIVE HUMIDITY (PERCENT)
 HIGHEST    83           200 AM
 LOWEST     31           300 PM
 AVERAGE    57

..........................................................


THE DALHART CLIMATE NORMALS FOR TOMORROW
                         NORMAL    RECORD    YEAR
 MAXIMUM TEMPERATURE (F)   82        97      2006
 MINIMUM TEMPERATURE (F)   52        39      1992


SUNRISE AND SUNSET
MAY 26 2017...........SUNRISE   637 AM CDT   SUNSET   858 PM CDT
MAY 27 2017...........SUNRISE   637 AM CDT   SUNSET   858 PM CDT


-  INDICATES NEGATIVE NUMBERS.
R  INDICATES RECORD WAS SET OR TIED.
MM INDICATES DATA IS MISSING.
T  INDICATES TRACE AMOUNT.




$$
