000
CDUS44 KAMA 242143
CLIDHT


CLIMATE REPORT
NATIONAL WEATHER SERVICE AMARILLO TX
443 PM CDT TUE MAY 24 2016


...................................

...THE DALHART CLIMATE SUMMARY FOR MAY 24 2016...
VALID TODAY AS OF 0400 PM LOCAL TIME.

CLIMATE NORMAL PERIOD 1981 TO 2010
CLIMATE RECORD PERIOD 1948 TO 2016


WEATHER ITEM   OBSERVED TIME   RECORD YEAR NORMAL DEPARTURE LAST
                VALUE   (LST)  VALUE       VALUE  FROM      YEAR
                                                  NORMAL
..................................................................
TEMPERATURE (F)
 TODAY
  MAXIMUM         88    257 PM  96    1989  81      7       76
  MINIMUM         58    642 AM  42    1974  51      7       52
  AVERAGE         73                        66      7       64

PRECIPITATION (IN)
  TODAY            0.00          1.29 1993   0.08  -0.08     0.00
  MONTH TO DATE    2.35                      1.66   0.69     1.97
  SINCE MAR 1      6.69                      3.91   2.78     3.35
  SINCE JAN 1      6.94                      4.83   2.11     6.66

SNOWFALL (IN)
  TODAY            0.0           0.0    MM   0.0    0.0      0.0
  MONTH TO DATE    0.0                       0.1   -0.1      0.0
  SINCE MAR 1      0.0                       5.5   -5.5      0.8
  SINCE JUL 1      2.5                      19.0  -16.5     34.1
  SNOW DEPTH       0

DEGREE DAYS
 HEATING
  TODAY            0                         2     -2        1
  MONTH TO DATE  138                       103     35      123
  SINCE MAR 1    899                      1062   -163      857
  SINCE JUL 1   3844                      4705   -861     4150

 COOLING
  TODAY            8                         3      5        0
  MONTH TO DATE   35                        39     -4       12
  SINCE MAR 1     37                        45     -8       13
  SINCE JAN 1     37                        45     -8       13
..................................................................


WIND (MPH)
  RESULTANT WIND SPEED  11   RESULTANT WIND DIRECTION   S (180)
  HIGHEST WIND SPEED    25   HIGHEST WIND DIRECTION     S (170)
  HIGHEST GUST SPEED    31   HIGHEST GUST DIRECTION     S (160)
  AVERAGE WIND SPEED    12.3


SKY COVER
  AVERAGE SKY COVER 0.0


WEATHER CONDITIONS
 THE FOLLOWING WEATHER WAS RECORDED TODAY.
  FOG
  HAZE


RELATIVE HUMIDITY (PERCENT)
 HIGHEST    93           400 AM
 LOWEST     15           200 PM
 AVERAGE    54

..........................................................


THE DALHART CLIMATE NORMALS FOR TOMORROW
                         NORMAL    RECORD    YEAR
 MAXIMUM TEMPERATURE (F)   81       100      2006
 MINIMUM TEMPERATURE (F)   52        36      1950


SUNRISE AND SUNSET
MAY 24 2016...........SUNRISE   638 AM CDT   SUNSET   857 PM CDT
MAY 25 2016...........SUNRISE   638 AM CDT   SUNSET   857 PM CDT


-  INDICATES NEGATIVE NUMBERS.
R  INDICATES RECORD WAS SET OR TIED.
MM INDICATES DATA IS MISSING.
T  INDICATES TRACE AMOUNT.




$$
