000
CDUS44 KAMA 042231
CLIDHT


CLIMATE REPORT
NATIONAL WEATHER SERVICE AMARILLO TX
430 PM CST SUN DEC 4 2016


...................................

...THE DALHART CLIMATE SUMMARY FOR DECEMBER 4 2016...
VALID TODAY AS OF 0400 PM LOCAL TIME.

CLIMATE NORMAL PERIOD 1981 TO 2010
CLIMATE RECORD PERIOD 1948 TO 2016


WEATHER ITEM   OBSERVED TIME   RECORD YEAR NORMAL DEPARTURE LAST
                VALUE   (LST)  VALUE       VALUE  FROM      YEAR
                                                  NORMAL
..................................................................
TEMPERATURE (F)
 TODAY
  MAXIMUM         51    259 PM  77    1958  51      0       63
  MINIMUM         22    721 AM   4    2009  21      1       25
  AVERAGE         37                        36      1       44

PRECIPITATION (IN)
  TODAY            0.00          0.71 1999   0.01  -0.01     0.00
  MONTH TO DATE    0.03                      0.06  -0.03     0.00
  SINCE DEC 1      0.03                      0.06  -0.03     0.00
  SINCE JAN 1     18.91                     17.11   1.80    20.82

SNOWFALL (IN)
  TODAY            0.0           6.8  1999   0.2   -0.2      0.0
  MONTH TO DATE    0.5                       0.5    0.0      0.0
  SINCE DEC 1      0.5                       0.5    0.0      0.0
  SINCE JUL 1      0.5                       2.4   -1.9      0.5
  SNOW DEPTH       0

DEGREE DAYS
 HEATING
  TODAY           28                        29     -1       21
  MONTH TO DATE  117                       114      3       99
  SINCE DEC 1    117                       114      3       99
  SINCE JUL 1    693                      1109   -416      809

 COOLING
  TODAY            0                         0      0        0
  MONTH TO DATE    0                         0      0        0
  SINCE DEC 1      0                         0      0        0
  SINCE JAN 1   1556                      1138    418     1538
..................................................................


WIND (MPH)
  RESULTANT WIND SPEED   5   RESULTANT WIND DIRECTION  NW (330)
  HIGHEST WIND SPEED    17   HIGHEST WIND DIRECTION     N (360)
  HIGHEST GUST SPEED    19   HIGHEST GUST DIRECTION     N (360)
  AVERAGE WIND SPEED     8.8


SKY COVER
  AVERAGE SKY COVER 0.3


WEATHER CONDITIONS
 THE FOLLOWING WEATHER WAS RECORDED TODAY.
  FOG
  FOG W/VISIBILITY <= 1/4 MILE


RELATIVE HUMIDITY (PERCENT)
 HIGHEST   100           100 AM
 LOWEST     24           300 PM
 AVERAGE    62

..........................................................


THE DALHART CLIMATE NORMALS FOR TOMORROW
                         NORMAL    RECORD    YEAR
 MAXIMUM TEMPERATURE (F)   51        71      2015
 MINIMUM TEMPERATURE (F)   21         3      1972


SUNRISE AND SUNSET
DECEMBER  4 2016......SUNRISE   745 AM CST   SUNSET   536 PM CST
DECEMBER  5 2016......SUNRISE   746 AM CST   SUNSET   536 PM CST


-  INDICATES NEGATIVE NUMBERS.
R  INDICATES RECORD WAS SET OR TIED.
MM INDICATES DATA IS MISSING.
T  INDICATES TRACE AMOUNT.




$$
