000
CDUS44 KAMA 190726
CLIDHT


CLIMATE REPORT
NATIONAL WEATHER SERVICE AMARILLO TX
126 AM CST THU JAN 19 2017


...................................

...THE DALHART CLIMATE SUMMARY FOR JANUARY 18 2017...

CLIMATE NORMAL PERIOD 1981 TO 2010
CLIMATE RECORD PERIOD 1948 TO 2017


WEATHER ITEM   OBSERVED TIME   RECORD YEAR NORMAL DEPARTURE LAST
                VALUE   (LST)  VALUE       VALUE  FROM      YEAR
                                                  NORMAL
..................................................................
TEMPERATURE (F)
 YESTERDAY
  MAXIMUM         58    440 PM  72    1972  50      8       55
  MINIMUM         29    802 AM  -8    1960  19     10       21
  AVERAGE         44                        35      9       38

PRECIPITATION (IN)
  YESTERDAY        0.00          0.95 1990   0.02  -0.02     0.00
  MONTH TO DATE    0.90                      0.27   0.63     0.24
  SINCE DEC 1      1.10                      0.81   0.29     0.79
  SINCE JAN 1      0.90                      0.27   0.63     0.24

SNOWFALL (IN)
  YESTERDAY        0.0           8.0  1990   0.1   -0.1      0.0
  MONTH TO DATE    0.0                       2.2   -2.2      4.0
  SINCE DEC 1      1.3                       6.5   -5.2      5.5
  SINCE JUL 1      1.3                       8.4   -7.1      6.0
  SNOW DEPTH       0

DEGREE DAYS
 HEATING
  YESTERDAY       21                        30     -9       27
  MONTH TO DATE  512                       551    -39      562
  SINCE DEC 1   1404                      1499    -95     1359
  SINCE JUL 1   1980                      2494   -514     2069

 COOLING
  YESTERDAY        0                         0      0        0
  MONTH TO DATE    0                         0      0        0
  SINCE DEC 1      0                         0      0        0
  SINCE JAN 1      0                         0      0        0
..................................................................


WIND (MPH)
  RESULTANT WIND SPEED  11   RESULTANT WIND DIRECTION   S (200)
  HIGHEST WIND SPEED    22   HIGHEST WIND DIRECTION    SW (210)
  HIGHEST GUST SPEED    27   HIGHEST GUST DIRECTION    SW (220)
  AVERAGE WIND SPEED    11.1


SKY COVER
  AVERAGE SKY COVER 0.3


WEATHER CONDITIONS
 THE FOLLOWING WEATHER WAS RECORDED YESTERDAY.
  FOG


RELATIVE HUMIDITY (PERCENT)
 HIGHEST   100          1200 AM
 LOWEST     40           400 PM
 AVERAGE    70

..........................................................


THE DALHART CLIMATE NORMALS FOR TODAY
                         NORMAL    RECORD    YEAR
 MAXIMUM TEMPERATURE (F)   50        78      1986
 MINIMUM TEMPERATURE (F)   19       -14      1984


SUNRISE AND SUNSET
JANUARY 19 2017.......SUNRISE   759 AM CST   SUNSET   604 PM CST
JANUARY 20 2017.......SUNRISE   758 AM CST   SUNSET   605 PM CST


-  INDICATES NEGATIVE NUMBERS.
R  INDICATES RECORD WAS SET OR TIED.
MM INDICATES DATA IS MISSING.
T  INDICATES TRACE AMOUNT.




$$
