000
CDUS44 KAMA 222227
CLIDHT


CLIMATE REPORT
NATIONAL WEATHER SERVICE AMARILLO TX
426 PM CST WED NOV 22 2017


...................................

...THE DALHART CLIMATE SUMMARY FOR NOVEMBER 22 2017...
VALID TODAY AS OF 0400 PM LOCAL TIME.

CLIMATE NORMAL PERIOD 1981 TO 2010
CLIMATE RECORD PERIOD 1948 TO 2017


WEATHER ITEM   OBSERVED TIME   RECORD YEAR NORMAL DEPARTURE LAST
                VALUE   (LST)  VALUE       VALUE  FROM      YEAR
                                                  NORMAL
..................................................................
TEMPERATURE (F)
 TODAY
  MAXIMUM         69    416 PM  81    1998  56     13       59
  MINIMUM         28    122 AM   3    1972  25      3       39
  AVERAGE         49                        41      8       49

PRECIPITATION (IN)
  TODAY            0.00          0.04 1983   0.02  -0.02     0.03
  MONTH TO DATE    0.13                      0.47  -0.34     1.16
  SINCE SEP 1      7.17                      3.59   3.58     4.68
  SINCE JAN 1     24.41                     16.94   7.47    18.87

SNOWFALL (IN)
  TODAY            0.0           T    2013   0.1   -0.1      0.0
  MONTH TO DATE    2.3                       0.8    1.5      0.0
  SINCE SEP 1      2.3                       1.4    0.9      0.0
  SINCE JUL 1      2.3                       1.4    0.9      0.0
  SNOW DEPTH       0

DEGREE DAYS
 HEATING
  TODAY           16                        24     -8       16
  MONTH TO DATE  289                       425   -136      273
  SINCE SEP 1    566                       782   -216      394
  SINCE JUL 1    566                       785   -219      394

 COOLING
  TODAY            0                         0      0        0
  MONTH TO DATE    5                         0      5        0
  SINCE SEP 1    201                       142     59      281
  SINCE JAN 1   1349                      1138    211     1556
..................................................................


WIND (MPH)
  RESULTANT WIND SPEED   9   RESULTANT WIND DIRECTION  SW (240)
  HIGHEST WIND SPEED    21   HIGHEST WIND DIRECTION    SW (230)
  HIGHEST GUST SPEED    25   HIGHEST GUST DIRECTION    SW (230)
  AVERAGE WIND SPEED     9.2


SKY COVER
  AVERAGE SKY COVER 0.0


WEATHER CONDITIONS
 THE FOLLOWING WEATHER WAS RECORDED TODAY.
  NO SIGNIFICANT WEATHER WAS OBSERVED.


RELATIVE HUMIDITY (PERCENT)
 HIGHEST    78           100 AM
 LOWEST     24           400 PM
 AVERAGE    51

..........................................................


THE DALHART CLIMATE NORMALS FOR TOMORROW
                         NORMAL    RECORD    YEAR
 MAXIMUM TEMPERATURE (F)   56        78      1965
 MINIMUM TEMPERATURE (F)   25        -1      1957


SUNRISE AND SUNSET
NOVEMBER 22 2017......SUNRISE   734 AM CST   SUNSET   539 PM CST
NOVEMBER 23 2017......SUNRISE   735 AM CST   SUNSET   538 PM CST


-  INDICATES NEGATIVE NUMBERS.
R  INDICATES RECORD WAS SET OR TIED.
MM INDICATES DATA IS MISSING.
T  INDICATES TRACE AMOUNT.




$$
