000
CDUS44 KAMA 240646
CLIDHT


CLIMATE REPORT
NATIONAL WEATHER SERVICE AMARILLO TX
143 AM CDT FRI MAR 24 2017


...................................

...THE DALHART CLIMATE SUMMARY FOR MARCH 23 2017...

CLIMATE NORMAL PERIOD 1981 TO 2010
CLIMATE RECORD PERIOD 1948 TO 2017


WEATHER ITEM   OBSERVED TIME   RECORD YEAR NORMAL DEPARTURE LAST
                VALUE   (LST)  VALUE       VALUE  FROM      YEAR
                                                  NORMAL
..................................................................
TEMPERATURE (F)
 YESTERDAY
  MAXIMUM         88R   203 PM  82    2002  63     25       65
  MINIMUM         48   1152 PM  14    1952  31     17       33
  AVERAGE         68                        47     21       49

PRECIPITATION (IN)
  YESTERDAY        0.20          1.24 2000   0.04   0.16     0.00
  MONTH TO DATE    0.20                      0.82  -0.62      T
  SINCE MAR 1      0.20                      0.82  -0.62      T
  SINCE JAN 1      1.28                      1.74  -0.46     0.38

SNOWFALL (IN)
  YESTERDAY        0.0           4.9  1984   0.1   -0.1      0.0
  MONTH TO DATE    0.0                       3.1   -3.1      0.0
  SINCE MAR 1      0.0                       3.1   -3.1      0.0
  SINCE JUL 1      1.3                      16.6  -15.3      6.7
  SNOW DEPTH       0

DEGREE DAYS
 HEATING
  YESTERDAY        0                        18    -18       16
  MONTH TO DATE  289                       478   -189      342
  SINCE MAR 1    289                       478   -189      342
  SINCE JUL 1   3106                      4121  -1015     3287

 COOLING
  YESTERDAY        3                         0      3        0
  MONTH TO DATE    6                         0      6        0
  SINCE MAR 1      6                         0      6        0
  SINCE JAN 1      6                         0      6        0
..................................................................


WIND (MPH)
  RESULTANT WIND SPEED  17   RESULTANT WIND DIRECTION   S (190)
  HIGHEST WIND SPEED    38   HIGHEST WIND DIRECTION     S (190)
  HIGHEST GUST SPEED    48   HIGHEST GUST DIRECTION     S (190)
  AVERAGE WIND SPEED    19.1


SKY COVER
  AVERAGE SKY COVER 0.2


WEATHER CONDITIONS
 THE FOLLOWING WEATHER WAS RECORDED YESTERDAY.
  THUNDERSTORM
  HEAVY RAIN
  LIGHT RAIN
  FOG
  HAZE


RELATIVE HUMIDITY (PERCENT)
 HIGHEST    93           400 AM
 LOWEST     11           200 PM
 AVERAGE    52

..........................................................


THE DALHART CLIMATE NORMALS FOR TODAY
                         NORMAL    RECORD    YEAR
 MAXIMUM TEMPERATURE (F)   64        88      2012
 MINIMUM TEMPERATURE (F)   31        14      2013


SUNRISE AND SUNSET
MARCH 24 2017.........SUNRISE   748 AM CDT   SUNSET   806 PM CDT
MARCH 25 2017.........SUNRISE   746 AM CDT   SUNSET   806 PM CDT


-  INDICATES NEGATIVE NUMBERS.
R  INDICATES RECORD WAS SET OR TIED.
MM INDICATES DATA IS MISSING.
T  INDICATES TRACE AMOUNT.




$$
