000
CDUS44 KAMA 192240
CLIDHT


CLIMATE REPORT
NATIONAL WEATHER SERVICE AMARILLO TX
437 PM CST MON FEB 19 2018


...................................

...THE DALHART CLIMATE SUMMARY FOR FEBRUARY 19 2018...
VALID TODAY AS OF 0400 PM LOCAL TIME.

CLIMATE NORMAL PERIOD 1981 TO 2010
CLIMATE RECORD PERIOD 1948 TO 2018


WEATHER ITEM   OBSERVED TIME   RECORD YEAR NORMAL DEPARTURE LAST
                VALUE   (LST)  VALUE       VALUE  FROM      YEAR
                                                  NORMAL
..................................................................
TEMPERATURE (F)
 TODAY
  MAXIMUM         55   1216 AM  76    2011  54      1       62
                                      1986
  MINIMUM         32    955 AM   2    1955  23      9       36
  AVERAGE         44                        38      6       49

PRECIPITATION (IN)
  TODAY            0.00          0.70 1954   0.01  -0.01     0.00
  MONTH TO DATE    T                         0.27  -0.27     0.05
  SINCE DEC 1      0.01                      1.33  -1.32     1.28
  SINCE JAN 1      0.01                      0.79  -0.78     1.08

SNOWFALL (IN)
  TODAY            0.0           3.0  1969   0.1   -0.1      0.0
  MONTH TO DATE    T                         2.3   -2.3       T
  SINCE DEC 1      T                        10.9  -10.9      1.3
  SINCE JUL 1      2.3                      12.8  -10.5      1.3
  SNOW DEPTH       0

DEGREE DAYS
 HEATING
  TODAY           21                        26     -5       16
  MONTH TO DATE  507                       534    -27      368
  SINCE DEC 1   2265                      2421   -156     2082
  SINCE JUL 1   2940                      3416   -476     2658

 COOLING
  TODAY            0                         0      0        0
  MONTH TO DATE    0                         0      0        0
  SINCE DEC 1      0                         0      0        0
  SINCE JAN 1      0                         0      0        0
..................................................................


WIND (MPH)
  RESULTANT WIND SPEED   7   RESULTANT WIND DIRECTION   S (160)
  HIGHEST WIND SPEED    22   HIGHEST WIND DIRECTION    SW (210)
  HIGHEST GUST SPEED    27   HIGHEST GUST DIRECTION    SW (210)
  AVERAGE WIND SPEED    14.8


SKY COVER
  AVERAGE SKY COVER 0.2


WEATHER CONDITIONS
 THE FOLLOWING WEATHER WAS RECORDED TODAY.
  NO SIGNIFICANT WEATHER WAS OBSERVED.


RELATIVE HUMIDITY (PERCENT)
 HIGHEST    83           800 AM
 LOWEST     46           400 PM
 AVERAGE    65

..........................................................


THE DALHART CLIMATE NORMALS FOR TOMORROW
                         NORMAL    RECORD    YEAR
 MAXIMUM TEMPERATURE (F)   54        81      1981
 MINIMUM TEMPERATURE (F)   24         0      1955


SUNRISE AND SUNSET
FEBRUARY 19 2018......SUNRISE   733 AM CST   SUNSET   636 PM CST
FEBRUARY 20 2018......SUNRISE   732 AM CST   SUNSET   637 PM CST


-  INDICATES NEGATIVE NUMBERS.
R  INDICATES RECORD WAS SET OR TIED.
MM INDICATES DATA IS MISSING.
T  INDICATES TRACE AMOUNT.




$$
