000
CDUS44 KAMA 300637
CLIDHT


CLIMATE REPORT
NATIONAL WEATHER SERVICE AMARILLO TX
136 AM CDT WED JUL 30 2014


...................................

...THE DALHART CLIMATE SUMMARY FOR JULY 29 2014...

CLIMATE NORMAL PERIOD 1981 TO 2010
CLIMATE RECORD PERIOD 1894 TO 2014


WEATHER ITEM   OBSERVED TIME   RECORD YEAR NORMAL DEPARTURE LAST
                VALUE   (LST)  VALUE       VALUE  FROM      YEAR
                                                  NORMAL
..................................................................
TEMPERATURE (F)
 YESTERDAY
  MAXIMUM         82    452 PM 102    2012  91     -9       95
  MINIMUM         65    540 AM  51    2005  62      3       66
  AVERAGE         74                        77     -3       81

PRECIPITATION (IN)
  YESTERDAY        0.00          2.28 1982   0.09  -0.09     0.00
  MONTH TO DATE    2.15                      2.58  -0.43     1.29
  SINCE JUN 1      5.92                      4.88   1.04     1.92
  SINCE JAN 1      7.76                     10.29  -2.53     3.22

SNOWFALL (IN)
  YESTERDAY        0.0           0.0    MM   0.0    0.0      0.0
  MONTH TO DATE    0.0                       0.0    0.0      0.0
  SINCE JUN 1      0.0                       0.0    0.0      0.0
  SINCE JUL 1      0.0                       0.0    0.0      0.0
  SNOW DEPTH       0

DEGREE DAYS
 HEATING
  YESTERDAY        0                         0      0        0
  MONTH TO DATE    0                         0      0        0
  SINCE JUN 1      4                        12     -8        0
  SINCE JUL 1      0                         0      0        0

 COOLING
  YESTERDAY        9                        12     -3       16
  MONTH TO DATE  368                       344     24      376
  SINCE JUN 1    664                       584     80      783
  SINCE JAN 1    784                       656    128      937
..................................................................


WIND (MPH)
  RESULTANT WIND SPEED  12   RESULTANT WIND DIRECTION   S (170)
  HIGHEST WIND SPEED    20   HIGHEST WIND DIRECTION     S (200)
  HIGHEST GUST SPEED    26   HIGHEST GUST DIRECTION     S (170)
  AVERAGE WIND SPEED    12.7


SKY COVER
  AVERAGE SKY COVER 0.4


WEATHER CONDITIONS
 THE FOLLOWING WEATHER WAS RECORDED YESTERDAY.
  FOG


RELATIVE HUMIDITY (PERCENT)
 HIGHEST    93           300 AM
 LOWEST     51           400 PM
 AVERAGE    72

..........................................................


THE DALHART CLIMATE NORMALS FOR TODAY
                         NORMAL    RECORD    YEAR
 MAXIMUM TEMPERATURE (F)   91       103      1969
 MINIMUM TEMPERATURE (F)   62        56      2004


SUNRISE AND SUNSET
JULY 30 2014..........SUNRISE   656 AM CDT   SUNSET   857 PM CDT
JULY 31 2014..........SUNRISE   657 AM CDT   SUNSET   856 PM CDT


-  INDICATES NEGATIVE NUMBERS.
R  INDICATES RECORD WAS SET OR TIED.
MM INDICATES DATA IS MISSING.
T  INDICATES TRACE AMOUNT.




$$
