000
CDUS44 KAMA 250629
CLIDHT


CLIMATE REPORT
NATIONAL WEATHER SERVICE AMARILLO TX
129 AM CDT MON JUL 25 2016


...................................

...THE DALHART CLIMATE SUMMARY FOR JULY 24 2016...

CLIMATE NORMAL PERIOD 1981 TO 2010
CLIMATE RECORD PERIOD 1948 TO 2016


WEATHER ITEM   OBSERVED TIME   RECORD YEAR NORMAL DEPARTURE LAST
                VALUE   (LST)  VALUE       VALUE  FROM      YEAR
                                                  NORMAL
..................................................................
TEMPERATURE (F)
 YESTERDAY
  MAXIMUM        100    409 PM 101    2005  91      9      100
  MINIMUM         66    533 AM  55    1995  62      4       67
  AVERAGE         83                        77      6       84

PRECIPITATION (IN)
  YESTERDAY        0.15          2.95 1966   0.10   0.05     0.00
  MONTH TO DATE    1.49                      2.10  -0.61     2.58
  SINCE JUN 1      3.50                      4.40  -0.90     3.43
  SINCE JAN 1     10.72                      9.81   0.91    10.14

SNOWFALL (IN)
  YESTERDAY        0.0           0.0    MM   0.0    0.0      0.0
  MONTH TO DATE    0.0                       0.0    0.0      0.0
  SINCE JUN 1      0.0                       0.0    0.0      0.0
  SINCE JUL 1      0.0                       0.0    0.0      0.0
  SNOW DEPTH       0

DEGREE DAYS
 HEATING
  YESTERDAY        0                         0      0        0
  MONTH TO DATE    0                         0      0        0
  SINCE JUN 1      0                        12    -12        0
  SINCE JUL 1      0                         0      0        0

 COOLING
  YESTERDAY       18                        12      6       19
  MONTH TO DATE  422                       284    138      356
  SINCE JUN 1    772                       524    248      689
  SINCE JAN 1    818                       596    222      711
..................................................................


WIND (MPH)
  RESULTANT WIND SPEED   4   RESULTANT WIND DIRECTION  SW (230)
  HIGHEST WIND SPEED    38   HIGHEST WIND DIRECTION    NW (310)
  HIGHEST GUST SPEED    48   HIGHEST GUST DIRECTION    NW (300)
  AVERAGE WIND SPEED     9.8


SKY COVER
  AVERAGE SKY COVER 0.1


WEATHER CONDITIONS
 THE FOLLOWING WEATHER WAS RECORDED YESTERDAY.
  THUNDERSTORM
  RAIN
  LIGHT RAIN
  HAZE


RELATIVE HUMIDITY (PERCENT)
 HIGHEST    63           600 AM
 LOWEST     18           500 PM
 AVERAGE    41

..........................................................


THE DALHART CLIMATE NORMALS FOR TODAY
                         NORMAL    RECORD    YEAR
 MAXIMUM TEMPERATURE (F)   91       105      2014
 MINIMUM TEMPERATURE (F)   62        54      2004


SUNRISE AND SUNSET
JULY 25 2016..........SUNRISE   653 AM CDT   SUNSET   900 PM CDT
JULY 26 2016..........SUNRISE   653 AM CDT   SUNSET   900 PM CDT


-  INDICATES NEGATIVE NUMBERS.
R  INDICATES RECORD WAS SET OR TIED.
MM INDICATES DATA IS MISSING.
T  INDICATES TRACE AMOUNT.




$$
