000
CDUS43 KBIS 140734
CLIDIK


CLIMATE REPORT
NATIONAL WEATHER SERVICE BISMARCK ND
234 AM CDT MON JUL 14 2014


...................................

...THE DICKINSON ND CLIMATE SUMMARY FOR JULY 13 2014...

CLIMATE NORMAL PERIOD 1981 TO 2010
CLIMATE RECORD PERIOD 1903 TO 2014


WEATHER ITEM   OBSERVED TIME   RECORD YEAR NORMAL DEPARTURE LAST
                VALUE   (LST)  VALUE       VALUE  FROM      YEAR
                                                  NORMAL
..................................................................
TEMPERATURE (F)
 YESTERDAY
  MAXIMUM         75    314 PM 103    2003  83     -8       86
  MINIMUM         46   1149 PM  39    1967  55     -9       56
  AVERAGE         61                        69     -8       71

PRECIPITATION (IN)
  YESTERDAY        0.00          1.68 1970   0.09  -0.09      T
  MONTH TO DATE    0.19                      1.19  -1.00     1.86
  SINCE JUN 1      4.02                      4.39  -0.37     4.18
  SINCE JAN 1     12.06                      9.50   2.56    13.11

DEGREE DAYS
 HEATING
  YESTERDAY        4                         1      3        0
  MONTH TO DATE   20                        19      1        1
  SINCE JUN 1    185                       156     29      125
  SINCE JUL 1     20                        19      1        1

 COOLING
  YESTERDAY        0                         5     -5        6
  MONTH TO DATE   39                        57    -18       62
  SINCE JUN 1     51                       111    -60       88
  SINCE JAN 1     81                       121    -40       97
..................................................................


WIND (MPH)
  HIGHEST WIND SPEED    23   HIGHEST WIND DIRECTION     N (340)
  HIGHEST GUST SPEED    31   HIGHEST GUST DIRECTION    NW (320)
  AVERAGE WIND SPEED    11.3


SKY COVER
  POSSIBLE SUNSHINE  MM
  AVERAGE SKY COVER 0.1


WEATHER CONDITIONS
 THE FOLLOWING WEATHER WAS RECORDED YESTERDAY.
  NO SIGNIFICANT WEATHER WAS OBSERVED.


RELATIVE HUMIDITY (PERCENT)
 HIGHEST    89           400 AM
 LOWEST     27           100 PM
 AVERAGE    58

..........................................................


THE DICKINSON ND CLIMATE NORMALS FOR TODAY
                         NORMAL    RECORD    YEAR
 MAXIMUM TEMPERATURE (F)   84       103      1983
 MINIMUM TEMPERATURE (F)   55        42      1911


SUNRISE AND SUNSET
JULY 14 2014..........SUNRISE   511 AM MDT   SUNSET   842 PM MDT
JULY 15 2014..........SUNRISE   512 AM MDT   SUNSET   842 PM MDT


-  INDICATES NEGATIVE NUMBERS.
R  INDICATES RECORD WAS SET OR TIED.
MM INDICATES DATA IS MISSING.
T  INDICATES TRACE AMOUNT.




$$
