000
CDUS43 KBIS 010729
CLIDIK


CLIMATE REPORT
NATIONAL WEATHER SERVICE BISMARCK ND
229 AM CDT WED JUN 1 2016


...................................

...THE DICKINSON ND CLIMATE SUMMARY FOR MAY 31 2016...

CLIMATE NORMAL PERIOD 1981 TO 2010
CLIMATE RECORD PERIOD 1893 TO 2016


WEATHER ITEM   OBSERVED TIME   RECORD YEAR NORMAL DEPARTURE LAST
                VALUE   (LST)  VALUE       VALUE  FROM      YEAR
                                                  NORMAL
..................................................................
TEMPERATURE (F)
 YESTERDAY
  MAXIMUM         52    820 AM  90    1936  70    -18       65
                                      1933
  MINIMUM         41    229 AM  31    1924  45     -4       44
  AVERAGE         47                        58    -11       55

PRECIPITATION (IN)
  YESTERDAY        0.49          1.38 1902   0.09   0.40      T
  MONTH TO DATE    1.37                      2.32  -0.95     1.66
  SINCE MAR 1      4.00                      4.48  -0.48     3.16
  SINCE JAN 1      4.42                      5.11  -0.69     3.43

DEGREE DAYS
 HEATING
  YESTERDAY       18                         8     10       10
  MONTH TO DATE  382                       378      4      439
  SINCE MAR 1   1928                      2146   -218     1906
  SINCE JUL 1   7337                      8440  -1103     8021

 COOLING
  YESTERDAY        0                         1     -1        0
  MONTH TO DATE    3                         9     -6        0
  SINCE MAR 1      3                        10     -7        0
  SINCE JAN 1      3                        10     -7        0
..................................................................


WIND (MPH)
  HIGHEST WIND SPEED    39   HIGHEST WIND DIRECTION    NW (320)
  HIGHEST GUST SPEED    51   HIGHEST GUST DIRECTION    NW (320)
  AVERAGE WIND SPEED    20.4


SKY COVER
  POSSIBLE SUNSHINE  MM
  AVERAGE SKY COVER 0.8


WEATHER CONDITIONS
 THE FOLLOWING WEATHER WAS RECORDED YESTERDAY.
  HEAVY RAIN
  RAIN
  LIGHT RAIN
  FOG


RELATIVE HUMIDITY (PERCENT)
 HIGHEST    96           300 AM
 LOWEST     83           800 AM
 AVERAGE    90

..........................................................


THE DICKINSON ND CLIMATE NORMALS FOR TODAY
                         NORMAL    RECORD    YEAR
 MAXIMUM TEMPERATURE (F)   71        90      1934
                                             1905
 MINIMUM TEMPERATURE (F)   45        28      1917


SUNRISE AND SUNSET
JUNE  1 2016..........SUNRISE   501 AM MDT   SUNSET   838 PM MDT
JUNE  2 2016..........SUNRISE   500 AM MDT   SUNSET   839 PM MDT


-  INDICATES NEGATIVE NUMBERS.
R  INDICATES RECORD WAS SET OR TIED.
MM INDICATES DATA IS MISSING.
T  INDICATES TRACE AMOUNT.




$$
