000
CDUS43 KBIS 260841
CLIDIK


CLIMATE REPORT
NATIONAL WEATHER SERVICE BISMARCK ND
240 AM CST SUN FEB 26 2017


...................................

...THE DICKINSON ND CLIMATE SUMMARY FOR FEBRUARY 25 2017...

CLIMATE NORMAL PERIOD 1981 TO 2010
CLIMATE RECORD PERIOD 1893 TO 2017


WEATHER ITEM   OBSERVED TIME   RECORD YEAR NORMAL DEPARTURE LAST
                VALUE   (LST)  VALUE       VALUE  FROM      YEAR
                                                  NORMAL
..................................................................
TEMPERATURE (F)
 YESTERDAY
  MAXIMUM         30    253 PM  66    1958  34     -4       40
  MINIMUM         14   1125 PM -25    1934  13      1       10
  AVERAGE         22                        23     -1       25

PRECIPITATION (IN)
  YESTERDAY        0.01          0.92 1998   0.01   0.00     0.00
  MONTH TO DATE    0.24                      0.28  -0.04     0.26
  SINCE DEC 1      0.44                      0.82  -0.38     0.68
  SINCE JAN 1      0.28                      0.58  -0.30     0.42

DEGREE DAYS
 HEATING
  YESTERDAY       43                        42      1       40
  MONTH TO DATE 1052                      1123    -71      907
  SINCE DEC 1   4324                      4093    231     3629
  SINCE JUL 1   5991                      6170   -179     5303

 COOLING
  YESTERDAY        0                         0      0        0
  MONTH TO DATE    0                         0      0        0
  SINCE DEC 1      0                         0      0        0
  SINCE JAN 1      0                         0      0        0
..................................................................


WIND (MPH)
  HIGHEST WIND SPEED    20   HIGHEST WIND DIRECTION     W (280)
  HIGHEST GUST SPEED    22   HIGHEST GUST DIRECTION     W (290)
  AVERAGE WIND SPEED     8.7


SKY COVER
  POSSIBLE SUNSHINE  MM
  AVERAGE SKY COVER 0.9


WEATHER CONDITIONS
 THE FOLLOWING WEATHER WAS RECORDED YESTERDAY.
  HEAVY SNOW
  SNOW
  LIGHT SNOW
  FOG


RELATIVE HUMIDITY (PERCENT)
 HIGHEST    92           900 AM
 LOWEST     58           300 PM
 AVERAGE    75

..........................................................


THE DICKINSON ND CLIMATE NORMALS FOR TODAY
                         NORMAL    RECORD    YEAR
 MAXIMUM TEMPERATURE (F)   34        58      2016
                                             1983
                                             1932
 MINIMUM TEMPERATURE (F)   13       -29      1897


SUNRISE AND SUNSET
FEBRUARY 26 2017......SUNRISE   636 AM MST   SUNSET   533 PM MST
FEBRUARY 27 2017......SUNRISE   634 AM MST   SUNSET   534 PM MST


-  INDICATES NEGATIVE NUMBERS.
R  INDICATES RECORD WAS SET OR TIED.
MM INDICATES DATA IS MISSING.
T  INDICATES TRACE AMOUNT.




$$
