000
CDUS43 KBIS 210033
CLIDIK


CLIMATE REPORT
NATIONAL WEATHER SERVICE BISMARCK ND
633 PM CST SAT DEC 20 2014


...................................

...THE DICKINSON ND CLIMATE SUMMARY FOR DECEMBER 20 2014...
VALID TODAY AS OF 0600 PM LOCAL TIME.

CLIMATE NORMAL PERIOD 1981 TO 2010
CLIMATE RECORD PERIOD 1903 TO 2014


WEATHER ITEM   OBSERVED TIME   RECORD YEAR NORMAL DEPARTURE LAST
                VALUE   (LST)  VALUE       VALUE  FROM      YEAR
                                                  NORMAL
..................................................................
TEMPERATURE (F)
 TODAY
  MAXIMUM         48    207 PM  59    1941  27     21       11
  MINIMUM         22   1210 AM -33    1929   6     16      -13
  AVERAGE         35                        17     18       -1

PRECIPITATION (IN)
  TODAY            0.00          0.16 1953   0.00   0.00     0.00
  MONTH TO DATE    T                         0.14  -0.14     0.25
  SINCE DEC 1      T                         0.14  -0.14     0.25
  SINCE JAN 1     21.79                     15.67   6.12    23.09

DEGREE DAYS
 HEATING
  TODAY           30                        48    -18       66
  MONTH TO DATE  714                       921   -207     1131
  SINCE DEC 1    714                       921   -207     1131
  SINCE JUL 1   2920                      2998    -78     3075

 COOLING
  TODAY            0                         0      0        0
  MONTH TO DATE    0                         0      0        0
  SINCE DEC 1      0                         0      0        0
  SINCE JAN 1    256                       419   -163      386
..................................................................


WIND (MPH)
  RESULTANT WIND SPEED   6   RESULTANT WIND DIRECTION  SW (240)
  HIGHEST WIND SPEED    20   HIGHEST WIND DIRECTION     W (270)
  HIGHEST GUST SPEED    24   HIGHEST GUST DIRECTION     W (270)
  AVERAGE WIND SPEED     7.9


SKY COVER
  POSSIBLE SUNSHINE  MM
  AVERAGE SKY COVER 0.4


WEATHER CONDITIONS
 THE FOLLOWING WEATHER WAS RECORDED TODAY.
  NO SIGNIFICANT WEATHER WAS OBSERVED.


RELATIVE HUMIDITY (PERCENT)
 HIGHEST    85           400 AM
 LOWEST     49           300 PM
 AVERAGE    67

..........................................................


THE DICKINSON ND CLIMATE NORMALS FOR TOMORROW
                         NORMAL    RECORD    YEAR
 MAXIMUM TEMPERATURE (F)   27        52      1991
 MINIMUM TEMPERATURE (F)    6       -33      1989


SUNRISE AND SUNSET
DECEMBER 20 2014......SUNRISE   733 AM MST   SUNSET   405 PM MST
DECEMBER 21 2014......SUNRISE   733 AM MST   SUNSET   405 PM MST


-  INDICATES NEGATIVE NUMBERS.
R  INDICATES RECORD WAS SET OR TIED.
MM INDICATES DATA IS MISSING.
T  INDICATES TRACE AMOUNT.




$$
