000
CDUS43 KBIS 010727
CLIDIK


CLIMATE REPORT
NATIONAL WEATHER SERVICE BISMARCK ND
126 AM CST SUN FEB 1 2015


...................................

...THE DICKINSON ND CLIMATE SUMMARY FOR JANUARY 31 2015...

CLIMATE NORMAL PERIOD 1981 TO 2010
CLIMATE RECORD PERIOD 1903 TO 2015


WEATHER ITEM   OBSERVED TIME   RECORD YEAR NORMAL DEPARTURE LAST
                VALUE   (LST)  VALUE       VALUE  FROM      YEAR
                                                  NORMAL
..................................................................
TEMPERATURE (F)
 YESTERDAY
  MAXIMUM         26   1224 AM  60    1992  28     -2       22
  MINIMUM         -3   1117 PM -36    1917   7    -10       -8
  AVERAGE         12                        18     -6        7

PRECIPITATION (IN)
  YESTERDAY        0.01          0.17 1982   0.01   0.00      T
  MONTH TO DATE    0.12                      0.30  -0.18     0.04
  SINCE DEC 1      0.19                      0.54  -0.35     0.40
  SINCE JAN 1      0.12                      0.30  -0.18     0.04

DEGREE DAYS
 HEATING
  YESTERDAY       53                        47      6       58
  MONTH TO DATE 1335                      1508   -173     1478
  SINCE DEC 1   2579                      2970   -391     3189
  SINCE JUL 1   4785                      5047   -262     5133

 COOLING
  YESTERDAY        0                         0      0        0
  MONTH TO DATE    0                         0      0        0
  SINCE DEC 1      0                         0      0        0
  SINCE JAN 1      0                         0      0        0
..................................................................


WIND (MPH)
  HIGHEST WIND SPEED    23   HIGHEST WIND DIRECTION    NE (50)
  HIGHEST GUST SPEED    28   HIGHEST GUST DIRECTION    NE (50)
  AVERAGE WIND SPEED    15.5


SKY COVER
  POSSIBLE SUNSHINE  MM
  AVERAGE SKY COVER 1.0


WEATHER CONDITIONS
 THE FOLLOWING WEATHER WAS RECORDED YESTERDAY.
  SNOW
  LIGHT SNOW
  FOG
  FOG W/VISIBILITY <= 1/4 MILE


RELATIVE HUMIDITY (PERCENT)
 HIGHEST    96           300 AM
 LOWEST     72          1000 PM
 AVERAGE    84

..........................................................


THE DICKINSON ND CLIMATE NORMALS FOR TODAY
                         NORMAL    RECORD    YEAR
 MAXIMUM TEMPERATURE (F)   28        68      1992
 MINIMUM TEMPERATURE (F)    8       -38      1917


SUNRISE AND SUNSET
FEBRUARY  1 2015......SUNRISE   716 AM MST   SUNSET   454 PM MST
FEBRUARY  2 2015......SUNRISE   715 AM MST   SUNSET   456 PM MST


-  INDICATES NEGATIVE NUMBERS.
R  INDICATES RECORD WAS SET OR TIED.
MM INDICATES DATA IS MISSING.
T  INDICATES TRACE AMOUNT.




$$
