000
CDUS43 KBIS 281245
CLIDIK


CLIMATE REPORT
NATIONAL WEATHER SERVICE BISMARCK ND
745 AM CDT FRI AUG 28 2015


...................................

...THE DICKINSON ND CLIMATE SUMMARY FOR AUGUST 27 2015...

CLIMATE NORMAL PERIOD 1981 TO 2010
CLIMATE RECORD PERIOD 1893 TO 2015


WEATHER ITEM   OBSERVED TIME   RECORD YEAR NORMAL DEPARTURE LAST
                VALUE   (LST)  VALUE       VALUE  FROM      YEAR
                                                  NORMAL
..................................................................
TEMPERATURE (F)
 YESTERDAY
  MAXIMUM         88    345 PM 107    1905  80      8       78
  MINIMUM         59    512 AM  33    1916  51      8       46
                                      1893
  AVERAGE         74                        66      8       62

PRECIPITATION (IN)
  YESTERDAY        0.00          1.65 1903   0.05  -0.05     0.00
  MONTH TO DATE    0.76                      1.34  -0.58     6.27
  SINCE JUN 1      6.06                      6.98  -0.92    11.21
  SINCE JAN 1      9.49                     12.09  -2.60    19.25

DEGREE DAYS
 HEATING
  YESTERDAY        0                         3     -3        3
  MONTH TO DATE   44                        39      5       45
  SINCE JUN 1    126                       210    -84      259
  SINCE JUL 1     58                        73    -15       94

 COOLING
  YESTERDAY        9                         3      6        0
  MONTH TO DATE  127                       141    -14       90
  SINCE JUN 1    357                       360     -3      197
  SINCE JAN 1    357                       370    -13      227
..................................................................


WIND (MPH)
  HIGHEST WIND SPEED    14   HIGHEST WIND DIRECTION     E (100)
  HIGHEST GUST SPEED    16   HIGHEST GUST DIRECTION     E (90)
  AVERAGE WIND SPEED     8.1


SKY COVER
  POSSIBLE SUNSHINE  MM
  AVERAGE SKY COVER 0.1


WEATHER CONDITIONS
 THE FOLLOWING WEATHER WAS RECORDED YESTERDAY.
  FOG
  FOG W/VISIBILITY <= 1/4 MILE


RELATIVE HUMIDITY (PERCENT)
 HIGHEST   100           400 AM
 LOWEST     34           100 PM
 AVERAGE    67

..........................................................


THE DICKINSON ND CLIMATE NORMALS FOR TODAY
                         NORMAL    RECORD    YEAR
 MAXIMUM TEMPERATURE (F)   80       106      1905
 MINIMUM TEMPERATURE (F)   51        26      1911


SUNRISE AND SUNSET
AUGUST 28 2015........SUNRISE   605 AM MDT   SUNSET   739 PM MDT
AUGUST 29 2015........SUNRISE   607 AM MDT   SUNSET   737 PM MDT


-  INDICATES NEGATIVE NUMBERS.
R  INDICATES RECORD WAS SET OR TIED.
MM INDICATES DATA IS MISSING.
T  INDICATES TRACE AMOUNT.




$$
