000
CDUS43 KBIS 280731
CLIDIK


CLIMATE REPORT
NATIONAL WEATHER SERVICE BISMARCK ND
230 AM CDT TUE MAR 28 2017


...................................

...THE DICKINSON ND CLIMATE SUMMARY FOR MARCH 27 2017...

CLIMATE NORMAL PERIOD 1981 TO 2010
CLIMATE RECORD PERIOD 1893 TO 2017


WEATHER ITEM   OBSERVED TIME   RECORD YEAR NORMAL DEPARTURE LAST
                VALUE   (LST)  VALUE       VALUE  FROM      YEAR
                                                  NORMAL
..................................................................
TEMPERATURE (F)
 YESTERDAY
  MAXIMUM         61    421 PM  80    1946  46     15       58
  MINIMUM         31    444 AM -13    1898  23      8       26
  AVERAGE         46                        34     12       42

PRECIPITATION (IN)
  YESTERDAY        0.00          0.93 1975   0.03  -0.03     0.00
  MONTH TO DATE    0.21                      0.57  -0.36     0.10
  SINCE MAR 1      0.21                      0.57  -0.36     0.10
  SINCE JAN 1      0.49                      1.20  -0.71     0.52

DEGREE DAYS
 HEATING
  YESTERDAY       19                        31    -12       23
  MONTH TO DATE  941                       969    -28      774
  SINCE MAR 1    941                       969    -28      774
  SINCE JUL 1   7071                      7263   -192     6183

 COOLING
  YESTERDAY        0                         0      0        0
  MONTH TO DATE    0                         0      0        0
  SINCE MAR 1      0                         0      0        0
  SINCE JAN 1      0                         0      0        0
..................................................................


WIND (MPH)
  HIGHEST WIND SPEED    15   HIGHEST WIND DIRECTION     E (100)
  HIGHEST GUST SPEED    18   HIGHEST GUST DIRECTION    SE (150)
  AVERAGE WIND SPEED     7.4


SKY COVER
  POSSIBLE SUNSHINE  MM
  AVERAGE SKY COVER 0.2


WEATHER CONDITIONS
 THE FOLLOWING WEATHER WAS RECORDED YESTERDAY.
  NO SIGNIFICANT WEATHER WAS OBSERVED.


RELATIVE HUMIDITY (PERCENT)
 HIGHEST    92           600 AM
 LOWEST     23           100 PM
 AVERAGE    58

..........................................................


THE DICKINSON ND CLIMATE NORMALS FOR TODAY
                         NORMAL    RECORD    YEAR
 MAXIMUM TEMPERATURE (F)   47        80      2015
 MINIMUM TEMPERATURE (F)   23       -13      1898


SUNRISE AND SUNSET
MARCH 28 2017.........SUNRISE   638 AM MDT   SUNSET   715 PM MDT
MARCH 29 2017.........SUNRISE   636 AM MDT   SUNSET   717 PM MDT


-  INDICATES NEGATIVE NUMBERS.
R  INDICATES RECORD WAS SET OR TIED.
MM INDICATES DATA IS MISSING.
T  INDICATES TRACE AMOUNT.




$$
