000
CDUS43 KBIS 170733
CLIDIK


CLIMATE REPORT
NATIONAL WEATHER SERVICE BISMARCK ND
133 AM CST TUE JAN 17 2017


...................................

...THE DICKINSON ND CLIMATE SUMMARY FOR JANUARY 16 2017...

CLIMATE NORMAL PERIOD 1981 TO 2010
CLIMATE RECORD PERIOD 1893 TO 2017


WEATHER ITEM   OBSERVED TIME   RECORD YEAR NORMAL DEPARTURE LAST
                VALUE   (LST)  VALUE       VALUE  FROM      YEAR
                                                  NORMAL
..................................................................
TEMPERATURE (F)
 YESTERDAY
  MAXIMUM         22    237 PM  52    1974  26     -4       -1
  MINIMUM          9   1032 PM -27    1978   6      3      -19
                                      1954
  AVERAGE         16                        16      0      -10

PRECIPITATION (IN)
  YESTERDAY        0.00          0.34 1933   0.01  -0.01      T
  MONTH TO DATE    0.04                      0.17  -0.13     0.04
  SINCE DEC 1      0.20                      0.41  -0.21     0.30
  SINCE JAN 1      0.04                      0.17  -0.13     0.04

DEGREE DAYS
 HEATING
  YESTERDAY       49                        49      0       75
  MONTH TO DATE 1034                       784    250      808
  SINCE DEC 1   2663                      2244    419     2086
  SINCE JUL 1   4330                      4321      9     3760

 COOLING
  YESTERDAY        0                         0      0        0
  MONTH TO DATE    0                         0      0        0
  SINCE DEC 1      0                         0      0        0
  SINCE JAN 1      0                         0      0        0
..................................................................


WIND (MPH)
  HIGHEST WIND SPEED    20   HIGHEST WIND DIRECTION     W (290)
  HIGHEST GUST SPEED    21   HIGHEST GUST DIRECTION     W (280)
  AVERAGE WIND SPEED    11.6


SKY COVER
  POSSIBLE SUNSHINE  MM
  AVERAGE SKY COVER 0.0


WEATHER CONDITIONS
 THE FOLLOWING WEATHER WAS RECORDED YESTERDAY.
  NO SIGNIFICANT WEATHER WAS OBSERVED.


RELATIVE HUMIDITY (PERCENT)
 HIGHEST    84           800 PM
 LOWEST     61           100 AM
 AVERAGE    73

..........................................................


THE DICKINSON ND CLIMATE NORMALS FOR TODAY
                         NORMAL    RECORD    YEAR
 MAXIMUM TEMPERATURE (F)   26        51      1974
                                             1944
 MINIMUM TEMPERATURE (F)    6       -40      1943


SUNRISE AND SUNSET
JANUARY 17 2017.......SUNRISE   730 AM MST   SUNSET   433 PM MST
JANUARY 18 2017.......SUNRISE   729 AM MST   SUNSET   434 PM MST


-  INDICATES NEGATIVE NUMBERS.
R  INDICATES RECORD WAS SET OR TIED.
MM INDICATES DATA IS MISSING.
T  INDICATES TRACE AMOUNT.




$$
