000
CDUS43 KBIS 240737
CLIDIK


CLIMATE REPORT
NATIONAL WEATHER SERVICE BISMARCK ND
236 AM CDT MON JUL 24 2017


...................................

...THE DICKINSON ND CLIMATE SUMMARY FOR JULY 23 2017...

CLIMATE NORMAL PERIOD 1981 TO 2010
CLIMATE RECORD PERIOD 1893 TO 2017


WEATHER ITEM   OBSERVED TIME   RECORD YEAR NORMAL DEPARTURE LAST
                VALUE   (LST)  VALUE       VALUE  FROM      YEAR
                                                  NORMAL
..................................................................
TEMPERATURE (F)
 YESTERDAY
  MAXIMUM         89    423 PM 108    1936  85      4       82
                                      1901
  MINIMUM         53    442 AM  42    1933  56     -3       55
  AVERAGE         71                        70      1       69

PRECIPITATION (IN)
  YESTERDAY        0.00          1.28 1970   0.07  -0.07     0.00
  MONTH TO DATE    1.96                      1.95   0.01     3.00
  SINCE JUN 1      2.59                      5.15  -2.56     5.66
  SINCE JAN 1      4.92                     10.26  -5.34    10.08

DEGREE DAYS
 HEATING
  YESTERDAY        0                         1     -1        0
  MONTH TO DATE    0                        29    -29       13
  SINCE JUN 1     92                       166    -74       72
  SINCE JUL 1      0                        29    -29       13

 COOLING
  YESTERDAY        6                         6      0        4
  MONTH TO DATE  230                       114    116      103
  SINCE JUN 1    280                       168    112      160
  SINCE JAN 1    290                       178    112      163
..................................................................


WIND (MPH)
  HIGHEST WIND SPEED    20   HIGHEST WIND DIRECTION    SE (140)
  HIGHEST GUST SPEED    25   HIGHEST GUST DIRECTION    SE (150)
  AVERAGE WIND SPEED     6.9


SKY COVER
  POSSIBLE SUNSHINE  MM
  AVERAGE SKY COVER 0.0


WEATHER CONDITIONS
 THE FOLLOWING WEATHER WAS RECORDED YESTERDAY.
  NO SIGNIFICANT WEATHER WAS OBSERVED.


RELATIVE HUMIDITY (PERCENT)
 HIGHEST    93           200 AM
 LOWEST     24           300 PM
 AVERAGE    59

..........................................................


THE DICKINSON ND CLIMATE NORMALS FOR TODAY
                         NORMAL    RECORD    YEAR
 MAXIMUM TEMPERATURE (F)   85       107      1931
 MINIMUM TEMPERATURE (F)   56        42      1911


SUNRISE AND SUNSET
JULY 24 2017..........SUNRISE   522 AM MDT   SUNSET   833 PM MDT
JULY 25 2017..........SUNRISE   523 AM MDT   SUNSET   831 PM MDT


-  INDICATES NEGATIVE NUMBERS.
R  INDICATES RECORD WAS SET OR TIED.
MM INDICATES DATA IS MISSING.
T  INDICATES TRACE AMOUNT.




$$
