000
CDUS45 KTFX 140954
CLIDLN


CLIMATE REPORT
NATIONAL WEATHER SERVICE GREAT FALLS MT
353 AM MDT MON JUL 14 2014


...................................

...THE DILLON AIRPORT MT CLIMATE SUMMARY FOR JULY 13 2014...

CLIMATE NORMAL PERIOD 1981 TO 2010
CLIMATE RECORD PERIOD 1929 TO 2014


WEATHER ITEM   OBSERVED TIME   RECORD YEAR NORMAL DEPARTURE LAST
                VALUE   (LST)  VALUE       VALUE  FROM      YEAR
                                                  NORMAL
..................................................................
TEMPERATURE (F)
 YESTERDAY
  MAXIMUM         89    434 PM  99    2002  82      7       85
  MINIMUM         53    537 AM  37    1943  49      4       48
  AVERAGE         71                        66      5       67

PRECIPITATION (IN)
  YESTERDAY        0.00          0.95 1962   0.04  -0.04     0.00
  MONTH TO DATE    0.44                      0.51  -0.07     0.26
  SINCE OCT 1      6.39                      7.95  -1.56     5.86
  SINCE JAN 1      5.90                      6.55  -0.65     4.84

SNOWFALL (IN)
  YESTERDAY       MM
  SNOW DEPTH       0

DEGREE DAYS
 HEATING
  YESTERDAY        0                               -2        0
  MONTH TO DATE    6                              -27        0
  SINCE JUN 1    256                                0      188
  SINCE JUL 1      6                              -27        0

 COOLING
  YESTERDAY        6                                3        2
  MONTH TO DATE   61                               34       65
  SINCE JUN 1     61                               18       87
  SINCE JAN 1     61                               17       90
..................................................................


WIND (MPH)
  HIGHEST WIND SPEED    20   HIGHEST WIND DIRECTION    NE (40)
  HIGHEST GUST SPEED    23   HIGHEST GUST DIRECTION    NE (40)
  AVERAGE WIND SPEED     6.3



WEATHER CONDITIONS
 THE FOLLOWING WEATHER WAS RECORDED YESTERDAY.
  NO SIGNIFICANT WEATHER WAS OBSERVED.


RELATIVE HUMIDITY (PERCENT)
 HIGHEST    MM
 LOWEST     MM
 AVERAGE    MM

..........................................................


THE DILLON AIRPORT MT CLIMATE NORMALS FOR TODAY
                         NORMAL    RECORD    YEAR
 MAXIMUM TEMPERATURE (F)   82        95      2002
                                             1953
 MINIMUM TEMPERATURE (F)   50        37      1980


SUNRISE AND SUNSET
JULY 14 2014..........SUNRISE   556 AM MDT   SUNSET   916 PM MDT
JULY 15 2014..........SUNRISE   557 AM MDT   SUNSET   915 PM MDT


-  INDICATES NEGATIVE NUMBERS.
R  INDICATES RECORD WAS SET OR TIED.
MM INDICATES DATA IS MISSING.
T  INDICATES TRACE AMOUNT.




$$
