000
CDUS45 KTFX 291100
CLIDLN


CLIMATE REPORT
NATIONAL WEATHER SERVICE GREAT FALLS MT
456 AM MDT THU SEP 29 2016


...................................

...THE DILLON AIRPORT MT CLIMATE SUMMARY FOR SEPTEMBER 28 2016...

CLIMATE NORMAL PERIOD 1981 TO 2010
CLIMATE RECORD PERIOD 1929 TO 2016


WEATHER ITEM   OBSERVED TIME   RECORD YEAR NORMAL DEPARTURE LAST
                VALUE   (LST)  VALUE       VALUE  FROM      YEAR
                                                  NORMAL
..................................................................
TEMPERATURE (F)
 YESTERDAY
  MAXIMUM         75    432 PM  86    2010  64     11       71
  MINIMUM         40    648 AM  21    1985  36      4       34
  AVERAGE         58                        50      8       53

PRECIPITATION (IN)
  YESTERDAY        0.00          0.97 1940   0.03  -0.03     0.00
  MONTH TO DATE    1.48                      0.82   0.66     1.25
  SINCE OCT 1      9.09                     10.52  -1.43     9.12
  SINCE JAN 1      7.01                      9.12  -2.11     7.96

SNOWFALL (IN)
  YESTERDAY       MM
  SNOW DEPTH       0

DEGREE DAYS
 HEATING
  YESTERDAY        7                               -8       12
  MONTH TO DATE  303                               22      188
  SINCE SEP 1    303                               22      188
  SINCE JUL 1    429                               12      294

 COOLING
  YESTERDAY        0                                0        0
  MONTH TO DATE    8                                1       19
  SINCE SEP 1      8                                1       19
  SINCE JAN 1    168                               13      258
..................................................................


WIND (MPH)
  HIGHEST WIND SPEED    10   HIGHEST WIND DIRECTION    SW (220)
  HIGHEST GUST SPEED    13   HIGHEST GUST DIRECTION     N (350)
  AVERAGE WIND SPEED     4.2


SKY COVER
  AVERAGE SKY COVER 0.0


WEATHER CONDITIONS
 THE FOLLOWING WEATHER WAS RECORDED YESTERDAY.
  HAZE


RELATIVE HUMIDITY (PERCENT)
 HIGHEST    76
 LOWEST     31
 AVERAGE    54

..........................................................


THE DILLON AIRPORT MT CLIMATE NORMALS FOR TODAY
                         NORMAL    RECORD    YEAR
 MAXIMUM TEMPERATURE (F)   64        86      1963
 MINIMUM TEMPERATURE (F)   35        11      1985


SUNRISE AND SUNSET
SEPTEMBER 29 2016.....SUNRISE   727 AM MDT   SUNSET   713 PM MDT
SEPTEMBER 30 2016.....SUNRISE   728 AM MDT   SUNSET   711 PM MDT


-  INDICATES NEGATIVE NUMBERS.
R  INDICATES RECORD WAS SET OR TIED.
MM INDICATES DATA IS MISSING.
T  INDICATES TRACE AMOUNT.




$$
