839
CDUS45 KTFX 291011
CLIDLN


CLIMATE REPORT
NATIONAL WEATHER SERVICE GREAT FALLS MT
408 AM MDT FRI JUL 29 2016


...................................

...THE DILLON AIRPORT MT CLIMATE SUMMARY FOR JULY 28 2016...

CLIMATE NORMAL PERIOD 1981 TO 2010
CLIMATE RECORD PERIOD 1929 TO 2016


WEATHER ITEM   OBSERVED TIME   RECORD YEAR NORMAL DEPARTURE LAST
                VALUE   (LST)  VALUE       VALUE  FROM      YEAR
                                                  NORMAL
..................................................................
TEMPERATURE (F)
 YESTERDAY
  MAXIMUM         88    508 PM  95    2006  84      4       67
  MINIMUM         50    506 AM  33    1949  50      0       41
  AVERAGE         69                        67      2       54

PRECIPITATION (IN)
  YESTERDAY        0.00          0.79 1970   0.04  -0.04     0.00
  MONTH TO DATE    0.89                      1.10  -0.21     1.31
  SINCE OCT 1      7.49                      8.54  -1.05     7.57
  SINCE JAN 1      5.41                      7.14  -1.73     6.41

SNOWFALL (IN)
  YESTERDAY       MM
  SNOW DEPTH       0

DEGREE DAYS
 HEATING
  YESTERDAY        0                               -1       11
  MONTH TO DATE   54                                3       45
  SINCE JUN 1    162                             -112      121
  SINCE JUL 1     54                                3       45

 COOLING
  YESTERDAY        4                                1        0
  MONTH TO DATE   64                               -8       62
  SINCE JUN 1    105                               17      137
  SINCE JAN 1    105                               16      137
..................................................................


WIND (MPH)
  HIGHEST WIND SPEED    12   HIGHEST WIND DIRECTION    NE (40)
  HIGHEST GUST SPEED    15   HIGHEST GUST DIRECTION     N (20)
  AVERAGE WIND SPEED     5.4


SKY COVER
  AVERAGE SKY COVER 0.0


WEATHER CONDITIONS
 THE FOLLOWING WEATHER WAS RECORDED YESTERDAY.
  NO SIGNIFICANT WEATHER WAS OBSERVED.


RELATIVE HUMIDITY (PERCENT)
 HIGHEST    86
 LOWEST     17
 AVERAGE    52

..........................................................


THE DILLON AIRPORT MT CLIMATE NORMALS FOR TODAY
                         NORMAL    RECORD    YEAR
 MAXIMUM TEMPERATURE (F)   84        98      1972
 MINIMUM TEMPERATURE (F)   50        37      1959


SUNRISE AND SUNSET
JULY 29 2016..........SUNRISE   612 AM MDT   SUNSET   900 PM MDT
JULY 30 2016..........SUNRISE   613 AM MDT   SUNSET   859 PM MDT


-  INDICATES NEGATIVE NUMBERS.
R  INDICATES RECORD WAS SET OR TIED.
MM INDICATES DATA IS MISSING.
T  INDICATES TRACE AMOUNT.




$$
