000
CDUS45 KTFX 241132
CLIDLN


CLIMATE REPORT
NATIONAL WEATHER SERVICE GREAT FALLS MT
429 AM MST TUE JAN 24 2017


...................................

...THE DILLON AIRPORT MT CLIMATE SUMMARY FOR JANUARY 23 2017...

CLIMATE NORMAL PERIOD 1981 TO 2010
CLIMATE RECORD PERIOD 1929 TO 2017


WEATHER ITEM   OBSERVED TIME   RECORD YEAR NORMAL DEPARTURE LAST
                VALUE   (LST)  VALUE       VALUE  FROM      YEAR
                                                  NORMAL
..................................................................
TEMPERATURE (F)
 YESTERDAY
  MAXIMUM         20        MM  54    2005  33    -13       36
  MINIMUM          2        MM -28    1969  14    -12       21
  AVERAGE         11                        23    -12       29

PRECIPITATION (IN)
  YESTERDAY        0.00          0.23 1954   0.01  -0.01      T
  MONTH TO DATE    0.05                      0.21  -0.16     0.05
  SINCE OCT 1      2.59                      1.61   0.98     2.13
  SINCE JAN 1      0.05                      0.21  -0.16     0.05

SNOWFALL (IN)
  YESTERDAY        0.0
  SNOW DEPTH       2

DEGREE DAYS
 HEATING
  YESTERDAY       54                               12       36
  MONTH TO DATE 1272                              294     1011
  SINCE DEC 1   2800                              452     2349
  SINCE JUL 1   4583                               84     4272

 COOLING
  YESTERDAY        0                                0        0
  MONTH TO DATE    0                                0        0
  SINCE DEC 1      0                                0        0
  SINCE JAN 1      0                                0        0
..................................................................


WIND (MPH)
  HIGHEST WIND SPEED    17   HIGHEST WIND DIRECTION    NE (50)
  HIGHEST GUST SPEED    MM   HIGHEST GUST DIRECTION    MM
  AVERAGE WIND SPEED     7.8


SKY COVER
  AVERAGE SKY COVER 0.5


WEATHER CONDITIONS
 THE FOLLOWING WEATHER WAS RECORDED YESTERDAY.
  NO SIGNIFICANT WEATHER WAS OBSERVED.


RELATIVE HUMIDITY (PERCENT)
 HIGHEST    84
 LOWEST     77
 AVERAGE    81

..........................................................


THE DILLON AIRPORT MT CLIMATE NORMALS FOR TODAY
                         NORMAL    RECORD    YEAR
 MAXIMUM TEMPERATURE (F)   33        53      2005
 MINIMUM TEMPERATURE (F)   14       -33      1949


SUNRISE AND SUNSET
JANUARY 24 2017.......SUNRISE   759 AM MST   SUNSET   527 PM MST
JANUARY 25 2017.......SUNRISE   758 AM MST   SUNSET   528 PM MST


-  INDICATES NEGATIVE NUMBERS.
R  INDICATES RECORD WAS SET OR TIED.
MM INDICATES DATA IS MISSING.
T  INDICATES TRACE AMOUNT.




$$
