000
CDUS45 KTFX 260929
CLIDLN


CLIMATE REPORT
NATIONAL WEATHER SERVICE GREAT FALLS MT
328 AM MDT WED APR 26 2017


...................................

...THE DILLON AIRPORT MT CLIMATE SUMMARY FOR APRIL 25 2017...

CLIMATE NORMAL PERIOD 1981 TO 2010
CLIMATE RECORD PERIOD 1929 TO 2017


WEATHER ITEM   OBSERVED TIME   RECORD YEAR NORMAL DEPARTURE LAST
                VALUE   (LST)  VALUE       VALUE  FROM      YEAR
                                                  NORMAL
..................................................................
TEMPERATURE (F)
 YESTERDAY
  MAXIMUM         53    427 PM  82    1946  58     -5       50
  MINIMUM         34    519 AM  16    1985  31      3       37
  AVERAGE         44                        44      0       44

PRECIPITATION (IN)
  YESTERDAY        0.27          1.09 1975   0.04   0.23     0.07
  MONTH TO DATE    1.83                      0.84   0.99     1.09
  SINCE OCT 1      5.23                      3.32   1.91     3.76
  SINCE JAN 1      2.69                      1.92   0.77     1.68

SNOWFALL (IN)
  YESTERDAY       MM
  SNOW DEPTH       0

DEGREE DAYS
 HEATING
  YESTERDAY       21                                0       21
  MONTH TO DATE  570                              -34      441
  SINCE MAR 1   1306                             -248     1295
  SINCE JUL 1   7261                             -210     6795

 COOLING
  YESTERDAY        0                                0        0
  MONTH TO DATE    0                                0        0
  SINCE MAR 1      0                                0        0
  SINCE JAN 1      0                                0        0
..................................................................


WIND (MPH)
  HIGHEST WIND SPEED    21   HIGHEST WIND DIRECTION     W (260)
  HIGHEST GUST SPEED    25   HIGHEST GUST DIRECTION     W (260)
  AVERAGE WIND SPEED     7.2


SKY COVER
  AVERAGE SKY COVER 0.9


WEATHER CONDITIONS
 THE FOLLOWING WEATHER WAS RECORDED YESTERDAY.
  RAIN
  LIGHT RAIN
  FOG


RELATIVE HUMIDITY (PERCENT)
 HIGHEST    92
 LOWEST     39
 AVERAGE    66

..........................................................


THE DILLON AIRPORT MT CLIMATE NORMALS FOR TODAY
                         NORMAL    RECORD    YEAR
 MAXIMUM TEMPERATURE (F)   58        80      1992
 MINIMUM TEMPERATURE (F)   31        18      1948


SUNRISE AND SUNSET
APRIL 26 2017.........SUNRISE   626 AM MDT   SUNSET   831 PM MDT
APRIL 27 2017.........SUNRISE   625 AM MDT   SUNSET   832 PM MDT


-  INDICATES NEGATIVE NUMBERS.
R  INDICATES RECORD WAS SET OR TIED.
MM INDICATES DATA IS MISSING.
T  INDICATES TRACE AMOUNT.




$$
