000
CDUS45 KTFX 300953 CCA
CLIDLN

CLIMATE REPORT...COR SNOW DEPTH
NATIONAL WEATHER SERVICE GREAT FALLS MT
350 AM MDT TUE SEP 30 2014


...................................

...THE DILLON AIRPORT MT CLIMATE SUMMARY FOR SEPTEMBER 29 2014...

CLIMATE NORMAL PERIOD 1981 TO 2010
CLIMATE RECORD PERIOD 1929 TO 2014


WEATHER ITEM   OBSERVED TIME   RECORD YEAR NORMAL DEPARTURE LAST
                VALUE   (LST)  VALUE       VALUE  FROM      YEAR
                                                  NORMAL
..................................................................
TEMPERATURE (F)
 YESTERDAY
  MAXIMUM         64    332 PM  86    1963  64      0       60
  MINIMUM         41    146 AM  11    1985  35      6       44
  AVERAGE         53                        50      3       52

PRECIPITATION (IN)
  YESTERDAY        0.00          0.46 2007   0.02  -0.02     0.06
  MONTH TO DATE    0.82                      0.84  -0.02     2.26
  SINCE OCT 1     10.18                     10.54  -0.36    10.28
  SINCE JAN 1      9.69                      9.14   0.55     9.26

SNOWFALL (IN)
  YESTERDAY       MM
  SNOW DEPTH       0

DEGREE DAYS
 HEATING
  YESTERDAY       12                               -4       13
  MONTH TO DATE  249                              -48      221
  SINCE SEP 1    249                              -48      221
  SINCE JUL 1    341                              -92      227

 COOLING
  YESTERDAY        0                                0        0
  MONTH TO DATE    6                               -1       19
  SINCE SEP 1      6                               -1       19
  SINCE JAN 1    170                               15      247
..................................................................


WIND (MPH)
  HIGHEST WIND SPEED    17   HIGHEST WIND DIRECTION    SW (210)
  HIGHEST GUST SPEED    22   HIGHEST GUST DIRECTION    SW (210)
  AVERAGE WIND SPEED     5.3



WEATHER CONDITIONS
 THE FOLLOWING WEATHER WAS RECORDED YESTERDAY.
  FOG


RELATIVE HUMIDITY (PERCENT)
 HIGHEST    80
 LOWEST     39
 AVERAGE    60

..........................................................


THE DILLON AIRPORT MT CLIMATE NORMALS FOR TODAY
                         NORMAL    RECORD    YEAR
 MAXIMUM TEMPERATURE (F)   63        85      2011
                                             1963
 MINIMUM TEMPERATURE (F)   35        15      1950


SUNRISE AND SUNSET
SEPTEMBER 30 2014.....SUNRISE   727 AM MDT   SUNSET   712 PM MDT
OCTOBER  1 2014.......SUNRISE   728 AM MDT   SUNSET   710 PM MDT


-  INDICATES NEGATIVE NUMBERS.
R  INDICATES RECORD WAS SET OR TIED.
MM INDICATES DATA IS MISSING.
T  INDICATES TRACE AMOUNT.




$$
