000
CDUS45 KTFX 201001
CLIDLN


CLIMATE REPORT
NATIONAL WEATHER SERVICE GREAT FALLS MT
300 AM MST SAT DEC 20 2014


...................................

...THE DILLON AIRPORT MT CLIMATE SUMMARY FOR DECEMBER 19 2014...

CLIMATE NORMAL PERIOD 1981 TO 2010
CLIMATE RECORD PERIOD 1929 TO 2014


WEATHER ITEM   OBSERVED TIME   RECORD YEAR NORMAL DEPARTURE LAST
                VALUE   (LST)  VALUE       VALUE  FROM      YEAR
                                                  NORMAL
..................................................................
TEMPERATURE (F)
 YESTERDAY
  MAXIMUM         37    157 PM  52    1979  30      7       33
  MINIMUM         25   1207 AM -22    1990  10     15       -8
  AVERAGE         31                        20     11       13

PRECIPITATION (IN)
  YESTERDAY        T             0.11 2010   0.00   0.00     0.04
  MONTH TO DATE    0.32                      0.19   0.13     0.12
  SINCE OCT 1      1.00                      1.32  -0.32     0.47
  SINCE JAN 1     10.73                     10.49   0.24     9.93

SNOWFALL (IN)
  YESTERDAY       MM
  SNOW DEPTH       2

DEGREE DAYS
 HEATING
  YESTERDAY       34                              -11       52
  MONTH TO DATE  621                             -217      956
  SINCE DEC 1    621                             -217      956
  SINCE JUL 1   2595                             -394     2885

 COOLING
  YESTERDAY        0                                0        0
  MONTH TO DATE    0                                0        0
  SINCE DEC 1      0                                0        0
  SINCE JAN 1    170                               14      247
..................................................................


WIND (MPH)
  HIGHEST WIND SPEED    16   HIGHEST WIND DIRECTION    SW (210)
  HIGHEST GUST SPEED    19   HIGHEST GUST DIRECTION    SW (220)
  AVERAGE WIND SPEED     6.9



WEATHER CONDITIONS
 THE FOLLOWING WEATHER WAS RECORDED YESTERDAY.
  LIGHT SNOW


RELATIVE HUMIDITY (PERCENT)
 HIGHEST    81
 LOWEST     64
 AVERAGE    73

..........................................................


THE DILLON AIRPORT MT CLIMATE NORMALS FOR TODAY
                         NORMAL    RECORD    YEAR
 MAXIMUM TEMPERATURE (F)   30        53      1942
 MINIMUM TEMPERATURE (F)   11       -25      1990


SUNRISE AND SUNSET
DECEMBER 20 2014......SUNRISE   806 AM MST   SUNSET   450 PM MST
DECEMBER 21 2014......SUNRISE   806 AM MST   SUNSET   450 PM MST


-  INDICATES NEGATIVE NUMBERS.
R  INDICATES RECORD WAS SET OR TIED.
MM INDICATES DATA IS MISSING.
T  INDICATES TRACE AMOUNT.




$$
