000
CDUS45 KTFX 251045
CLIDLN


CLIMATE REPORT
NATIONAL WEATHER SERVICE GREAT FALLS MT
344 AM MST SAT FEB 25 2017


...................................

...THE DILLON AIRPORT MT CLIMATE SUMMARY FOR FEBRUARY 24 2017...

CLIMATE NORMAL PERIOD 1981 TO 2010
CLIMATE RECORD PERIOD 1929 TO 2017


WEATHER ITEM   OBSERVED TIME   RECORD YEAR NORMAL DEPARTURE LAST
                VALUE   (LST)  VALUE       VALUE  FROM      YEAR
                                                  NORMAL
..................................................................
TEMPERATURE (F)
 YESTERDAY
  MAXIMUM         29    424 PM  62    1986  40    -11       46
  MINIMUM         20    851 AM -20    2003  17      3       17
  AVERAGE         25                        28     -3       32

PRECIPITATION (IN)
  YESTERDAY        0.02          0.35 2000   0.01   0.01     0.00
  MONTH TO DATE    0.15                      0.19  -0.04     0.01
  SINCE OCT 1      2.75                      1.87   0.88     2.14
  SINCE JAN 1      0.21                      0.47  -0.26     0.06

SNOWFALL (IN)
  YESTERDAY       MM
  SNOW DEPTH       0

DEGREE DAYS
 HEATING
  YESTERDAY       40                                4       33
  MONTH TO DATE  841                             -102      778
  SINCE DEC 1   4004                              381     3444
  SINCE JUL 1   5787                               13     5367

 COOLING
  YESTERDAY        0                                0        0
  MONTH TO DATE    0                                0        0
  SINCE DEC 1      0                                0        0
  SINCE JAN 1      0                                0        0
..................................................................


WIND (MPH)
  HIGHEST WIND SPEED    17   HIGHEST WIND DIRECTION    NE (50)
  HIGHEST GUST SPEED    20   HIGHEST GUST DIRECTION    NE (50)
  AVERAGE WIND SPEED     6.5


SKY COVER
  AVERAGE SKY COVER 0.9


WEATHER CONDITIONS
 THE FOLLOWING WEATHER WAS RECORDED YESTERDAY.
  LIGHT SNOW
  FOG
  HAZE


RELATIVE HUMIDITY (PERCENT)
 HIGHEST    84
 LOWEST     46
 AVERAGE    65

..........................................................


THE DILLON AIRPORT MT CLIMATE NORMALS FOR TODAY
                         NORMAL    RECORD    YEAR
 MAXIMUM TEMPERATURE (F)   40        63      1986
 MINIMUM TEMPERATURE (F)   17       -16      2011


SUNRISE AND SUNSET
FEBRUARY 25 2017......SUNRISE   715 AM MST   SUNSET   612 PM MST
FEBRUARY 26 2017......SUNRISE   713 AM MST   SUNSET   614 PM MST


-  INDICATES NEGATIVE NUMBERS.
R  INDICATES RECORD WAS SET OR TIED.
MM INDICATES DATA IS MISSING.
T  INDICATES TRACE AMOUNT.




$$
