580
CDUS41 KLWX 020529
CLIDMH


CLIMATE REPORT
NATIONAL WEATHER SERVICE BALTIMORE MD/WASHINGTON DC
128 AM EDT MON MAY 2 2016


...................................

...THE BALTIMORE INNER HARBOR MD CLIMATE SUMMARY FOR MAY 1 2016...

CLIMATE NORMAL PERIOD 1981 TO 2010
CLIMATE RECORD PERIOD 9999 TO 9999


WEATHER ITEM   OBSERVED TIME   RECORD YEAR NORMAL DEPARTURE LAST
                VALUE   (LST)  VALUE       VALUE  FROM      YEAR
                                                  NORMAL
..................................................................
TEMPERATURE (F)
 YESTERDAY
  MAXIMUM         55   1117 PM  MM      MM  71    -16       60
  MINIMUM         50    709 AM  MM      MM  52     -2       52
  AVERAGE         53                        62     -9       56

PRECIPITATION (IN)
  YESTERDAY        0.24         MM      MM   0.10   0.14     0.00
  MONTH TO DATE    0.24                      0.10   0.14     0.00
  SINCE MAR 1      4.01                      7.18  -3.17     7.39
  SINCE JAN 1     12.61                     12.70  -0.09    13.21

DEGREE DAYS
 HEATING
  YESTERDAY       12                         5      7        9
  MONTH TO DATE   12                         5      7        9
  SINCE MAR 1    684                       862   -178      843
  SINCE JUL 1   3300                      3950   -650     4357

 COOLING
  YESTERDAY        0                         1     -1        0
  MONTH TO DATE    0                         1     -1        0
  SINCE MAR 1     35                        26      9        9
  SINCE JAN 1     35                        26      9        9
..................................................................


WIND (MPH)
  HIGHEST WIND SPEED    MM   HIGHEST WIND DIRECTION    MM
  HIGHEST GUST SPEED    MM   HIGHEST GUST DIRECTION    MM
  AVERAGE WIND SPEED    MM


SKY COVER
  POSSIBLE SUNSHINE  MM



RELATIVE HUMIDITY (PERCENT)
 HIGHEST    96          1000 AM
 LOWEST     66          1200 AM
 AVERAGE    81

..........................................................


THE BALTIMORE INNER HARBOR MD CLIMATE NORMALS FOR TODAY
                         NORMAL
 MAXIMUM TEMPERATURE (F)   71
 MINIMUM TEMPERATURE (F)   52


SUNRISE AND SUNSET
MAY  2 2016...........SUNRISE   606 AM EDT   SUNSET   801 PM EDT
MAY  3 2016...........SUNRISE   605 AM EDT   SUNSET   802 PM EDT


-  INDICATES NEGATIVE NUMBERS.
R  INDICATES RECORD WAS SET OR TIED.
MM INDICATES DATA IS MISSING.
T  INDICATES TRACE AMOUNT.




$$
