000
CDUS41 KLWX 260546
CLIDMH


CLIMATE REPORT
NATIONAL WEATHER SERVICE BALTIMORE MD/WASHINGTON DC
1245 AM EST FRI DEC 26 2014


...................................

...THE BALTIMORE INNER HARBOR MD CLIMATE SUMMARY FOR DECEMBER 25 2014...

CLIMATE NORMAL PERIOD 1981 TO 2010
CLIMATE RECORD PERIOD 9999 TO 9999


WEATHER ITEM   OBSERVED TIME   RECORD YEAR NORMAL DEPARTURE LAST
                VALUE   (LST)  VALUE       VALUE  FROM      YEAR
                                                  NORMAL
..................................................................
TEMPERATURE (F)
 YESTERDAY
  MAXIMUM         58    123 AM  MM      MM  44     14       33
  MINIMUM         40   1159 PM  MM      MM  30     10       22
  AVERAGE         49                        37     12       28

PRECIPITATION (IN)
  YESTERDAY        0.08         MM      MM   0.11  -0.03     0.00
  MONTH TO DATE    3.26                      2.86   0.40     4.02
  SINCE DEC 1      3.26                      2.86   0.40     4.02
  SINCE JAN 1     52.78                     40.34  12.44    40.98

DEGREE DAYS
 HEATING
  YESTERDAY       16                        28    -12       37
  MONTH TO DATE  593                       621    -28      438
  SINCE DEC 1    593                       621    -28      438
  SINCE JUL 1   1328                      1272     56     1063

 COOLING
  YESTERDAY        0                         0      0        0
  MONTH TO DATE    0                         0      0        0
  SINCE DEC 1      0                         0      0        0
  SINCE JAN 1   1456                      1665   -209     2023
..................................................................


WIND (MPH)
  HIGHEST WIND SPEED    MM   HIGHEST WIND DIRECTION    MM
  HIGHEST GUST SPEED    MM   HIGHEST GUST DIRECTION    MM
  AVERAGE WIND SPEED    MM


SKY COVER
  POSSIBLE SUNSHINE  MM



RELATIVE HUMIDITY (PERCENT)
 HIGHEST   100          1200 AM
 LOWEST     41          1200 PM
 AVERAGE    71

..........................................................


THE BALTIMORE INNER HARBOR MD CLIMATE NORMALS FOR TODAY
                         NORMAL
 MAXIMUM TEMPERATURE (F)   43
 MINIMUM TEMPERATURE (F)   30


SUNRISE AND SUNSET
DECEMBER 26 2014......SUNRISE   725 AM EST   SUNSET   449 PM EST
DECEMBER 27 2014......SUNRISE   725 AM EST   SUNSET   450 PM EST


-  INDICATES NEGATIVE NUMBERS.
R  INDICATES RECORD WAS SET OR TIED.
MM INDICATES DATA IS MISSING.
T  INDICATES TRACE AMOUNT.




$$
