000
CDUS41 KLWX 242126
CLIDMH


CLIMATE REPORT
NATIONAL WEATHER SERVICE BALTIMORE MD/WASHINGTON DC
424 PM EST FRI FEB 24 2017


...................................

...THE BALTIMORE INNER HARBOR MD CLIMATE SUMMARY FOR FEBRUARY 24 2017...
VALID TODAY AS OF 0400 PM LOCAL TIME.

CLIMATE NORMAL PERIOD 1981 TO 2010
CLIMATE RECORD PERIOD 9999 TO 9999


WEATHER ITEM   OBSERVED TIME   RECORD YEAR NORMAL DEPARTURE LAST
                VALUE   (LST)  VALUE       VALUE  FROM      YEAR
                                                  NORMAL
..................................................................
TEMPERATURE (F)
 TODAY
  MAXIMUM         73    335 PM  MM      MM  48     25       62
  MINIMUM         52    725 AM  MM      MM  33     19       40
  AVERAGE         63                        40     23       51

PRECIPITATION (IN)
  TODAY            0.00         MM      MM   0.08  -0.08     2.49
  MONTH TO DATE    0.51                      2.25  -1.74     5.32
  SINCE DEC 1      5.44                      8.58  -3.14    14.84
  SINCE JAN 1      3.10                      5.17  -2.07     8.60

DEGREE DAYS
 HEATING
  TODAY            2                        25    -23       14
  MONTH TO DATE  440                       645   -205      643
  SINCE DEC 1   1888                      2342   -454     1994
  SINCE JUL 1   2397                      2993   -596     2522

 COOLING
  TODAY            0                         0      0        0
  MONTH TO DATE    0                         0      0        0
  SINCE DEC 1      0                         0      0        3
  SINCE JAN 1      0                         0      0        0
..................................................................


WIND (MPH)
  HIGHEST WIND SPEED    MM   HIGHEST WIND DIRECTION    MM
  HIGHEST GUST SPEED    MM   HIGHEST GUST DIRECTION    MM
  AVERAGE WIND SPEED    MM


SKY COVER
  POSSIBLE SUNSHINE  MM



RELATIVE HUMIDITY (PERCENT)
 HIGHEST    83           400 AM
 LOWEST     53           200 PM
 AVERAGE    68

..........................................................


THE BALTIMORE INNER HARBOR MD CLIMATE NORMALS FOR TOMORROW
                         NORMAL    RECORD    YEAR
 MAXIMUM TEMPERATURE (F)   48        MM        MM
 MINIMUM TEMPERATURE (F)   33        MM        MM


SUNRISE AND SUNSET
FEBRUARY 24 2017......SUNRISE   646 AM EST   SUNSET   554 PM EST
FEBRUARY 25 2017......SUNRISE   645 AM EST   SUNSET   555 PM EST


-  INDICATES NEGATIVE NUMBERS.
R  INDICATES RECORD WAS SET OR TIED.
MM INDICATES DATA IS MISSING.
T  INDICATES TRACE AMOUNT.




$$
