000
CDUS41 KLWX 200546
CLIDMH


CLIMATE REPORT
NATIONAL WEATHER SERVICE BALTIMORE MD/WASHINGTON DC
145 AM EDT MON OCT 20 2014


...................................

...THE BALTIMORE INNER HARBOR MD CLIMATE SUMMARY FOR OCTOBER 19 2014...

CLIMATE NORMAL PERIOD 1981 TO 2010
CLIMATE RECORD PERIOD 9999 TO 9999


WEATHER ITEM   OBSERVED TIME   RECORD YEAR NORMAL DEPARTURE LAST
                VALUE   (LST)  VALUE       VALUE  FROM      YEAR
                                                  NORMAL
..................................................................
TEMPERATURE (F)
 YESTERDAY
  MAXIMUM         58        MM  MM      MM  67     -9       70
  MINIMUM         48        MM  MM      MM  51     -3       54
  AVERAGE         53                        59     -6       62

PRECIPITATION (IN)
  YESTERDAY        0.00         MM      MM   0.09  -0.09     0.06
  MONTH TO DATE    1.86                      2.00  -0.14     4.58
  SINCE SEP 1      4.66                      6.09  -1.43     6.25
  SINCE JAN 1     44.27                     33.46  10.81    34.23

DEGREE DAYS
 HEATING
  YESTERDAY       12                         7      5        3
  MONTH TO DATE   70                        89    -19       16
  SINCE SEP 1     75                       107    -32       21
  SINCE JUL 1     75                       107    -32       21

 COOLING
  YESTERDAY        0                         1     -1        0
  MONTH TO DATE   21                        34    -13       98
  SINCE SEP 1    238                       263    -25      345
  SINCE JAN 1   1456                      1659   -203     2019
..................................................................


WIND (MPH)
  HIGHEST WIND SPEED    MM   HIGHEST WIND DIRECTION    MM
  HIGHEST GUST SPEED    MM   HIGHEST GUST DIRECTION    MM
  AVERAGE WIND SPEED    MM


SKY COVER
  POSSIBLE SUNSHINE  MM



RELATIVE HUMIDITY (PERCENT)
 HIGHEST    63           600 AM
 LOWEST     28           400 PM
 AVERAGE    46

..........................................................


THE BALTIMORE INNER HARBOR MD CLIMATE NORMALS FOR TODAY
                         NORMAL
 MAXIMUM TEMPERATURE (F)   67
 MINIMUM TEMPERATURE (F)   50


SUNRISE AND SUNSET
OCTOBER 20 2014.......SUNRISE   721 AM EDT   SUNSET   621 PM EDT
OCTOBER 21 2014.......SUNRISE   722 AM EDT   SUNSET   619 PM EDT


-  INDICATES NEGATIVE NUMBERS.
R  INDICATES RECORD WAS SET OR TIED.
MM INDICATES DATA IS MISSING.
T  INDICATES TRACE AMOUNT.




$$
