030
CDUS41 KLWX 252134
CLIDMH


CLIMATE REPORT
NATIONAL WEATHER SERVICE BALTIMORE MD/WASHINGTON DC
534 PM EDT WED MAY 25 2016


...................................

...THE BALTIMORE INNER HARBOR MD CLIMATE SUMMARY FOR MAY 25 2016...
VALID TODAY AS OF 0500 PM LOCAL TIME.

CLIMATE NORMAL PERIOD 1981 TO 2010
CLIMATE RECORD PERIOD 9999 TO 9999


WEATHER ITEM   OBSERVED TIME   RECORD YEAR NORMAL DEPARTURE LAST
                VALUE   (LST)  VALUE       VALUE  FROM      YEAR
                                                  NORMAL
..................................................................
TEMPERATURE (F)
 TODAY
  MAXIMUM         87    359 PM  MM      MM  78      9       85
  MINIMUM         66    536 AM  MM      MM  60      6       64
  AVERAGE         77                        69      8       75

PRECIPITATION (IN)
  TODAY            0.00         MM      MM   0.13  -0.13     0.00
  MONTH TO DATE    3.66                      2.74   0.92     3.13
  SINCE MAR 1      7.43                      9.82  -2.39    10.52
  SINCE JAN 1     16.03                     15.34   0.69    16.34

DEGREE DAYS
 HEATING
  TODAY            0                         1     -1        0
  MONTH TO DATE  133                        75     58       29
  SINCE MAR 1    805                       932   -127      863
  SINCE JUL 1   3421                      4020   -599     4377

 COOLING
  TODAY           12                         5      7       10
  MONTH TO DATE   24                        78    -54      152
  SINCE MAR 1     59                       103    -44      161
  SINCE JAN 1     59                       103    -44      161
..................................................................


WIND (MPH)
  HIGHEST WIND SPEED    MM   HIGHEST WIND DIRECTION    MM
  HIGHEST GUST SPEED    MM   HIGHEST GUST DIRECTION    MM
  AVERAGE WIND SPEED    MM


SKY COVER
  POSSIBLE SUNSHINE  MM



RELATIVE HUMIDITY (PERCENT)
 HIGHEST    53           600 AM
 LOWEST     25          1100 AM
 AVERAGE    39

..........................................................


THE BALTIMORE INNER HARBOR MD CLIMATE NORMALS FOR TOMORROW
                         NORMAL    RECORD    YEAR
 MAXIMUM TEMPERATURE (F)   78        MM        MM
 MINIMUM TEMPERATURE (F)   60        MM        MM


SUNRISE AND SUNSET
MAY 25 2016...........SUNRISE   545 AM EDT   SUNSET   822 PM EDT
MAY 26 2016...........SUNRISE   545 AM EDT   SUNSET   823 PM EDT


-  INDICATES NEGATIVE NUMBERS.
R  INDICATES RECORD WAS SET OR TIED.
MM INDICATES DATA IS MISSING.
T  INDICATES TRACE AMOUNT.




$$
