000
CDUS41 KLWX 010523
CLIDMH


CLIMATE REPORT
NATIONAL WEATHER SERVICE BALTIMORE MD/WASHINGTON DC
122 AM EDT MON SEP 1 2014


...................................

...THE BALTIMORE INNER HARBOR MD CLIMATE SUMMARY FOR AUGUST 31 2014...

CLIMATE NORMAL PERIOD 1981 TO 2010
CLIMATE RECORD PERIOD 9999 TO 9999


WEATHER ITEM   OBSERVED TIME   RECORD YEAR NORMAL DEPARTURE LAST
                VALUE   (LST)  VALUE       VALUE  FROM      YEAR
                                                  NORMAL
..................................................................
TEMPERATURE (F)
 YESTERDAY
  MAXIMUM         94    204 PM  MM      MM  85      9       95
  MINIMUM         75   1159 PM  MM      MM  69      6       75
  AVERAGE         85                        77      8       85

PRECIPITATION (IN)
  YESTERDAY        0.03         MM      MM   0.11  -0.08     0.00
  MONTH TO DATE    6.35                      3.39   2.96     1.67
  SINCE JUN 1     16.56                     11.28   5.28    13.82
  SINCE JAN 1     39.61                     27.37  12.24    27.98

DEGREE DAYS
 HEATING
  YESTERDAY        0                         0      0        0
  MONTH TO DATE    0                         0      0        0
  SINCE JUN 1      0                         5     -5        0
  SINCE JUL 1      0                         0      0        0

 COOLING
  YESTERDAY       20                        12      8       20
  MONTH TO DATE  338                       432    -94      445
  SINCE JUN 1   1088                      1257   -169     1444
  SINCE JAN 1   1218                      1396   -178     1674
..................................................................


WIND (MPH)
  HIGHEST WIND SPEED    MM   HIGHEST WIND DIRECTION    MM
  HIGHEST GUST SPEED    MM   HIGHEST GUST DIRECTION    MM
  AVERAGE WIND SPEED    MM


SKY COVER
  POSSIBLE SUNSHINE  MM



RELATIVE HUMIDITY (PERCENT)
 HIGHEST    94           700 PM
 LOWEST     44           200 PM
 AVERAGE    69

..........................................................


THE BALTIMORE INNER HARBOR MD CLIMATE NORMALS FOR TODAY
                         NORMAL
 MAXIMUM TEMPERATURE (F)   85
 MINIMUM TEMPERATURE (F)   69


SUNRISE AND SUNSET
SEPTEMBER  1 2014.....SUNRISE   635 AM EDT   SUNSET   737 PM EDT
SEPTEMBER  2 2014.....SUNRISE   636 AM EDT   SUNSET   736 PM EDT


-  INDICATES NEGATIVE NUMBERS.
R  INDICATES RECORD WAS SET OR TIED.
MM INDICATES DATA IS MISSING.
T  INDICATES TRACE AMOUNT.




$$
