000
CDUS41 KLWX 282128
CLIDMH


CLIMATE REPORT
NATIONAL WEATHER SERVICE BALTIMORE MD/WASHINGTON DC
527 PM EDT FRI APR 28 2017


...................................

...THE BALTIMORE INNER HARBOR MD CLIMATE SUMMARY FOR APRIL 28 2017...
VALID TODAY AS OF 0500 PM LOCAL TIME.

CLIMATE NORMAL PERIOD 1981 TO 2010
CLIMATE RECORD PERIOD 9999 TO 9999


WEATHER ITEM   OBSERVED TIME   RECORD YEAR NORMAL DEPARTURE LAST
                VALUE   (LST)  VALUE       VALUE  FROM      YEAR
                                                  NORMAL
..................................................................
TEMPERATURE (F)
 TODAY
  MAXIMUM         85    104 PM  MM      MM  70     15       56
  MINIMUM         66    532 AM  MM      MM  51     15       47
  AVERAGE         76                        61     15       52

PRECIPITATION (IN)
  TODAY            0.00         MM      MM   0.10  -0.10     0.06
  MONTH TO DATE    3.09                      3.01   0.08     1.53
  SINCE MAR 1      6.76                      6.87  -0.11     3.71
  SINCE JAN 1     10.65                     12.39  -1.74    12.31

DEGREE DAYS
 HEATING
  TODAY            0                         6     -6       13
  MONTH TO DATE  130                       267   -137      261
  SINCE MAR 1    716                       846   -130      647
  SINCE JUL 1   3170                      3934   -764     3263

 COOLING
  TODAY           11                         1     10        0
  MONTH TO DATE   55                        21     34       29
  SINCE MAR 1     59                        22     37       35
  SINCE JAN 1     59                        22     37       35
..................................................................


WIND (MPH)
  HIGHEST WIND SPEED    MM   HIGHEST WIND DIRECTION    MM
  HIGHEST GUST SPEED    MM   HIGHEST GUST DIRECTION    MM
  AVERAGE WIND SPEED    MM


SKY COVER
  POSSIBLE SUNSHINE  MM



RELATIVE HUMIDITY (PERCENT)
 HIGHEST    78           400 AM
 LOWEST     34          1200 PM
 AVERAGE    56

..........................................................


THE BALTIMORE INNER HARBOR MD CLIMATE NORMALS FOR TOMORROW
                         NORMAL    RECORD    YEAR
 MAXIMUM TEMPERATURE (F)   70        MM        MM
 MINIMUM TEMPERATURE (F)   52        MM        MM


SUNRISE AND SUNSET
APRIL 28 2017.........SUNRISE   611 AM EDT   SUNSET   757 PM EDT
APRIL 29 2017.........SUNRISE   610 AM EDT   SUNSET   758 PM EDT


-  INDICATES NEGATIVE NUMBERS.
R  INDICATES RECORD WAS SET OR TIED.
MM INDICATES DATA IS MISSING.
T  INDICATES TRACE AMOUNT.




$$
