000
CDUS45 KEPZ 270927
CLIDMN


CLIMATE REPORT
NATIONAL WEATHER SERVICE EL PASO, TX
327 AM MDT WED JUL 27 2016


...................................

...THE DEMING CLIMATE SUMMARY FOR JULY 26 2016...

CLIMATE NORMAL PERIOD 1981 TO 2010
CLIMATE RECORD PERIOD 2000 TO 2016


WEATHER ITEM   OBSERVED TIME   NORMAL DEPARTURE LAST
                VALUE   (LST)  VALUE  FROM      YEAR
                                      NORMAL
......................................................
TEMPERATURE (F)
 YESTERDAY
  MAXIMUM         99    234 PM  94              95
  MINIMUM         75   1159 PM  67              70
  AVERAGE         87            80      7       83

PRECIPITATION (IN)
  YESTERDAY        0.06          0.07  -0.01      T
  MONTH TO DATE    0.28          1.81  -1.53     3.22
  SINCE JUN 1      0.73          2.51  -1.78     3.67
  SINCE JAN 1      1.92          4.92  -3.00     6.30

......................................................


WIND (MPH)
  HIGHEST WIND SPEED    24   HIGHEST WIND DIRECTION    NE (30)
  HIGHEST GUST SPEED    32   HIGHEST GUST DIRECTION    NE (30)
  AVERAGE WIND SPEED    10.1


SKY COVER
  AVERAGE SKY COVER 0.3


WEATHER CONDITIONS
 THE FOLLOWING WEATHER WAS RECORDED YESTERDAY.
  LIGHT RAIN


RELATIVE HUMIDITY (PERCENT)
 HIGHEST    54           600 AM
 LOWEST     22           300 PM
 AVERAGE    38

..........................................................


THE DEMING CLIMATE NORMALS FOR TODAY
                         NORMAL
 MAXIMUM TEMPERATURE (F)   93
 MINIMUM TEMPERATURE (F)   67


SUNRISE AND SUNSET
JULY 27 2016..........SUNRISE   623 AM MDT   SUNSET   811 PM MDT
JULY 28 2016..........SUNRISE   623 AM MDT   SUNSET   811 PM MDT


-  INDICATES NEGATIVE NUMBERS.
R  INDICATES RECORD WAS SET OR TIED.
MM INDICATES DATA IS MISSING.
T  INDICATES TRACE AMOUNT.




$$
