000
CDUS43 KEAX 080648
CLIDMO


CLIMATE REPORT
NATIONAL WEATHER SERVICE KANSAS CITY/PLEASANT HILL MO
1246 AM CST MON FEB 8 2016


...................................

...THE SEDALIA MO CLIMATE SUMMARY FOR FEBRUARY 7 2016...

CLIMATE NORMAL PERIOD 1981 TO 2010
CLIMATE RECORD PERIOD 9999 TO 9999


WEATHER ITEM   OBSERVED TIME   NORMAL DEPARTURE LAST
                VALUE   (LST)  VALUE  FROM      YEAR
                                      NORMAL
......................................................
TEMPERATURE (F)
 YESTERDAY
  MAXIMUM         53    117 PM  43     10       67
  MINIMUM         38   1159 PM  25     13       40
  AVERAGE         46            34     12       54

PRECIPITATION (IN)
  YESTERDAY        0.00          0.08  -0.08     0.00
  MONTH TO DATE    0.10          0.49  -0.39     0.37
  SINCE DEC 1      6.21          4.48   1.73     3.26
  SINCE JAN 1      1.01          2.16  -1.15     1.32

DEGREE DAYS
 HEATING
  YESTERDAY       19            31    -12       11
  MONTH TO DATE  174           220    -46      232
  SINCE DEC 1   1812          2190   -378     2044
  SINCE JUL 1   2457          3035   -578     3029

 COOLING
  YESTERDAY        0             0      0        0
  MONTH TO DATE    0             0      0        0
  SINCE DEC 1      0             0      0        0
  SINCE JAN 1      0             0      0        0
......................................................


WIND (MPH)
  HIGHEST WIND SPEED    31   HIGHEST WIND DIRECTION     W (290)
  HIGHEST GUST SPEED    39   HIGHEST GUST DIRECTION     W (290)
  AVERAGE WIND SPEED    17.0


SKY COVER
  AVERAGE SKY COVER 0.4


WEATHER CONDITIONS
 THE FOLLOWING WEATHER WAS RECORDED YESTERDAY.
  NO SIGNIFICANT WEATHER WAS OBSERVED.


RELATIVE HUMIDITY (PERCENT)
 HIGHEST    70          1100 PM
 LOWEST     30           400 PM
 AVERAGE    50

..........................................................


THE SEDALIA MO CLIMATE NORMALS FOR TODAY
                         NORMAL
 MAXIMUM TEMPERATURE (F)   44
 MINIMUM TEMPERATURE (F)   25


SUNRISE AND SUNSET
FEBRUARY  8 2016......SUNRISE   712 AM CST   SUNSET   542 PM CST
FEBRUARY  9 2016......SUNRISE   711 AM CST   SUNSET   543 PM CST


-  INDICATES NEGATIVE NUMBERS.
R  INDICATES RECORD WAS SET OR TIED.
MM INDICATES DATA IS MISSING.
T  INDICATES TRACE AMOUNT.




$$
