000
CDUS43 KEAX 282154
CLIDMO


CLIMATE REPORT
NATIONAL WEATHER SERVICE KANSAS CITY/PLEASANT HILL MO
452 PM CDT SUN AUG 28 2016


...................................

...THE SEDALIA MO CLIMATE SUMMARY FOR AUGUST 28 2016...
VALID AS OF 0400 PM LOCAL TIME.

CLIMATE NORMAL PERIOD 1981 TO 2010
CLIMATE RECORD PERIOD 9999 TO 9999


WEATHER ITEM   OBSERVED TIME   NORMAL DEPARTURE LAST
                VALUE   (LST)  VALUE  FROM      YEAR
                                      NORMAL
......................................................
TEMPERATURE (F)
 TODAY
  MAXIMUM         92    217 PM  87      5       80
  MINIMUM         70    404 AM  65      5       64
  AVERAGE         81            76      5       72

PRECIPITATION (IN)
  TODAY            0.00          0.14  -0.14     0.01
  MONTH TO DATE    2.28          3.07  -0.79     2.38
  SINCE JUN 1     15.03         12.37   2.66    14.80
  SINCE JAN 1     24.29         27.52  -3.23    28.23

DEGREE DAYS
 HEATING
  TODAY            0             0      0        0
  MONTH TO DATE    0             0      0        0
  SINCE JUN 1      0             6     -6        5
  SINCE JUL 1      0             0      0        0

 COOLING
  TODAY           16            11      5        7
  MONTH TO DATE  369           371     -2      288
  SINCE JUN 1   1248          1112    136     1074
  SINCE JAN 1   1370          1251    119     1201
......................................................


WIND (MPH)
  HIGHEST WIND SPEED    10   HIGHEST WIND DIRECTION    SE (120)
  HIGHEST GUST SPEED    13   HIGHEST GUST DIRECTION     E (110)
  AVERAGE WIND SPEED     4.2


SKY COVER
  AVERAGE SKY COVER 0.2


WEATHER CONDITIONS
 THE FOLLOWING WEATHER WAS RECORDED TODAY.
  NO SIGNIFICANT WEATHER WAS OBSERVED.


RELATIVE HUMIDITY (PERCENT)
 HIGHEST    93           200 AM
 LOWEST     56           100 PM
 AVERAGE    75

..........................................................


THE SEDALIA MO CLIMATE NORMALS FOR TOMORROW
                         NORMAL
 MAXIMUM TEMPERATURE (F)   87
 MINIMUM TEMPERATURE (F)   65


SUNRISE AND SUNSET
AUGUST 28 2016........SUNRISE   638 AM CDT   SUNSET   748 PM CDT
AUGUST 29 2016........SUNRISE   639 AM CDT   SUNSET   746 PM CDT


-  INDICATES NEGATIVE NUMBERS.
R  INDICATES RECORD WAS SET OR TIED.
MM INDICATES DATA IS MISSING.
T  INDICATES TRACE AMOUNT.




$$
