000
CDUS43 KEAX 270645
CLIDMO


CLIMATE REPORT
NATIONAL WEATHER SERVICE KANSAS CITY/PLEASANT HILL MO
144 AM CDT MON MAR 27 2017


...................................

...THE SEDALIA MO CLIMATE SUMMARY FOR MARCH 26 2017...

CLIMATE NORMAL PERIOD 1981 TO 2010
CLIMATE RECORD PERIOD 9999 TO 9999


WEATHER ITEM   OBSERVED TIME   NORMAL DEPARTURE LAST
                VALUE   (LST)  VALUE  FROM      YEAR
                                      NORMAL
......................................................
TEMPERATURE (F)
 YESTERDAY
  MAXIMUM         57    601 PM  61     -4       67
  MINIMUM         48    812 AM  39      9       40
  AVERAGE         53            50      3       54

PRECIPITATION (IN)
  YESTERDAY        0.01          0.09  -0.08     0.00
  MONTH TO DATE    2.30          2.16   0.14     1.35
  SINCE MAR 1      2.30          2.16   0.14     1.35
  SINCE JAN 1      3.72          5.76  -2.04     2.50

DEGREE DAYS
 HEATING
  YESTERDAY       12            15     -3       11
  MONTH TO DATE  392           513   -121      330
  SINCE MAR 1    392           513   -121      330
  SINCE JUL 1   3275          4130   -855     3318

 COOLING
  YESTERDAY        0             0      0        0
  MONTH TO DATE    8             0      8        4
  SINCE MAR 1      8             0      8        4
  SINCE JAN 1      8             0      8        4
......................................................


WIND (MPH)
  HIGHEST WIND SPEED    13   HIGHEST WIND DIRECTION    SW (240)
  HIGHEST GUST SPEED    17   HIGHEST GUST DIRECTION     W (270)
  AVERAGE WIND SPEED     5.8


SKY COVER
  AVERAGE SKY COVER 0.9


WEATHER CONDITIONS
 THE FOLLOWING WEATHER WAS RECORDED YESTERDAY.
  FOG
  HAZE


RELATIVE HUMIDITY (PERCENT)
 HIGHEST   100           900 AM
 LOWEST     72           300 PM
 AVERAGE    86

..........................................................


THE SEDALIA MO CLIMATE NORMALS FOR TODAY
                         NORMAL
 MAXIMUM TEMPERATURE (F)   61
 MINIMUM TEMPERATURE (F)   40


SUNRISE AND SUNSET
MARCH 27 2017.........SUNRISE   704 AM CDT   SUNSET   731 PM CDT
MARCH 28 2017.........SUNRISE   703 AM CDT   SUNSET   732 PM CDT


-  INDICATES NEGATIVE NUMBERS.
R  INDICATES RECORD WAS SET OR TIED.
MM INDICATES DATA IS MISSING.
T  INDICATES TRACE AMOUNT.




$$
