000
CDUS43 KEAX 270642
CLIDMO


CLIMATE REPORT
NATIONAL WEATHER SERVICE KANSAS CITY/PLEASANT HILL MO
141 AM CDT WED JUL 27 2016


...................................

...THE SEDALIA MO CLIMATE SUMMARY FOR JULY 26 2016...

CLIMATE NORMAL PERIOD 1981 TO 2010
CLIMATE RECORD PERIOD 9999 TO 9999


WEATHER ITEM   OBSERVED TIME   NORMAL DEPARTURE LAST
                VALUE   (LST)  VALUE  FROM      YEAR
                                      NORMAL
......................................................
TEMPERATURE (F)
 YESTERDAY
  MAXIMUM         88    431 PM  90     -2       94
  MINIMUM         71    552 AM  69      2       78
  AVERAGE         80            80      0       86

PRECIPITATION (IN)
  YESTERDAY        0.00          0.10  -0.10      T
  MONTH TO DATE    8.36          3.71   4.65     6.13
  SINCE JUN 1     12.54          8.80   3.74    12.42
  SINCE JAN 1     21.80         23.95  -2.15    25.85

DEGREE DAYS
 HEATING
  YESTERDAY        0             0      0        0
  MONTH TO DATE    0             0      0        0
  SINCE JUN 1      0             6     -6        5
  SINCE JUL 1      0             0      0        0

 COOLING
  YESTERDAY       15            14      1       21
  MONTH TO DATE  394           361     33      366
  SINCE JUN 1    812           665    147      705
  SINCE JAN 1    934           804    130      832
......................................................


WIND (MPH)
  HIGHEST WIND SPEED    12   HIGHEST WIND DIRECTION     E (70)
  HIGHEST GUST SPEED    13   HIGHEST GUST DIRECTION     E (80)
  AVERAGE WIND SPEED     4.3


SKY COVER
  AVERAGE SKY COVER 0.1


WEATHER CONDITIONS
 THE FOLLOWING WEATHER WAS RECORDED YESTERDAY.
  FOG


RELATIVE HUMIDITY (PERCENT)
 HIGHEST    93           200 AM
 LOWEST     55           300 PM
 AVERAGE    74

..........................................................


THE SEDALIA MO CLIMATE NORMALS FOR TODAY
                         NORMAL
 MAXIMUM TEMPERATURE (F)   90
 MINIMUM TEMPERATURE (F)   69


SUNRISE AND SUNSET
JULY 27 2016..........SUNRISE   610 AM CDT   SUNSET   827 PM CDT
JULY 28 2016..........SUNRISE   611 AM CDT   SUNSET   826 PM CDT


-  INDICATES NEGATIVE NUMBERS.
R  INDICATES RECORD WAS SET OR TIED.
MM INDICATES DATA IS MISSING.
T  INDICATES TRACE AMOUNT.




$$
