000
CDUS43 KEAX 292132
CLIDMO


CLIMATE REPORT
NATIONAL WEATHER SERVICE KANSAS CITY/PLEASANT HILL MO
431 PM CDT TUE JUL 29 2014


...................................

...THE SEDALIA MO CLIMATE SUMMARY FOR JULY 29 2014...
VALID AS OF 0400 PM LOCAL TIME.

CLIMATE NORMAL PERIOD 1981 TO 2010
CLIMATE RECORD PERIOD 9999 TO 9999


WEATHER ITEM   OBSERVED TIME   NORMAL DEPARTURE LAST
                VALUE   (LST)  VALUE  FROM      YEAR
                                      NORMAL
......................................................
TEMPERATURE (F)
 TODAY
  MAXIMUM         83    259 PM  90     -7       76
  MINIMUM         58    513 AM  69    -11       64
  AVERAGE         71            80     -9       70

PRECIPITATION (IN)
  TODAY            0.00          0.10  -0.10     0.35
  MONTH TO DATE    0.58          3.99  -3.41     1.60
  SINCE JUN 1      6.69          9.08  -2.39     4.01
  SINCE JAN 1     18.06         24.23  -6.17    27.01

DEGREE DAYS
 HEATING
  TODAY            0             0      0        0
  MONTH TO DATE    0             0      0        0
  SINCE JUN 1      0             6     -6        9
  SINCE JUL 1      0             0      0        0

 COOLING
  TODAY            6            14     -8        5
  MONTH TO DATE  283           403   -120      356
  SINCE JUN 1    595           707   -112      663
  SINCE JAN 1    790           846    -56      811
......................................................


WIND (MPH)
  HIGHEST WIND SPEED    13   HIGHEST WIND DIRECTION    NW (330)
  HIGHEST GUST SPEED    16   HIGHEST GUST DIRECTION    NW (320)
  AVERAGE WIND SPEED     4.7


SKY COVER
  AVERAGE SKY COVER 0.2


WEATHER CONDITIONS
 THE FOLLOWING WEATHER WAS RECORDED TODAY.
  FOG
  HAZE


RELATIVE HUMIDITY (PERCENT)
 HIGHEST    87           500 AM
 LOWEST     43           300 PM
 AVERAGE    65

..........................................................


THE SEDALIA MO CLIMATE NORMALS FOR TOMORROW
                         NORMAL
 MAXIMUM TEMPERATURE (F)   90
 MINIMUM TEMPERATURE (F)   69


SUNRISE AND SUNSET
JULY 29 2014..........SUNRISE   611 AM CDT   SUNSET   826 PM CDT
JULY 30 2014..........SUNRISE   612 AM CDT   SUNSET   825 PM CDT


-  INDICATES NEGATIVE NUMBERS.
R  INDICATES RECORD WAS SET OR TIED.
MM INDICATES DATA IS MISSING.
T  INDICATES TRACE AMOUNT.




$$
