000
CDUS43 KEAX 230642
CLIDMO


CLIMATE REPORT
NATIONAL WEATHER SERVICE KANSAS CITY/PLEASANT HILL MO
1241 AM CST MON JAN 23 2017


...................................

...THE SEDALIA MO CLIMATE SUMMARY FOR JANUARY 22 2017...

CLIMATE NORMAL PERIOD 1981 TO 2010
CLIMATE RECORD PERIOD 9999 TO 9999


WEATHER ITEM   OBSERVED TIME   NORMAL DEPARTURE LAST
                VALUE   (LST)  VALUE  FROM      YEAR
                                      NORMAL
......................................................
TEMPERATURE (F)
 YESTERDAY
  MAXIMUM         49   1201 AM  40      9       30
  MINIMUM         37    453 PM  23     14       23
  AVERAGE         43            32     11       27

PRECIPITATION (IN)
  YESTERDAY        0.30          0.05   0.25     0.00
  MONTH TO DATE    0.99          1.14  -0.15     0.91
  SINCE DEC 1      1.77          3.46  -1.69     6.11
  SINCE JAN 1      0.99          1.14  -0.15     0.91

DEGREE DAYS
 HEATING
  YESTERDAY       22            33    -11       38
  MONTH TO DATE  662           743    -81      779
  SINCE DEC 1   1647          1679    -32     1450
  SINCE JUL 1   2154          2524   -370     2095

 COOLING
  YESTERDAY        0             0      0        0
  MONTH TO DATE    0             0      0        0
  SINCE DEC 1      0             0      0        0
  SINCE JAN 1      0             0      0        0
......................................................


WIND (MPH)
  HIGHEST WIND SPEED    23   HIGHEST WIND DIRECTION     N (360)
  HIGHEST GUST SPEED    26   HIGHEST GUST DIRECTION     N (360)
  AVERAGE WIND SPEED    12.5


SKY COVER
  AVERAGE SKY COVER 0.9


WEATHER CONDITIONS
 THE FOLLOWING WEATHER WAS RECORDED YESTERDAY.
  RAIN
  LIGHT RAIN
  FOG


RELATIVE HUMIDITY (PERCENT)
 HIGHEST    93           300 PM
 LOWEST     85           700 PM
 AVERAGE    89

..........................................................


THE SEDALIA MO CLIMATE NORMALS FOR TODAY
                         NORMAL
 MAXIMUM TEMPERATURE (F)   41
 MINIMUM TEMPERATURE (F)   23


SUNRISE AND SUNSET
JANUARY 23 2017.......SUNRISE   725 AM CST   SUNSET   524 PM CST
JANUARY 24 2017.......SUNRISE   724 AM CST   SUNSET   525 PM CST


-  INDICATES NEGATIVE NUMBERS.
R  INDICATES RECORD WAS SET OR TIED.
MM INDICATES DATA IS MISSING.
T  INDICATES TRACE AMOUNT.




$$
