569
CDUS42 KCAE 242223
CLIDNL


CLIMATE REPORT
NATIONAL WEATHER SERVICE COLUMBIA SC
522 PM EST TUE JAN 24 2017


...................................

...THE AUGUSTA DANIEL FIELD GA CLIMATE SUMMARY FOR JANUARY 24 2017...
VALID TODAY AS OF 0500 PM LOCAL TIME.

CLIMATE NORMAL PERIOD 1981 TO 2010
CLIMATE RECORD PERIOD 9999 TO 9999


WEATHER ITEM   OBSERVED TIME   NORMAL DEPARTURE LAST
                VALUE   (LST)  VALUE  FROM      YEAR
                                      NORMAL
......................................................
TEMPERATURE (F)
 TODAY
  MAXIMUM         68    359 PM  56     12       54
  MINIMUM         48    809 AM  38     10       28
  AVERAGE         58            47     11

PRECIPITATION (IN)
  TODAY            0.00          0.16  -0.16     0.00
  MONTH TO DATE   10.37          3.07   7.30     1.54
  SINCE DEC 1     14.58          6.69   7.89     7.02
  SINCE JAN 1     10.37          3.07   7.30     1.54

DEGREE DAYS
 HEATING
  TODAY            7            18    -11       24
  MONTH TO DATE  193           447   -254      487
  SINCE DEC 1    588           952   -364      650
  SINCE JUL 1    757          1286   -529      841

 COOLING
  TODAY            0             0      0        0
  MONTH TO DATE   15             0     15        0
  SINCE DEC 1     19             5     14       64
  SINCE JAN 1     15             0     15        0
......................................................


WIND (MPH)
  HIGHEST WIND SPEED    16   HIGHEST WIND DIRECTION    NW (300)
  HIGHEST GUST SPEED    22   HIGHEST GUST DIRECTION     W (290)
  AVERAGE WIND SPEED     8.2


SKY COVER
  AVERAGE SKY COVER 0.0


WEATHER CONDITIONS
 THE FOLLOWING WEATHER WAS RECORDED TODAY.
  NO SIGNIFICANT WEATHER WAS OBSERVED.


RELATIVE HUMIDITY (PERCENT)
 HIGHEST    71           500 AM
 LOWEST     34           400 PM

..........................................................


THE AUGUSTA DANIEL FIELD GA CLIMATE NORMALS FOR TOMORROW
                         NORMAL
 MAXIMUM TEMPERATURE (F)   56
 MINIMUM TEMPERATURE (F)   38


SUNRISE AND SUNSET
JANUARY 24 2017.......SUNRISE   729 AM EST   SUNSET   552 PM EST
JANUARY 25 2017.......SUNRISE   728 AM EST   SUNSET   553 PM EST


-  INDICATES NEGATIVE NUMBERS.
R  INDICATES RECORD WAS SET OR TIED.
MM INDICATES DATA IS MISSING.
T  INDICATES TRACE AMOUNT.




$$
