000
CDUS42 KCAE 270556
CLIDNL


CLIMATE REPORT
NATIONAL WEATHER SERVICE COLUMBIA SC
1256 AM EST THU NOV 27 2014


...................................

...THE AUGUSTA DANIEL FIELD GA CLIMATE SUMMARY FOR NOVEMBER 26 2014...

CLIMATE NORMAL PERIOD 1981 TO 2010
CLIMATE RECORD PERIOD 9999 TO 9999


WEATHER ITEM   OBSERVED TIME   RECORD YEAR NORMAL DEPARTURE LAST
                VALUE   (LST)  VALUE       VALUE  FROM      YEAR
                                                  NORMAL
..................................................................
TEMPERATURE (F)
 YESTERDAY
  MAXIMUM         61    328 PM  MM      MM  64     -3       69
  MINIMUM         45   1159 PM  MM      MM  44      1       43
  AVERAGE         53                        54     -1       56

PRECIPITATION (IN)
  YESTERDAY        0.36         MM      MM   0.13   0.23     0.92
  MONTH TO DATE    3.53                      2.65   0.88     2.04
  SINCE SEP 1      8.56                      9.25  -0.69     4.31
  SINCE JAN 1     37.05                     42.41  -5.36    53.38

DEGREE DAYS
 HEATING
  YESTERDAY       12                        11      1        9
  MONTH TO DATE  299                       208     91      230
  SINCE SEP 1    333                       286     47      283
  SINCE JUL 1    333                       286     47      283

 COOLING
  YESTERDAY        0                         0      0        0
  MONTH TO DATE    9                        14     -5       11
  SINCE SEP 1    563                       440    123      479
  SINCE JAN 1   2634                      2251    383     2081
..................................................................


WIND (MPH)
  HIGHEST WIND SPEED    17   HIGHEST WIND DIRECTION    NW (310)
  HIGHEST GUST SPEED    24   HIGHEST GUST DIRECTION    NW (300)
  AVERAGE WIND SPEED     6.7


SKY COVER
  AVERAGE SKY COVER 0.6


WEATHER CONDITIONS
 THE FOLLOWING WEATHER WAS RECORDED YESTERDAY.
  RAIN
  LIGHT RAIN
  FOG


RELATIVE HUMIDITY (PERCENT)
 HIGHEST    93          1200 AM
 LOWEST     36           400 PM

..........................................................


THE AUGUSTA DANIEL FIELD GA CLIMATE NORMALS FOR TODAY
                         NORMAL    RECORD    YEAR
 MAXIMUM TEMPERATURE (F)   64        MM        MM
 MINIMUM TEMPERATURE (F)   44        MM        MM


SUNRISE AND SUNSET
NOVEMBER 27 2014......SUNRISE   711 AM EST   SUNSET   521 PM EST
NOVEMBER 28 2014......SUNRISE   711 AM EST   SUNSET   521 PM EST


-  INDICATES NEGATIVE NUMBERS.
R  INDICATES RECORD WAS SET OR TIED.
MM INDICATES DATA IS MISSING.
T  INDICATES TRACE AMOUNT.




$$
