000
CDUS43 KLOT 290632
CLIDPA


CLIMATE REPORT
NATIONAL WEATHER SERVICE CHICAGO IL
132 AM CDT FRI AUG 29 2014


...................................

...THE DU PAGE  AIRPORT CLIMATE SUMMARY FOR AUGUST 28 2014...

CLIMATE NORMAL PERIOD 1981 TO 2010
CLIMATE RECORD PERIOD 1997 TO 2014


WEATHER ITEM   OBSERVED TIME   RECORD YEAR NORMAL DEPARTURE LAST
                VALUE   (LST)  VALUE       VALUE  FROM      YEAR
                                                  NORMAL
..................................................................
TEMPERATURE (F)
 YESTERDAY
  MAXIMUM         81    146 PM  92    2003  81      0       87
  MINIMUM         63   1229 AM  54    2003  60      3       69
  AVERAGE         72                        71      1       78

PRECIPITATION (IN)
  YESTERDAY        0.09          1.26        0.12  -0.03     0.00
  MONTH TO DATE    5.67                      4.25   1.42     1.02
  SINCE JUN 1     14.79                     12.26   2.53     8.87
  SINCE JAN 1     22.43                     25.28  -2.85    26.16

SNOWFALL (IN)
  YESTERDAY        0.0

DEGREE DAYS
 HEATING
  YESTERDAY        0                         0      0        0
  MONTH TO DATE    0                         0      0        7
  SINCE JUN 1     27                        38    -11       80
  SINCE JUL 1      9                         2      7       26

 COOLING
  YESTERDAY        7                         6      1       13
  MONTH TO DATE  223                       205     18      158
  SINCE JUN 1    584                       661    -77      516
  SINCE JAN 1    653                       707    -54      593
..................................................................


WIND (MPH)
  RESULTANT WIND SPEED   6   RESULTANT WIND DIRECTION   E (80)
  HIGHEST WIND SPEED    15   HIGHEST WIND DIRECTION    NE (60)
  HIGHEST GUST SPEED    18   HIGHEST GUST DIRECTION    NE (50)
  AVERAGE WIND SPEED     6.4



WEATHER CONDITIONS
 THE FOLLOWING WEATHER WAS RECORDED YESTERDAY.
  LIGHT RAIN
  FOG


..........................................................


THE DU PAGE  AIRPORT CLIMATE NORMALS FOR TODAY
                         NORMAL    RECORD    YEAR
 MAXIMUM TEMPERATURE (F)   81        92      2010
 MINIMUM TEMPERATURE (F)   60        51      2001
                                             1999


SUNRISE AND SUNSET
AUGUST 29 2014........SUNRISE   616 AM CDT   SUNSET   731 PM CDT
AUGUST 30 2014........SUNRISE   617 AM CDT   SUNSET   730 PM CDT


-  INDICATES NEGATIVE NUMBERS.
R  INDICATES RECORD WAS SET OR TIED.
MM INDICATES DATA IS MISSING.
T  INDICATES TRACE AMOUNT.




$$
