000
CDUS44 KEWX 202254
CLIDRT


CLIMATE REPORT
NATIONAL WEATHER SERVICE AUSTIN/SAN ANTONIO, TX
553 PM CDT SUN AUG 20 2017


...................................

...THE DEL RIO CLIMATE SUMMARY FOR AUGUST 20 2017...
VALID TODAY AS OF 550 PM LOCAL TIME.

CLIMATE NORMAL PERIOD 1981 TO 2010
CLIMATE RECORD PERIOD 1906 TO 2017


WEATHER ITEM   OBSERVED TIME   RECORD YEAR NORMAL DEPARTURE LAST
                VALUE   (LST)  VALUE       VALUE  FROM      YEAR
                                                  NORMAL
..................................................................
TEMPERATURE (F)
 TODAY
  MAXIMUM        101    441 PM 106    1986  97      4       88
  MINIMUM         77    632 AM  62    1940  75      2       72
  AVERAGE         89                        86      3       80

PRECIPITATION (IN)
  TODAY            0.00          3.12 2016   0.08  -0.08     3.12
  MONTH TO DATE    1.60                      1.22   0.38     8.71
  SINCE JUN 1      4.72                      5.35  -0.63    11.69
  SINCE JAN 1     15.81                     12.55   3.26    20.30

SNOWFALL (IN)
  TODAY            0.0
  MONTH TO DATE    0.0
  SINCE JUN 1      0.0
  SINCE JUL 1      0.0
  SNOW DEPTH       0

DEGREE DAYS
 HEATING
  TODAY            0                         0      0        0
  MONTH TO DATE    0                         0      0        0
  SINCE JUN 1      0                         0      0        0
  SINCE JUL 1      0                         0      0        0

 COOLING
  TODAY           24                        21      3       15
  MONTH TO DATE  458                       437     21      442
  SINCE JUN 1   1748                      1656     92     1796
  SINCE JAN 1   2573                      2415    158     2522
..................................................................


WIND (MPH)
  HIGHEST WIND SPEED    20   HIGHEST WIND DIRECTION    SE (150)
  HIGHEST GUST SPEED    25   HIGHEST GUST DIRECTION    SE (140)
  AVERAGE WIND SPEED    10.4



WEATHER CONDITIONS
 THE FOLLOWING WEATHER WAS RECORDED TODAY.
  NO SIGNIFICANT WEATHER WAS OBSERVED.


RELATIVE HUMIDITY (PERCENT)
 HIGHEST    74           600 AM
 LOWEST     29           300 PM
 AVERAGE    52

..........................................................


THE DEL RIO CLIMATE NORMALS FOR TOMORROW
                         NORMAL    RECORD    YEAR
 MAXIMUM TEMPERATURE (F)   97       105      1911
 MINIMUM TEMPERATURE (F)   75        65      1940


SUNRISE AND SUNSET
AUGUST 20 2017........SUNRISE   715 AM CDT   SUNSET   819 PM CDT
AUGUST 21 2017........SUNRISE   715 AM CDT   SUNSET   817 PM CDT


-  INDICATES NEGATIVE NUMBERS.
R  INDICATES RECORD WAS SET OR TIED.
MM INDICATES DATA IS MISSING.
T  INDICATES TRACE AMOUNT.




$$
