000
CDUS44 KEWX 210713
CLIDRT


CLIMATE REPORT
NATIONAL WEATHER SERVICE AUSTIN/SAN ANTONIO, TX
211 AM CDT TUE OCT 21 2014


...................................

...THE DEL RIO CLIMATE SUMMARY FOR OCTOBER 20 2014...

CLIMATE NORMAL PERIOD 1981 TO 2010
CLIMATE RECORD PERIOD 1906 TO 2014


WEATHER ITEM   OBSERVED TIME   RECORD YEAR NORMAL DEPARTURE LAST
                VALUE   (LST)  VALUE       VALUE  FROM      YEAR
                                                  NORMAL
..................................................................
TEMPERATURE (F)
 YESTERDAY
  MAXIMUM         80    257 PM  95    1979  81     -1       75
  MINIMUM         66    604 AM  34    1976  60      6       53
  AVERAGE         73                        71      2       64

PRECIPITATION (IN)
  YESTERDAY        0.00          1.06 1914   0.08  -0.08     0.00
  MONTH TO DATE    0.99                      1.68  -0.69     1.40
  SINCE SEP 1      5.22                      3.88   1.34     5.84
  SINCE JAN 1     12.39                     17.39  -5.00    14.33

SNOWFALL (IN)
  YESTERDAY        0.0
  MONTH TO DATE    0.0
  SINCE SEP 1      0.0
  SINCE JUL 1      0.0

DEGREE DAYS
 HEATING
  YESTERDAY        0                         1     -1        1
  MONTH TO DATE    0                         6     -6        8
  SINCE SEP 1      0                         7     -7        8
  SINCE JUL 1      0                         7     -7        8

 COOLING
  YESTERDAY        8                         6      2        0
  MONTH TO DATE  218                       175     43      173
  SINCE SEP 1    703                       635     68      693
  SINCE JAN 1   3592                      3270    322     3633
..................................................................


WIND (MPH)
  HIGHEST WIND SPEED    14   HIGHEST WIND DIRECTION     E (100)
  HIGHEST GUST SPEED    17   HIGHEST GUST DIRECTION     E (80)
  AVERAGE WIND SPEED     6.6


SKY COVER
  AVERAGE SKY COVER 0.8


WEATHER CONDITIONS
 THE FOLLOWING WEATHER WAS RECORDED YESTERDAY.
  NO SIGNIFICANT WEATHER WAS OBSERVED.


RELATIVE HUMIDITY (PERCENT)
 HIGHEST    90           900 AM
 LOWEST     58           300 PM
 AVERAGE    74

..........................................................


THE DEL RIO CLIMATE NORMALS FOR TODAY
                         NORMAL    RECORD    YEAR
 MAXIMUM TEMPERATURE (F)   81        93      2012
 MINIMUM TEMPERATURE (F)   60        41      1916


SUNRISE AND SUNSET
OCTOBER 21 2014.......SUNRISE   749 AM CDT   SUNSET   707 PM CDT
OCTOBER 22 2014.......SUNRISE   750 AM CDT   SUNSET   706 PM CDT


-  INDICATES NEGATIVE NUMBERS.
R  INDICATES RECORD WAS SET OR TIED.
MM INDICATES DATA IS MISSING.
T  INDICATES TRACE AMOUNT.




$$
