000
CDUS44 KEWX 030736
CLIDRT


CLIMATE REPORT
NATIONAL WEATHER SERVICE AUSTIN/SAN ANTONIO, TX
135 AM CST SAT DEC 3 2016


...................................

...THE DEL RIO CLIMATE SUMMARY FOR DECEMBER 2 2016...

CLIMATE NORMAL PERIOD 1981 TO 2010
CLIMATE RECORD PERIOD 1906 TO 2016


WEATHER ITEM   OBSERVED TIME   RECORD YEAR NORMAL DEPARTURE LAST
                VALUE   (LST)  VALUE       VALUE  FROM      YEAR
                                                  NORMAL
..................................................................
TEMPERATURE (F)
 YESTERDAY
  MAXIMUM         62    404 PM  86    1921  66     -4       70
  MINIMUM         57   1208 AM  24    1911  43     14       45
  AVERAGE         60                        55      5       58

PRECIPITATION (IN)
  YESTERDAY        0.06          0.93 1913   0.02   0.04     0.00
  MONTH TO DATE    0.06                      0.04   0.02     0.00
  SINCE DEC 1      0.06                      0.04   0.02     0.00
  SINCE JAN 1     30.05                     18.91  11.14    27.47

SNOWFALL (IN)
  YESTERDAY        0.0
  MONTH TO DATE    0.0
  SINCE DEC 1      0.0
  SINCE JUL 1      0.0

DEGREE DAYS
 HEATING
  YESTERDAY        5                        11     -6        7
  MONTH TO DATE   16                        21     -5       17
  SINCE DEC 1     16                        21     -5       17
  SINCE JUL 1     85                       218   -133      160

 COOLING
  YESTERDAY        0                         0      0        0
  MONTH TO DATE    0                         0      0        0
  SINCE DEC 1      0                         0      0        0
  SINCE JAN 1   3579                      3372    207     3530
..................................................................


WIND (MPH)
  HIGHEST WIND SPEED    16   HIGHEST WIND DIRECTION    SE (120)
  HIGHEST GUST SPEED    21   HIGHEST GUST DIRECTION    SE (120)
  AVERAGE WIND SPEED     8.8


SKY COVER
  AVERAGE SKY COVER 1.0


WEATHER CONDITIONS
 THE FOLLOWING WEATHER WAS RECORDED YESTERDAY.
  LIGHT RAIN
  FOG


RELATIVE HUMIDITY (PERCENT)
 HIGHEST   100           600 PM
 LOWEST     78           300 AM
 AVERAGE    89

..........................................................


THE DEL RIO CLIMATE NORMALS FOR TODAY
                         NORMAL    RECORD    YEAR
 MAXIMUM TEMPERATURE (F)   66        86      1999
 MINIMUM TEMPERATURE (F)   43        25      1929


SUNRISE AND SUNSET
DECEMBER  3 2016......SUNRISE   722 AM CST   SUNSET   545 PM CST
DECEMBER  4 2016......SUNRISE   723 AM CST   SUNSET   545 PM CST


-  INDICATES NEGATIVE NUMBERS.
R  INDICATES RECORD WAS SET OR TIED.
MM INDICATES DATA IS MISSING.
T  INDICATES TRACE AMOUNT.




$$
