000
CDUS44 KEWX 042223
CLIDRT


CLIMATE REPORT
NATIONAL WEATHER SERVICE AUSTIN/SAN ANTONIO, TX
523 PM CDT FRI SEP 4 2015


...................................

...THE DEL RIO CLIMATE SUMMARY FOR SEPTEMBER 4 2015...
VALID TODAY AS OF 523 PM LOCAL TIME.

CLIMATE NORMAL PERIOD 1981 TO 2010
CLIMATE RECORD PERIOD 1906 TO 2015


WEATHER ITEM   OBSERVED TIME   RECORD YEAR NORMAL DEPARTURE LAST
                VALUE   (LST)  VALUE       VALUE  FROM      YEAR
                                                  NORMAL
..................................................................
TEMPERATURE (F)
 TODAY
  MAXIMUM        100    356 PM 107    2000  94      6       87
  MINIMUM         76    644 AM  63    1934  73      3       74
  AVERAGE         88                        84      4       81

PRECIPITATION (IN)
  TODAY            0.00          2.49 2007   0.08  -0.08     0.15
  MONTH TO DATE    0.00                      0.34  -0.34     0.15
  SINCE SEP 1      0.00                      0.34  -0.34     0.15
  SINCE JAN 1     20.62                     13.85   6.77     7.32

SNOWFALL (IN)
  TODAY            0.0
  MONTH TO DATE    0.0
  SINCE SEP 1      0.0
  SINCE JUL 1      0.0
  SNOW DEPTH       0

DEGREE DAYS
 HEATING
  TODAY            0                         0      0        0
  MONTH TO DATE    0                         0      0        0
  SINCE SEP 1      0                         0      0        0
  SINCE JUL 1      0                         0      0        0

 COOLING
  TODAY           23                        19      4       16
  MONTH TO DATE   86                        76     10       85
  SINCE SEP 1     86                        76     10       85
  SINCE JAN 1   2675                      2711    -36     2974
..................................................................


WIND (MPH)
  HIGHEST WIND SPEED    18   HIGHEST WIND DIRECTION     S (160)
  HIGHEST GUST SPEED    24   HIGHEST GUST DIRECTION    SE (130)
  AVERAGE WIND SPEED    10.4



WEATHER CONDITIONS
 THE FOLLOWING WEATHER WAS RECORDED TODAY.
  NO SIGNIFICANT WEATHER WAS OBSERVED.


RELATIVE HUMIDITY (PERCENT)
 HIGHEST    79           800 AM
 LOWEST     31           300 PM
 AVERAGE    55

..........................................................


THE DEL RIO CLIMATE NORMALS FOR TOMORROW
                         NORMAL    RECORD    YEAR
 MAXIMUM TEMPERATURE (F)   94       109      2000
 MINIMUM TEMPERATURE (F)   73        57      1974


SUNRISE AND SUNSET
SEPTEMBER  4 2015.....SUNRISE   723 AM CDT   SUNSET   802 PM CDT
SEPTEMBER  5 2015.....SUNRISE   723 AM CDT   SUNSET   801 PM CDT


-  INDICATES NEGATIVE NUMBERS.
R  INDICATES RECORD WAS SET OR TIED.
MM INDICATES DATA IS MISSING.
T  INDICATES TRACE AMOUNT.




$$
