000
CDUS44 KEWX 262352
CLIDRT


CLIMATE REPORT
NATIONAL WEATHER SERVICE AUSTIN/SAN ANTONIO, TX
548 PM CST SUN FEB 26 2017


...................................

...THE DEL RIO CLIMATE SUMMARY FOR FEBRUARY 26 2017...
VALID TODAY AS OF 548 PM LOCAL TIME.

CLIMATE NORMAL PERIOD 1981 TO 2010
CLIMATE RECORD PERIOD 1906 TO 2017


WEATHER ITEM   OBSERVED TIME   RECORD YEAR NORMAL DEPARTURE LAST
                VALUE   (LST)  VALUE       VALUE  FROM      YEAR
                                                  NORMAL
..................................................................
TEMPERATURE (F)
 TODAY
  MAXIMUM         74    538 PM  96    1986  71      3       68
  MINIMUM         50    343 AM  30    2002  48      2       40
                                      1924
  AVERAGE         62                        60      2       54

PRECIPITATION (IN)
  TODAY            0.00          0.41 2005   0.04  -0.04     0.00
  MONTH TO DATE    0.78                      0.80  -0.02     0.07
  SINCE DEC 1      3.45                      2.17   1.28     1.09
  SINCE JAN 1      0.97                      1.52  -0.55     0.75

SNOWFALL (IN)
  TODAY            0.0
  MONTH TO DATE    0.0
  SINCE DEC 1      0.0
  SINCE JUL 1      0.0
  SNOW DEPTH       0

DEGREE DAYS
 HEATING
  TODAY            3                         7     -4       11
  MONTH TO DATE  101                       234   -133      165
  SINCE DEC 1    724                      1027   -303      832
  SINCE JUL 1    793                      1224   -431      975

 COOLING
  TODAY            0                         1     -1        0
  MONTH TO DATE   34                        10     24       27
  SINCE DEC 1     62                        16     46       28
  SINCE JAN 1     50                        13     37       27
..................................................................


WIND (MPH)
  HIGHEST WIND SPEED    14   HIGHEST WIND DIRECTION    SE (120)
  HIGHEST GUST SPEED    19   HIGHEST GUST DIRECTION     E (110)
  AVERAGE WIND SPEED     8.7



WEATHER CONDITIONS
 THE FOLLOWING WEATHER WAS RECORDED TODAY.
  FOG


RELATIVE HUMIDITY (PERCENT)
 HIGHEST    96           900 AM
 LOWEST     46          1200 AM
 AVERAGE    71

..........................................................


THE DEL RIO CLIMATE NORMALS FOR TOMORROW
                         NORMAL    RECORD    YEAR
 MAXIMUM TEMPERATURE (F)   72        99      2011
 MINIMUM TEMPERATURE (F)   48        20      2002


SUNRISE AND SUNSET
FEBRUARY 26 2017......SUNRISE   712 AM CST   SUNSET   641 PM CST
FEBRUARY 27 2017......SUNRISE   711 AM CST   SUNSET   642 PM CST


-  INDICATES NEGATIVE NUMBERS.
R  INDICATES RECORD WAS SET OR TIED.
MM INDICATES DATA IS MISSING.
T  INDICATES TRACE AMOUNT.




$$
