000
CDUS44 KEWX 250731
CLIDRT


CLIMATE REPORT
NATIONAL WEATHER SERVICE AUSTIN/SAN ANTONIO, TX
231 AM CDT MON MAY 25 2015


...................................

...THE DEL RIO CLIMATE SUMMARY FOR MAY 24 2015...

CLIMATE NORMAL PERIOD 1981 TO 2010
CLIMATE RECORD PERIOD 1906 TO 2015


WEATHER ITEM   OBSERVED TIME   RECORD YEAR NORMAL DEPARTURE LAST
                VALUE   (LST)  VALUE       VALUE  FROM      YEAR
                                                  NORMAL
..................................................................
TEMPERATURE (F)
 YESTERDAY
  MAXIMUM         87    549 PM 109    2000  91     -4       93
  MINIMUM         67    646 AM  49    1910  70     -3       72
  AVERAGE         77                        81     -4       83

PRECIPITATION (IN)
  YESTERDAY        0.00          7.12 2010   0.10  -0.10     0.01
  MONTH TO DATE    6.14                      2.09   4.05     0.28
  SINCE MAR 1     10.06                      4.88   5.18     0.68
  SINCE JAN 1     11.05                      6.48   4.57     0.90

SNOWFALL (IN)
  YESTERDAY        0.0
  MONTH TO DATE    0.0
  SINCE MAR 1      0.0
  SINCE JUL 1      0.0

DEGREE DAYS
 HEATING
  YESTERDAY        0                         0      0        0
  MONTH TO DATE    0                         0      0        4
  SINCE MAR 1    148                       139      9      152
  SINCE JUL 1   1475                      1375    100     1559

 COOLING
  YESTERDAY       12                        16     -4       18
  MONTH TO DATE  286                       315    -29      312
  SINCE MAR 1    577                       625    -48      687
  SINCE JAN 1    592                       644    -52      732
..................................................................


WIND (MPH)
  HIGHEST WIND SPEED    13   HIGHEST WIND DIRECTION     E (110)
  HIGHEST GUST SPEED    18   HIGHEST GUST DIRECTION     E (110)
  AVERAGE WIND SPEED     7.0


SKY COVER
  AVERAGE SKY COVER 0.4


WEATHER CONDITIONS
 THE FOLLOWING WEATHER WAS RECORDED YESTERDAY.
  FOG


RELATIVE HUMIDITY (PERCENT)
 HIGHEST   100           500 AM
 LOWEST     42           600 PM
 AVERAGE    71

..........................................................


THE DEL RIO CLIMATE NORMALS FOR TODAY
                         NORMAL    RECORD    YEAR
 MAXIMUM TEMPERATURE (F)   92       104      2011
 MINIMUM TEMPERATURE (F)   70        59      1952
                                             1940
                                             1910


SUNRISE AND SUNSET
MAY 25 2015...........SUNRISE   647 AM CDT   SUNSET   835 PM CDT
MAY 26 2015...........SUNRISE   646 AM CDT   SUNSET   835 PM CDT


-  INDICATES NEGATIVE NUMBERS.
R  INDICATES RECORD WAS SET OR TIED.
MM INDICATES DATA IS MISSING.
T  INDICATES TRACE AMOUNT.




$$
