000
CDUS44 KEWX 250719
CLIDRT


CLIMATE REPORT
NATIONAL WEATHER SERVICE AUSTIN/SAN ANTONIO, TX
219 AM CDT TUE APR 25 2017


...................................

...THE DEL RIO CLIMATE SUMMARY FOR APRIL 24 2017...

CLIMATE NORMAL PERIOD 1981 TO 2010
CLIMATE RECORD PERIOD 1906 TO 2017


WEATHER ITEM   OBSERVED TIME   RECORD YEAR NORMAL DEPARTURE LAST
                VALUE   (LST)  VALUE       VALUE  FROM      YEAR
                                                  NORMAL
..................................................................
TEMPERATURE (F)
 YESTERDAY
  MAXIMUM         85    319 PM  99    1978  85      0       82
  MINIMUM         54    630 AM  46    1968  62     -8       63
  AVERAGE         70                        74     -4       73

PRECIPITATION (IN)
  YESTERDAY        0.00          2.69 1966   0.06  -0.06      T
  MONTH TO DATE    5.64                      1.24   4.40     3.99
  SINCE MAR 1      6.15                      2.38   3.77     6.07
  SINCE JAN 1      7.12                      3.98   3.14     6.82

SNOWFALL (IN)
  YESTERDAY        0.0
  MONTH TO DATE    0.0
  SINCE MAR 1      0.0
  SINCE JUL 1      0.0

DEGREE DAYS
 HEATING
  YESTERDAY        0                         0      0        0
  MONTH TO DATE   10                        24    -14       14
  SINCE MAR 1     47                       138    -91       69
  SINCE JUL 1    840                      1374   -534     1049

 COOLING
  YESTERDAY        5                         9     -4        8
  MONTH TO DATE  164                       164      0      150
  SINCE MAR 1    318                       251     67      247
  SINCE JAN 1    381                       270    111      282
..................................................................


WIND (MPH)
  HIGHEST WIND SPEED    20   HIGHEST WIND DIRECTION    SE (140)
  HIGHEST GUST SPEED    25   HIGHEST GUST DIRECTION    SE (120)
  AVERAGE WIND SPEED    10.8


SKY COVER
  AVERAGE SKY COVER 0.0


WEATHER CONDITIONS
 THE FOLLOWING WEATHER WAS RECORDED YESTERDAY.
  NO SIGNIFICANT WEATHER WAS OBSERVED.


RELATIVE HUMIDITY (PERCENT)
 HIGHEST    57          1100 PM
 LOWEST     31           500 PM
 AVERAGE    44

..........................................................


THE DEL RIO CLIMATE NORMALS FOR TODAY
                         NORMAL    RECORD    YEAR
 MAXIMUM TEMPERATURE (F)   86       103      1996
 MINIMUM TEMPERATURE (F)   62        40      1913


SUNRISE AND SUNSET
APRIL 25 2017.........SUNRISE   707 AM CDT   SUNSET   817 PM CDT
APRIL 26 2017.........SUNRISE   706 AM CDT   SUNSET   817 PM CDT


-  INDICATES NEGATIVE NUMBERS.
R  INDICATES RECORD WAS SET OR TIED.
MM INDICATES DATA IS MISSING.
T  INDICATES TRACE AMOUNT.




$$
