000
CDUS43 KDTX 292041
CLIDTW


CLIMATE REPORT
NATIONAL WEATHER SERVICE DETROIT/PONTIAC MI
429 PM EDT MON MAY 29 2017


...................................

...THE DETROIT MI CLIMATE SUMMARY FOR MAY 29 2017...
VALID TODAY AS OF 0400 PM LOCAL TIME.

CLIMATE NORMAL PERIOD 1981 TO 2010
CLIMATE RECORD PERIOD 1874 TO 2017


WEATHER ITEM   OBSERVED TIME   RECORD YEAR NORMAL DEPARTURE LAST
                VALUE   (LST)  VALUE       VALUE  FROM      YEAR
                                                  NORMAL
..................................................................
TEMPERATURE (F)
 TODAY
  MAXIMUM         81    235 PM  92    2006  74      7       86
                                      1987
                                      1929
  MINIMUM         57    542 AM  32    1966  54      3       68
  AVERAGE         69                        64      5       77

PRECIPITATION (IN)
  TODAY            0.00          1.65 1876   0.11  -0.11     0.07
  MONTH TO DATE    4.35                      3.15   1.20     2.20
  SINCE MAR 1     12.16                      8.33   3.83     9.37
  SINCE JAN 1     16.89                     12.31   4.58    12.73

SNOWFALL (IN)
  TODAY            0.0           0.0    MM   0.0    0.0      0.0
  MONTH TO DATE    0.0                       0.0    0.0       T
  SINCE MAR 1      7.0                       8.6   -1.6      8.7
  SINCE JUL 1     37.9                      42.5   -4.6     35.3
  SNOW DEPTH       0

DEGREE DAYS
 HEATING
  TODAY            0                         4     -4        0
  MONTH TO DATE  218                       202     16      192
  SINCE MAR 1   1407                      1543   -136     1416
  SINCE JUL 1   5145                      6096   -951     5181

 COOLING
  TODAY            4                         3      1       12
  MONTH TO DATE   39                        35      4       61
  SINCE MAR 1     46                        41      5       61
  SINCE JAN 1     46                        41      5       61
..................................................................


WIND (MPH)
  HIGHEST WIND SPEED    23   HIGHEST WIND DIRECTION    SW (230)
  HIGHEST GUST SPEED    30   HIGHEST GUST DIRECTION     W (250)
  AVERAGE WIND SPEED    11.0


SKY COVER
  POSSIBLE SUNSHINE  MM
  AVERAGE SKY COVER 0.4


WEATHER CONDITIONS
 THE FOLLOWING WEATHER WAS RECORDED TODAY.
  NO SIGNIFICANT WEATHER WAS OBSERVED.


RELATIVE HUMIDITY (PERCENT)
 HIGHEST   100          1200 AM
 LOWEST     33           300 PM
 AVERAGE    67

..........................................................


THE DETROIT MI CLIMATE NORMALS FOR TOMORROW
                         NORMAL    RECORD    YEAR
 MAXIMUM TEMPERATURE (F)   74        93      1942
 MINIMUM TEMPERATURE (F)   54        36      1966
                                             1889


SUNRISE AND SUNSET
MAY 29 2017...........SUNRISE   601 AM EDT   SUNSET   901 PM EDT
MAY 30 2017...........SUNRISE   600 AM EDT   SUNSET   902 PM EDT


-  INDICATES NEGATIVE NUMBERS.
R  INDICATES RECORD WAS SET OR TIED.
MM INDICATES DATA IS MISSING.
T  INDICATES TRACE AMOUNT.




$$
