000
CDUS43 KDTX 270549
CLIDTW


CLIMATE REPORT
NATIONAL WEATHER SERVICE DETROIT/PONTIAC MI
1249 AM EST FRI FEB 27 2015


...................................

...THE DETROIT MI CLIMATE SUMMARY FOR FEBRUARY 26 2015...

CLIMATE NORMAL PERIOD 1981 TO 2010
CLIMATE RECORD PERIOD 1874 TO 2015


WEATHER ITEM   OBSERVED TIME   RECORD YEAR NORMAL DEPARTURE LAST
                VALUE   (LST)  VALUE       VALUE  FROM      YEAR
                                                  NORMAL
..................................................................
TEMPERATURE (F)
 YESTERDAY
  MAXIMUM         17    303 PM  69    2000  38    -21       17
  MINIMUM          6   1152 PM  -1    1963  23    -17        7
  AVERAGE         12                        31    -19       12

PRECIPITATION (IN)
  YESTERDAY        0.03          1.19 2013   0.07  -0.04      T
  MONTH TO DATE    1.35                      1.86  -0.51     2.81
  SINCE DEC 1      4.21                      6.28  -2.07     8.15
  SINCE JAN 1      2.80                      3.82  -1.02     5.73

SNOWFALL (IN)
  YESTERDAY        0.5           7.1  1921   0.3    0.2       T
  MONTH TO DATE   26.4                       9.5   16.9     23.1
  SINCE DEC 1     40.7                      31.6    9.1     77.7
  SINCE JUL 1     44.7                      33.2   11.5     78.9
  SNOW DEPTH      11

DEGREE DAYS
 HEATING
  YESTERDAY       53                        34     19       53
  MONTH TO DATE 1306                       965    341     1160
  SINCE DEC 1   3622                      3270    352     3836
  SINCE JUL 1   4999                      4485    514     5138

 COOLING
  YESTERDAY        0                         0      0        0
  MONTH TO DATE    0                         0      0        0
  SINCE DEC 1      0                         0      0        0
  SINCE JAN 1      0                         0      0        0
..................................................................


WIND (MPH)
  HIGHEST WIND SPEED    13   HIGHEST WIND DIRECTION    NW (320)
  HIGHEST GUST SPEED    20   HIGHEST GUST DIRECTION    NW (330)
  AVERAGE WIND SPEED     7.9


SKY COVER
  POSSIBLE SUNSHINE  MM
  AVERAGE SKY COVER 1.0


WEATHER CONDITIONS
 THE FOLLOWING WEATHER WAS RECORDED YESTERDAY.
  LIGHT SNOW
  FOG
  HAZE


RELATIVE HUMIDITY (PERCENT)
 HIGHEST    73          1000 AM
 LOWEST     58           100 AM
 AVERAGE    66

..........................................................


THE DETROIT MI CLIMATE NORMALS FOR TODAY
                         NORMAL    RECORD    YEAR
 MAXIMUM TEMPERATURE (F)   39        63      1976
 MINIMUM TEMPERATURE (F)   23        -4      1934


SUNRISE AND SUNSET
FEBRUARY 27 2015......SUNRISE   712 AM EST   SUNSET   621 PM EST
FEBRUARY 28 2015......SUNRISE   711 AM EST   SUNSET   622 PM EST


-  INDICATES NEGATIVE NUMBERS.
R  INDICATES RECORD WAS SET OR TIED.
MM INDICATES DATA IS MISSING.
T  INDICATES TRACE AMOUNT.




$$
