000
CDUS45 KTWC 230044
CLIDUG

CLIMATE REPORT
NATIONAL WEATHER SERVICE TUCSON AZ
542 PM MST MON DEC 22 2014

...................................

...THE DOUGLAS AZ CLIMATE SUMMARY FOR DECEMBER 22 2014...
VALID TODAY AS OF 0500 PM LOCAL TIME.

CLIMATE NORMAL PERIOD 1981 TO 2010
CLIMATE RECORD PERIOD 1948 TO 2014


WEATHER ITEM   OBSERVED TIME   RECORD YEAR NORMAL DEPARTURE LAST
                VALUE   (LST)  VALUE       VALUE  FROM      YEAR
                                                  NORMAL
..................................................................
TEMPERATURE (F)
 TODAY
  MAXIMUM         68    354 PM  73    1955  62      6       53
  MINIMUM         29    646 AM   9    1968  29      0       26
  AVERAGE         49                        45      4       40

PRECIPITATION (IN)
  TODAY            0.00                      0.03  -0.03     0.00
  MONTH TO DATE    0.35                      0.70  -0.35     0.30
  SINCE OCT 1      1.72                      2.28  -0.56     0.82
  SINCE JAN 1     15.29                     12.83   2.46    17.93

DEGREE DAYS
 HEATING
  TODAY           16                        20     -4       25
  MONTH TO DATE  351                       412    -61      430
  SINCE DEC 1    351                       412    -61      430
  SINCE JUL 1    745                       847   -102      876
..................................................................


WIND (MPH)
  HIGHEST WIND SPEED    22   HIGHEST WIND DIRECTION    NW (310)
  HIGHEST GUST SPEED    26   HIGHEST GUST DIRECTION    NW (310)
  AVERAGE WIND SPEED     4.5


SKY COVER
  POSSIBLE SUNSHINE  MM
  AVERAGE SKY COVER  MM


WEATHER CONDITIONS
THE FOLLOWING WEATHER WAS RECORDED TODAY.
  NO SIGNIFICANT WEATHER WAS OBSERVED.


RELATIVE HUMIDITY (PERCENT)
 HIGHEST    89
 LOWEST     29
 AVERAGE    59

..........................................................


THE DOUGLAS AZ CLIMATE NORMALS FOR TOMORROW
                         NORMAL    RECORD    YEAR
 MAXIMUM TEMPERATURE (F)   62        76      1955
 MINIMUM TEMPERATURE (F)   29        11      1968


SUNRISE AND SUNSET
DECEMBER 22 2014......SUNRISE   714 AM MST   SUNSET   520 PM MST
DECEMBER 23 2014......SUNRISE   715 AM MST   SUNSET   521 PM MST


-  INDICATES NEGATIVE NUMBERS.
R  INDICATES RECORD WAS SET OR TIED.
MM INDICATES DATA IS MISSING.
T  INDICATES TRACE AMOUNT.

$$
