000
CDUS45 KTWC 030739 RRA
CLIDUG

CLIMATE REPORT
NATIONAL WEATHER SERVICE TUCSON AZ
1238 AM MST SAT DEC 3 2016


...................................

...THE DOUGLAS AZ CLIMATE SUMMARY FOR DECEMBER 2 2016...

CLIMATE NORMAL PERIOD 1981 TO 2010
CLIMATE RECORD PERIOD 1948 TO 2016


WEATHER ITEM   OBSERVED TIME   RECORD YEAR NORMAL DEPARTURE LAST
                VALUE   (LST)  VALUE       VALUE  FROM      YEAR
                                                  NORMAL
..................................................................
TEMPERATURE (F)
 YESTERDAY
  MAXIMUM         58   1246 PM  78    2005  65     -7       66
  MINIMUM         30    722 AM  17    1957  31     -1       19
  AVERAGE         44                        48     -4       43

PRECIPITATION (IN)
  YESTERDAY        0.14          0.55 1983   0.02   0.12     0.00
  MONTH TO DATE    0.14                      0.05   0.09     0.00
  SINCE OCT 1      0.40                      1.63  -1.23     0.86
  SINCE JAN 1     12.54                     12.18   0.36    12.22

DEGREE DAYS
 HEATING
  YESTERDAY       21                        17      4       22
  MONTH TO DATE   43                        34      9       46
  SINCE DEC 1     43                        34      9       46
  SINCE JUL 1    379                       469    -90      499

 COOLING
  YESTERDAY        0                         0      0        0
  MONTH TO DATE    0                         0      0        0
  SINCE DEC 1      0                         0      0        0
  SINCE JAN 1   1786                      1813    -27     1697
..................................................................


WIND (MPH)
  HIGHEST WIND SPEED    25   HIGHEST WIND DIRECTION    SW (210)
  HIGHEST GUST SPEED    30   HIGHEST GUST DIRECTION     S (200)
  AVERAGE WIND SPEED     9.2


SKY COVER
  POSSIBLE SUNSHINE  MM
  AVERAGE SKY COVER 0.4


WEATHER CONDITIONS
 THE FOLLOWING WEATHER WAS RECORDED YESTERDAY.
  RAIN
  LIGHT RAIN
  FOG


RELATIVE HUMIDITY (PERCENT)
 HIGHEST    47
 LOWEST     19
 AVERAGE    33

..........................................................


THE DOUGLAS AZ CLIMATE NORMALS FOR TODAY
                         NORMAL    RECORD    YEAR
 MAXIMUM TEMPERATURE (F)   64        81      1954
 MINIMUM TEMPERATURE (F)   31        16      2015


SUNRISE AND SUNSET
DECEMBER  3 2016......SUNRISE   702 AM MST   SUNSET   515 PM MST
DECEMBER  4 2016......SUNRISE   703 AM MST   SUNSET   515 PM MST


-  INDICATES NEGATIVE NUMBERS.
R  INDICATES RECORD WAS SET OR TIED.
MM INDICATES DATA IS MISSING.
T  INDICATES TRACE AMOUNT.




$$
