000
CDUS45 KTWC 010027 RRA
CLIDUG

CLIMATE REPORT
NATIONAL WEATHER SERVICE TUCSON AZ
526 PM MST SUN APR 30 2017


...................................

...THE DOUGLAS AZ CLIMATE SUMMARY FOR APRIL 30 2017...
VALID TODAY AS OF 0500 PM LOCAL TIME.

CLIMATE NORMAL PERIOD 1981 TO 2010
CLIMATE RECORD PERIOD 1948 TO 2017


WEATHER ITEM   OBSERVED TIME   RECORD YEAR NORMAL DEPARTURE LAST
                VALUE   (LST)  VALUE       VALUE  FROM      YEAR
                                                  NORMAL
..................................................................
TEMPERATURE (F)
 TODAY
  MAXIMUM         79    317 PM  97    1992  84     -5       79
  MINIMUM         34    517 AM  27    1970  47    -13       42
  AVERAGE         57                        65     -8       61

PRECIPITATION (IN)
  TODAY            0.00                      0.01  -0.01     0.00
  MONTH TO DATE    T                         0.23  -0.23     0.04
  SINCE OCT 1      3.05                      4.67  -1.62     2.68
  SINCE JAN 1      1.70                      2.12  -0.42     1.47

DEGREE DAYS
 HEATING
  TODAY            8                         2      6        4
  MONTH TO DATE  105                       138    -33      154
  SINCE MAR 1    286                       465   -179      421
  SINCE JUL 1   2079                      2501   -422     2593

 COOLING
  TODAY            0                         2     -2        0
  MONTH TO DATE   37                        29      8       18
  SINCE MAR 1     44                        30     14       18
  SINCE JAN 1     44                        30     14       18
..................................................................


WIND (MPH)
  HIGHEST WIND SPEED    20   HIGHEST WIND DIRECTION    NW (320)
  HIGHEST GUST SPEED    27   HIGHEST GUST DIRECTION     W (290)
  AVERAGE WIND SPEED     7.3


SKY COVER
  POSSIBLE SUNSHINE  MM
  AVERAGE SKY COVER 0.0


WEATHER CONDITIONS
 THE FOLLOWING WEATHER WAS RECORDED TODAY.
  NO SIGNIFICANT WEATHER WAS OBSERVED.


RELATIVE HUMIDITY (PERCENT)
 HIGHEST    38
 LOWEST      6
 AVERAGE    22

..........................................................


THE DOUGLAS AZ CLIMATE NORMALS FOR TOMORROW
                         NORMAL    RECORD    YEAR
 MAXIMUM TEMPERATURE (F)   84        94      1992
 MINIMUM TEMPERATURE (F)   48        30      1967


SUNRISE AND SUNSET
APRIL 30 2017.........SUNRISE   534 AM MST   SUNSET   658 PM MST
MAY  1 2017...........SUNRISE   533 AM MST   SUNSET   658 PM MST


-  INDICATES NEGATIVE NUMBERS.
R  INDICATES RECORD WAS SET OR TIED.
MM INDICATES DATA IS MISSING.
T  INDICATES TRACE AMOUNT.




$$
