000
CDUS45 KTWC 250733
CLIDUG

CLIMATE REPORT
NATIONAL WEATHER SERVICE TUCSON AZ
1230 AM MST SAT MAR 25 2017

...................................

...THE DOUGLAS AZ CLIMATE SUMMARY FOR MARCH 24 2017...

CLIMATE NORMAL PERIOD 1981 TO 2010
CLIMATE RECORD PERIOD 1948 TO 2017


WEATHER ITEM   OBSERVED TIME   RECORD YEAR NORMAL DEPARTURE LAST
                VALUE   (LST)  VALUE       VALUE  FROM      YEAR
                                                  NORMAL
..................................................................
TEMPERATURE (F)
 YESTERDAY
  MAXIMUM         71    513 PM  86    1988  74     -3       73
  MINIMUM         32    356 AM  22    2016  38     -6       22
  AVERAGE         52                        56     -4       48

PRECIPITATION (IN)
  YESTERDAY        0.00          0.03 1993   0.01  -0.01     0.00
  MONTH TO DATE    0.00                      0.42  -0.42     0.19
  SINCE OCT 1      2.97                      4.36  -1.39     2.64
  SINCE JAN 1      1.62                      1.81  -0.19     1.43

DEGREE DAYS
 HEATING
  YESTERDAY       13                         9      4       17
  MONTH TO DATE  126                       266   -140      202
  SINCE MAR 1    126                       266   -140      202
  SINCE JUL 1   1919                      2302   -383     2374

 COOLING
  YESTERDAY        0                         0      0        0
  MONTH TO DATE    7                         0      7        0
  SINCE MAR 1      7                         0      7        0
  SINCE JAN 1      7                         0      7        0
..................................................................


WIND (MPH)
  HIGHEST WIND SPEED    17   HIGHEST WIND DIRECTION    NW (310)
  HIGHEST GUST SPEED    24   HIGHEST GUST DIRECTION    NW (320)
  AVERAGE WIND SPEED     7.8


SKY COVER
  POSSIBLE SUNSHINE  MM
  AVERAGE SKY COVER 0.0


WEATHER CONDITIONS
 THE FOLLOWING WEATHER WAS RECORDED YESTERDAY.
  NO SIGNIFICANT WEATHER WAS OBSERVED.


RELATIVE HUMIDITY (PERCENT)
 HIGHEST    54
 LOWEST     11
 AVERAGE    33

..........................................................


THE DOUGLAS AZ CLIMATE NORMALS FOR TODAY
                         NORMAL    RECORD    YEAR
 MAXIMUM TEMPERATURE (F)   74        86      1956
 MINIMUM TEMPERATURE (F)   38        24      1957


SUNRISE AND SUNSET
MARCH 25 2017.........SUNRISE   615 AM MST   SUNSET   633 PM MST
MARCH 26 2017.........SUNRISE   614 AM MST   SUNSET   634 PM MST


-  INDICATES NEGATIVE NUMBERS.
R  INDICATES RECORD WAS SET OR TIED.
MM INDICATES DATA IS MISSING.
T  INDICATES TRACE AMOUNT.

$$
