000
CDUS45 KTWC 210029
CLIDUG

CLIMATE REPORT
NATIONAL WEATHER SERVICE TUCSON AZ
528 PM MST TUE FEB 20 2018


...................................

...THE DOUGLAS AZ CLIMATE SUMMARY FOR FEBRUARY 20 2018...
VALID TODAY AS OF 0500 PM LOCAL TIME.

CLIMATE NORMAL PERIOD 1981 TO 2010
CLIMATE RECORD PERIOD 1948 TO 2018


WEATHER ITEM   OBSERVED TIME   RECORD YEAR NORMAL DEPARTURE LAST
                VALUE   (LST)  VALUE       VALUE  FROM      YEAR
                                                  NORMAL
..................................................................
TEMPERATURE (F)
 TODAY
  MAXIMUM         57    217 PM  79    1972  67    -10       64
  MINIMUM         44    638 AM  13    1955  34     10       39
  AVERAGE         51                        50      1       52

PRECIPITATION (IN)
  TODAY            0.02                      0.03  -0.01     0.00
  MONTH TO DATE    0.94                      0.49   0.45     0.38
  SINCE OCT 1      1.78                      3.78  -2.00     2.97
  SINCE JAN 1      0.95                      1.23  -0.28     1.62

DEGREE DAYS
 HEATING
  TODAY           14                        15     -1       13
  MONTH TO DATE  212                       322   -110      256
  SINCE DEC 1   1292                      1492   -200     1353
  SINCE JUL 1   1490                      1927   -437     1689
..................................................................


WIND (MPH)
  HIGHEST WIND SPEED    30   HIGHEST WIND DIRECTION    SW (240)
  HIGHEST GUST SPEED    37   HIGHEST GUST DIRECTION    SW (240)
  AVERAGE WIND SPEED    MM


SKY COVER
  POSSIBLE SUNSHINE  MM
  AVERAGE SKY COVER  MM


WEATHER CONDITIONS
 THE FOLLOWING WEATHER WAS RECORDED TODAY.
  LIGHT RAIN
  FOG


RELATIVE HUMIDITY (PERCENT)
 HIGHEST    MM
 LOWEST     MM
 AVERAGE    MM

..........................................................


THE DOUGLAS AZ CLIMATE NORMALS FOR TOMORROW
                         NORMAL    RECORD    YEAR
 MAXIMUM TEMPERATURE (F)   68        82      2016
 MINIMUM TEMPERATURE (F)   34        13      1955


SUNRISE AND SUNSET
FEBRUARY 20 2018......SUNRISE   655 AM MST   SUNSET   610 PM MST
FEBRUARY 21 2018......SUNRISE   654 AM MST   SUNSET   610 PM MST


-  INDICATES NEGATIVE NUMBERS.
R  INDICATES RECORD WAS SET OR TIED.
MM INDICATES DATA IS MISSING.
T  INDICATES TRACE AMOUNT.




$$
