000
CDUS45 KTWC 250734
CLIDUG

CLIMATE REPORT
NATIONAL WEATHER SERVICE TUCSON AZ
1233 AM MST THU AUG 25 2016

...................................

...THE DOUGLAS AZ CLIMATE SUMMARY FOR AUGUST 24 2016...

CLIMATE NORMAL PERIOD 1981 TO 2010
CLIMATE RECORD PERIOD 1948 TO 2016


WEATHER ITEM   OBSERVED TIME   RECORD YEAR NORMAL DEPARTURE LAST
                VALUE   (LST)  VALUE       VALUE  FROM      YEAR
                                                  NORMAL
..................................................................
TEMPERATURE (F)
 YESTERDAY
  MAXIMUM         91    313 PM 103    2011  92     -1       89
  MINIMUM         57    601 AM  55    1979  64     -7       65
  AVERAGE         74                        78     -4       77

PRECIPITATION (IN)
  YESTERDAY        0.10          1.42 1959   0.08   0.02     0.11
  MONTH TO DATE    2.54                      2.56  -0.02     1.89
  SINCE OCT 1     11.37                     11.07   0.30    12.17
  SINCE JAN 1     10.16                      8.52   1.64    10.20

DEGREE DAYS
 HEATING
  YESTERDAY        0                         0      0        0
  MONTH TO DATE    0                         0      0        0
  SINCE JUN 1      0                         0      0        0
  SINCE JUL 1      0                         0      0        0

 COOLING
  YESTERDAY        9                        13     -4       12
  MONTH TO DATE  274                       314    -40      314
  SINCE JUN 1   1251                      1174     77     1151
  SINCE JAN 1   1399                      1375     24     1213
..................................................................


WIND (MPH)
  HIGHEST WIND SPEED    30   HIGHEST WIND DIRECTION    NW (330)
  HIGHEST GUST SPEED    38   HIGHEST GUST DIRECTION    NW (330)
  AVERAGE WIND SPEED     6.2


SKY COVER
  POSSIBLE SUNSHINE  MM
  AVERAGE SKY COVER  MM


WEATHER CONDITIONS
 THE FOLLOWING WEATHER WAS RECORDED YESTERDAY.
  THUNDERSTORM
  HEAVY RAIN
  LIGHT RAIN


RELATIVE HUMIDITY (PERCENT)
 HIGHEST    84
 LOWEST     21
 AVERAGE    53

..........................................................


THE DOUGLAS AZ CLIMATE NORMALS FOR TODAY
                         NORMAL    RECORD    YEAR
 MAXIMUM TEMPERATURE (F)   92       100      2011
                                             2002
 MINIMUM TEMPERATURE (F)   64        54      1990


SUNRISE AND SUNSET
AUGUST 25 2016........SUNRISE   550 AM MST   SUNSET   650 PM MST
AUGUST 26 2016........SUNRISE   551 AM MST   SUNSET   649 PM MST


-  INDICATES NEGATIVE NUMBERS.
R  INDICATES RECORD WAS SET OR TIED.
MM INDICATES DATA IS MISSING.
T  INDICATES TRACE AMOUNT.

$$
