000
CDUS45 KTWC 281426 RRA
CLIDUG

CLIMATE REPORT
NATIONAL WEATHER SERVICE TUCSON AZ
725 AM MST FRI AUG 28 2015


...................................

...THE DOUGLAS AZ CLIMATE SUMMARY FOR AUGUST 28 2015...
VALID AS OF 0700 AM LOCAL TIME.

CLIMATE NORMAL PERIOD 1981 TO 2010
CLIMATE RECORD PERIOD 1948 TO 2015


WEATHER ITEM   OBSERVED TIME   RECORD YEAR NORMAL DEPARTURE LAST
                VALUE   (LST)  VALUE       VALUE  FROM      YEAR
                                                  NORMAL
..................................................................
TEMPERATURE (F)
 TODAY
  MINIMUM         66    520 AM  57    2006  64      2       61
                                      1957

PRECIPITATION (IN)
  TODAY            0.00          1.69 1972   0.07  -0.07     0.00
  MONTH TO DATE    2.40                      2.85  -0.45     4.00
  SINCE OCT 1     12.68                     11.36   1.32    10.26
  SINCE JAN 1     10.71                      8.81   1.90     9.44

DEGREE DAYS
 HEATING
  TODAY            0                         0      0        0

 COOLING
  TODAY            4                        13     -9       11
..................................................................


WIND (MPH)
  HIGHEST WIND SPEED    10   HIGHEST WIND DIRECTION     N (350)
  HIGHEST GUST SPEED    14   HIGHEST GUST DIRECTION     N (350)
  AVERAGE WIND SPEED     5.8


SKY COVER
  POSSIBLE SUNSHINE  MM
  AVERAGE SKY COVER 0.1


WEATHER CONDITIONS
 THE FOLLOWING WEATHER WAS RECORDED TODAY.
  NO SIGNIFICANT WEATHER WAS OBSERVED.


RELATIVE HUMIDITY (PERCENT)
 HIGHEST    87           300 AM

..........................................................


THE DOUGLAS AZ CLIMATE NORMALS FOR TOMORROW
                         NORMAL    RECORD    YEAR
 MAXIMUM TEMPERATURE (F)   92       102      2011
 MINIMUM TEMPERATURE (F)   64        57      2014
                                             1979
                                             1970


SUNRISE AND SUNSET
AUGUST 28 2015........SUNRISE   552 AM MST   SUNSET   647 PM MST
AUGUST 29 2015........SUNRISE   552 AM MST   SUNSET   646 PM MST


-  INDICATES NEGATIVE NUMBERS.
R  INDICATES RECORD WAS SET OR TIED.
MM INDICATES DATA IS MISSING.
T  INDICATES TRACE AMOUNT.




$$
