000
CDUS45 KTWC 270738
CLIDUG

CLIMATE REPORT
NATIONAL WEATHER SERVICE TUCSON AZ
1238 AM MST FRI MAY 27 2016

...................................

...THE DOUGLAS AZ CLIMATE SUMMARY FOR MAY 26 2016...

CLIMATE NORMAL PERIOD 1981 TO 2010
CLIMATE RECORD PERIOD 1948 TO 2016


WEATHER ITEM   OBSERVED TIME   RECORD YEAR NORMAL DEPARTURE LAST
                VALUE   (LST)  VALUE       VALUE  FROM      YEAR
                                                  NORMAL
..................................................................
TEMPERATURE (F)
 YESTERDAY
  MAXIMUM         81    423 PM 101    1951  91    -10       87
  MINIMUM         55   1159 PM  41    1959  54      1       45
  AVERAGE         68                        73     -5       66

PRECIPITATION (IN)
  YESTERDAY        0.00          0.10 1992   0.01  -0.01     0.00
  MONTH TO DATE    T                         0.23  -0.23      T
  SINCE OCT 1      2.68                      4.90  -2.22     4.80
  SINCE JAN 1      1.47                      2.35  -0.88     2.83

DEGREE DAYS
 HEATING
  YESTERDAY        0                         0      0        0
  MONTH TO DATE   28                        20      8       53
  SINCE MAR 1    449                       485    -36      434
  SINCE JUL 1   2621                      2521    100     2272

 COOLING
  YESTERDAY        3                         8     -5        1
  MONTH TO DATE  110                       130    -20       24
  SINCE MAR 1    128                       160    -32       28
  SINCE JAN 1    128                       160    -32       28
..................................................................


WIND (MPH)
  HIGHEST WIND SPEED    26   HIGHEST WIND DIRECTION     W (250)
  HIGHEST GUST SPEED    33   HIGHEST GUST DIRECTION    SW (240)
  AVERAGE WIND SPEED    10.4


SKY COVER
  POSSIBLE SUNSHINE  MM
  AVERAGE SKY COVER 0.0


WEATHER CONDITIONS
 THE FOLLOWING WEATHER WAS RECORDED YESTERDAY.
  NO SIGNIFICANT WEATHER WAS OBSERVED.


RELATIVE HUMIDITY (PERCENT)
 HIGHEST    26
 LOWEST      6
 AVERAGE    16

..........................................................


THE DOUGLAS AZ CLIMATE NORMALS FOR TODAY
                         NORMAL    RECORD    YEAR
 MAXIMUM TEMPERATURE (F)   91       102      1951
 MINIMUM TEMPERATURE (F)   55        43      1987


SUNRISE AND SUNSET
MAY 27 2016...........SUNRISE   516 AM MST   SUNSET   716 PM MST
MAY 28 2016...........SUNRISE   515 AM MST   SUNSET   716 PM MST


-  INDICATES NEGATIVE NUMBERS.
R  INDICATES RECORD WAS SET OR TIED.
MM INDICATES DATA IS MISSING.
T  INDICATES TRACE AMOUNT.




$$
