000
CDUS45 KTWC 200737 RRA
CLIDUG

CLIMATE REPORT
NATIONAL WEATHER SERVICE TUCSON AZ
1236 AM MST WED SEP 20 2017

...................................

...THE DOUGLAS AZ CLIMATE SUMMARY FOR SEPTEMBER 19 2017...

CLIMATE NORMAL PERIOD 1981 TO 2010
CLIMATE RECORD PERIOD 1948 TO 2017


WEATHER ITEM   OBSERVED TIME   RECORD YEAR NORMAL DEPARTURE LAST
                VALUE   (LST)  VALUE       VALUE  FROM      YEAR
                                                  NORMAL
..................................................................
TEMPERATURE (F)
 YESTERDAY
  MAXIMUM         92    157 PM  97    1956  89      3       95
                                      1952
  MINIMUM         63    622 AM  42    1957  58      5       54
  AVERAGE         78                        74      4       75

PRECIPITATION (IN)
  YESTERDAY        0.00          1.50 2004   0.05  -0.05     0.00
  MONTH TO DATE    T                         1.04  -1.04     1.23
  SINCE OCT 1     10.03                     12.60  -2.57    12.64
  SINCE JAN 1      8.68                     10.05  -1.37    11.43

DEGREE DAYS
 HEATING
  YESTERDAY        0                         0      0        0
  MONTH TO DATE    0                         0      0        0
  SINCE SEP 1      0                         0      0        0
  SINCE JUL 1      0                         0      0        0

 COOLING
  YESTERDAY       13                         9      4       10
  MONTH TO DATE  224                       207     17      169
  SINCE SEP 1    224                       207     17      169
  SINCE JAN 1   1721                      1677     44     1640
..................................................................


WIND (MPH)
  HIGHEST WIND SPEED    28   HIGHEST WIND DIRECTION     W (260)
  HIGHEST GUST SPEED    37   HIGHEST GUST DIRECTION    SW (220)
  AVERAGE WIND SPEED    10.0


SKY COVER
  POSSIBLE SUNSHINE  MM
  AVERAGE SKY COVER 0.2


WEATHER CONDITIONS
 THE FOLLOWING WEATHER WAS RECORDED YESTERDAY.
  NO SIGNIFICANT WEATHER WAS OBSERVED.


RELATIVE HUMIDITY (PERCENT)
 HIGHEST    63
 LOWEST     18
 AVERAGE    41

..........................................................


THE DOUGLAS AZ CLIMATE NORMALS FOR TODAY
                         NORMAL    RECORD    YEAR
 MAXIMUM TEMPERATURE (F)   89        97      2011
 MINIMUM TEMPERATURE (F)   58        46      1993


SUNRISE AND SUNSET
SEPTEMBER 20 2017.....SUNRISE   606 AM MST   SUNSET   617 PM MST
SEPTEMBER 21 2017.....SUNRISE   606 AM MST   SUNSET   616 PM MST


-  INDICATES NEGATIVE NUMBERS.
R  INDICATES RECORD WAS SET OR TIED.
MM INDICATES DATA IS MISSING.
T  INDICATES TRACE AMOUNT.

$$
