000
CDUS45 KTWC 210746
CLIDUG

CLIMATE REPORT
NATIONAL WEATHER SERVICE TUCSON AZ
1244 AM MST TUE NOV 21 2017

...................................

...THE DOUGLAS AZ CLIMATE SUMMARY FOR NOVEMBER 20 2017...

CLIMATE NORMAL PERIOD 1981 TO 2010
CLIMATE RECORD PERIOD 1948 TO 2017


WEATHER ITEM   OBSERVED TIME   RECORD YEAR NORMAL DEPARTURE LAST
                VALUE   (LST)  VALUE       VALUE  FROM      YEAR
                                                  NORMAL
..................................................................
TEMPERATURE (F)
 YESTERDAY
  MAXIMUM         73    354 PM  83    1996  69      4       78
  MINIMUM         26    631 AM  19    1953  34     -8       38
  AVERAGE         50                        52     -2       58

PRECIPITATION (IN)
  YESTERDAY        0.00          0.03 1953   0.02  -0.02     0.00
  MONTH TO DATE    0.11                      0.44  -0.33     0.20
  SINCE OCT 1      0.23                      1.33  -1.10     0.20
  SINCE JAN 1      8.91                     11.88  -2.97    12.34

DEGREE DAYS
 HEATING
  YESTERDAY       15                        13      2        7
  MONTH TO DATE  100                       199    -99      147
  SINCE SEP 1    133                       282   -149      160
  SINCE JUL 1    133                       282   -149      160

 COOLING
  YESTERDAY        0                         0      0        0
  MONTH TO DATE    0                         0      0        0
  SINCE SEP 1    395                       342     53      315
  SINCE JAN 1   1892                      1812     80     1786
..................................................................


WIND (MPH)
  HIGHEST WIND SPEED    13   HIGHEST WIND DIRECTION     N (340)
  HIGHEST GUST SPEED    13   HIGHEST GUST DIRECTION     N (340)
  AVERAGE WIND SPEED     3.2


SKY COVER
  POSSIBLE SUNSHINE  MM
  AVERAGE SKY COVER  MM


WEATHER CONDITIONS
 THE FOLLOWING WEATHER WAS RECORDED YESTERDAY.
  NO SIGNIFICANT WEATHER WAS OBSERVED.


RELATIVE HUMIDITY (PERCENT)
 HIGHEST    MM
 LOWEST     MM
 AVERAGE    MM

..........................................................


THE DOUGLAS AZ CLIMATE NORMALS FOR TODAY
                         NORMAL    RECORD    YEAR
 MAXIMUM TEMPERATURE (F)   68        81      1996
                                             1950
 MINIMUM TEMPERATURE (F)   34        16      1979


SUNRISE AND SUNSET
NOVEMBER 21 2017......SUNRISE   652 AM MST   SUNSET   517 PM MST
NOVEMBER 22 2017......SUNRISE   652 AM MST   SUNSET   517 PM MST


-  INDICATES NEGATIVE NUMBERS.
R  INDICATES RECORD WAS SET OR TIED.
MM INDICATES DATA IS MISSING.
T  INDICATES TRACE AMOUNT.

$$
