518
CDUS43 KDVN 270909
CLIDVN


CLIMATE REPORT
NATIONAL WEATHER SERVICE QUAD CITIES IA IL
409 AM CDT SAT MAY 27 2017


...................................

...THE DAVENPORT IA CLIMATE SUMMARY FOR MAY 26 2017...

CLIMATE NORMAL PERIOD 1981 TO 2010
CLIMATE RECORD PERIOD 9999 TO 9999


WEATHER ITEM   OBSERVED TIME   RECORD YEAR NORMAL DEPARTURE LAST
                VALUE   (LST)  VALUE       VALUE  FROM      YEAR
                                                  NORMAL
..................................................................
TEMPERATURE (F)
 YESTERDAY
  MAXIMUM         68    333 PM  MM      MM  75     -7       84
  MINIMUM         56    504 AM  MM      MM  53      3       61
  AVERAGE         62                        64     -2       73

PRECIPITATION (IN)
  YESTERDAY        0.58         MM      MM   0.13   0.45     0.55
  MONTH TO DATE    4.78                      3.59   1.19     2.45
  SINCE MAR 1     12.49                      9.62   2.87     7.99
  SINCE JAN 1     14.44                     12.15   2.29     8.77

SNOWFALL (IN)
  YESTERDAY        0.0          MM      MM  MM     MM        0.0
  MONTH TO DATE    T                        MM     MM        0.0
  SINCE MAR 1      6.1                      MM     MM        1.2
  SINCE JUL 1     25.2                      MM     MM       16.6
  SNOW DEPTH       0

DEGREE DAYS
 HEATING
  YESTERDAY        3                         3      0        0
  MONTH TO DATE  187                       169     18      178
  SINCE MAR 1   1350                      1448    -98     1283
  SINCE JUL 1   5406                      6473  -1067     5507

 COOLING
  YESTERDAY        0                         3     -3        8
  MONTH TO DATE   34                        40     -6       35
  SINCE MAR 1     47                        46      1       46
  SINCE JAN 1     47                        46      1       46
..................................................................


WIND (MPH)
  HIGHEST WIND SPEED    17   HIGHEST WIND DIRECTION     E (110)
  HIGHEST GUST SPEED    22   HIGHEST GUST DIRECTION    SE (130)
  AVERAGE WIND SPEED     8.8


SKY COVER
  POSSIBLE SUNSHINE  MM
  AVERAGE SKY COVER 0.5


WEATHER CONDITIONS
 THE FOLLOWING WEATHER WAS RECORDED YESTERDAY.
  THUNDERSTORM
  HEAVY RAIN
  RAIN
  LIGHT RAIN
  FOG


RELATIVE HUMIDITY (PERCENT)
 HIGHEST    97          1200 PM
 LOWEST     63           900 AM
 AVERAGE    80

..........................................................


THE DAVENPORT IA CLIMATE NORMALS FOR TODAY
                         NORMAL    RECORD    YEAR
 MAXIMUM TEMPERATURE (F)   76        MM        MM
 MINIMUM TEMPERATURE (F)   54        MM        MM


SUNRISE AND SUNSET
MAY 27 2017...........SUNRISE   533 AM CDT   SUNSET   826 PM CDT
MAY 28 2017...........SUNRISE   532 AM CDT   SUNSET   827 PM CDT


-  INDICATES NEGATIVE NUMBERS.
R  INDICATES RECORD WAS SET OR TIED.
MM INDICATES DATA IS MISSING.
T  INDICATES TRACE AMOUNT.




$$
