066
CDUS43 KDVN 040920
CLIDVN


CLIMATE REPORT
NATIONAL WEATHER SERVICE QUAD CITIES IA IL
418 AM CDT WED MAY 4 2016


...................................

...THE DAVENPORT IA CLIMATE SUMMARY FOR MAY 3 2016...

CLIMATE NORMAL PERIOD 1981 TO 2010
CLIMATE RECORD PERIOD 9999 TO 9999


WEATHER ITEM   OBSERVED TIME   RECORD YEAR NORMAL DEPARTURE LAST
                VALUE   (LST)  VALUE       VALUE  FROM      YEAR
                                                  NORMAL
..................................................................
TEMPERATURE (F)
 YESTERDAY
  MAXIMUM         69    301 PM  MM      MM  68      1       83
  MINIMUM         40    526 AM  MM      MM  45     -5       59
  AVERAGE         55                        56     -1       71

PRECIPITATION (IN)
  YESTERDAY        0.03         MM      MM   0.13  -0.10     0.22
  MONTH TO DATE    0.63                      0.36   0.27     0.22
  SINCE MAR 1      6.17                      6.39  -0.22     2.97
  SINCE JAN 1      6.95                      8.92  -1.97     5.54

SNOWFALL (IN)
  YESTERDAY        0.0          MM      MM  MM     MM        0.0
  MONTH TO DATE    0.0                      MM     MM        0.0
  SINCE MAR 1      1.2                      MM     MM        0.3
  SINCE JUL 1     16.6                      MM     MM       32.5
  SNOW DEPTH       0

DEGREE DAYS
 HEATING
  YESTERDAY       10                         9      1        0
  MONTH TO DATE   39                        28     11       16
  SINCE MAR 1   1144                      1307   -163     1306
  SINCE JUL 1   5368                      6332   -964     6802

 COOLING
  YESTERDAY        0                         1     -1        6
  MONTH TO DATE    0                         2     -2        6
  SINCE MAR 1     11                         8      3        7
  SINCE JAN 1     11                         8      3        7
..................................................................


WIND (MPH)
  HIGHEST WIND SPEED    26   HIGHEST WIND DIRECTION     N (20)
  HIGHEST GUST SPEED    34   HIGHEST GUST DIRECTION     N (20)
  AVERAGE WIND SPEED    12.6


SKY COVER
  POSSIBLE SUNSHINE  MM
  AVERAGE SKY COVER 0.3


WEATHER CONDITIONS
 THE FOLLOWING WEATHER WAS RECORDED YESTERDAY.
  THUNDERSTORM
  RAIN
  LIGHT RAIN


RELATIVE HUMIDITY (PERCENT)
 HIGHEST    92          1200 AM
 LOWEST     34           100 PM
 AVERAGE    63

..........................................................


THE DAVENPORT IA CLIMATE NORMALS FOR TODAY
                         NORMAL    RECORD    YEAR
 MAXIMUM TEMPERATURE (F)   68        MM        MM
 MINIMUM TEMPERATURE (F)   45        MM        MM


SUNRISE AND SUNSET
MAY  4 2016...........SUNRISE   555 AM CDT   SUNSET   804 PM CDT
MAY  5 2016...........SUNRISE   553 AM CDT   SUNSET   805 PM CDT


-  INDICATES NEGATIVE NUMBERS.
R  INDICATES RECORD WAS SET OR TIED.
MM INDICATES DATA IS MISSING.
T  INDICATES TRACE AMOUNT.




$$
