000
CDUS43 KDVN 300907
CLIDVN


CLIMATE REPORT
NATIONAL WEATHER SERVICE QUAD CITIES IA IL
406 AM CDT THU OCT 30 2014


...................................

...THE DAVENPORT IA CLIMATE SUMMARY FOR OCTOBER 29 2014...

CLIMATE NORMAL PERIOD 1981 TO 2010
CLIMATE RECORD PERIOD 9999 TO 9999


WEATHER ITEM   OBSERVED TIME   RECORD YEAR NORMAL DEPARTURE LAST
                VALUE   (LST)  VALUE       VALUE  FROM      YEAR
                                                  NORMAL
..................................................................
TEMPERATURE (F)
 YESTERDAY
  MAXIMUM         52    216 PM  MM      MM  57     -5       57
  MINIMUM         32   1159 PM  MM      MM  37     -5       35
  AVERAGE         42                        47     -5       46

PRECIPITATION (IN)
  YESTERDAY        0.00         MM      MM   0.09  -0.09     0.00
  MONTH TO DATE    2.67                      2.79  -0.12     0.70
  SINCE SEP 1      6.93                      5.85   1.08     2.32
  SINCE JAN 1     31.62                     31.67  -0.05    30.71

SNOWFALL (IN)
  YESTERDAY        0.0          MM      MM  MM     MM        0.0
  MONTH TO DATE    T                        MM     MM        2.5
  SINCE SEP 1      T                        MM     MM        2.5
  SINCE JUL 1      T                        MM     MM        2.5
  SNOW DEPTH       0

DEGREE DAYS
 HEATING
  YESTERDAY       23                        18      5       19
  MONTH TO DATE  378                       387     -9      417
  SINCE SEP 1    514                       508      6      497
  SINCE JUL 1    535                       522     13      516

 COOLING
  YESTERDAY        0                         0      0        0
  MONTH TO DATE    3                        11     -8       27
  SINCE SEP 1     69                        81    -12      165
  SINCE JAN 1    728                       785    -57      938
..................................................................


WIND (MPH)
  HIGHEST WIND SPEED    24   HIGHEST WIND DIRECTION    NW (310)
  HIGHEST GUST SPEED    31   HIGHEST GUST DIRECTION     W (290)
  AVERAGE WIND SPEED     9.2


SKY COVER
  POSSIBLE SUNSHINE  MM
  AVERAGE SKY COVER 0.5


WEATHER CONDITIONS
 THE FOLLOWING WEATHER WAS RECORDED YESTERDAY.
  NO SIGNIFICANT WEATHER WAS OBSERVED.


RELATIVE HUMIDITY (PERCENT)
 HIGHEST    82          1100 PM
 LOWEST     41           300 PM
 AVERAGE    62

..........................................................


THE DAVENPORT IA CLIMATE NORMALS FOR TODAY
                         NORMAL    RECORD    YEAR
 MAXIMUM TEMPERATURE (F)   57        MM        MM
 MINIMUM TEMPERATURE (F)   36        MM        MM


SUNRISE AND SUNSET
OCTOBER 30 2014.......SUNRISE   732 AM CDT   SUNSET   600 PM CDT
OCTOBER 31 2014.......SUNRISE   733 AM CDT   SUNSET   558 PM CDT


-  INDICATES NEGATIVE NUMBERS.
R  INDICATES RECORD WAS SET OR TIED.
MM INDICATES DATA IS MISSING.
T  INDICATES TRACE AMOUNT.




$$
