000
CDUS43 KDVN 011034
CLIDVN


CLIMATE REPORT
NATIONAL WEATHER SERVICE QUAD CITIES IA IL
434 AM CST SUN FEB 1 2015


...................................

...THE DAVENPORT IA CLIMATE SUMMARY FOR JANUARY 31 2015...

CLIMATE NORMAL PERIOD 1981 TO 2010
CLIMATE RECORD PERIOD 9999 TO 9999


WEATHER ITEM   OBSERVED TIME   RECORD YEAR NORMAL DEPARTURE LAST
                VALUE   (LST)  VALUE       VALUE  FROM      YEAR
                                                  NORMAL
..................................................................
TEMPERATURE (F)
 YESTERDAY
  MAXIMUM         36    104 PM  MM      MM  31      5       14
  MINIMUM         24   1233 AM  MM      MM  14     10        6
  AVERAGE         30                        22      8       10

PRECIPITATION (IN)
  YESTERDAY        0.32         MM      MM   0.07   0.25      T
  MONTH TO DATE    0.99                      1.19  -0.20     0.76
  SINCE DEC 1      1.78                      2.92  -1.14     1.88
  SINCE JAN 1      0.99                      1.19  -0.20     0.76

SNOWFALL (IN)
  YESTERDAY        1.3          MM      MM  MM     MM         T
  MONTH TO DATE   11.9                      MM     MM       11.1
  SINCE DEC 1     11.9                      MM     MM       25.0
  SINCE JUL 1     15.9                      MM     MM       28.3
  SNOW DEPTH       T

DEGREE DAYS
 HEATING
  YESTERDAY       35                        43     -8       55
  MONTH TO DATE 1342                      1357    -15     1577
  SINCE DEC 1   2415                      2588   -173     2996
  SINCE JUL 1   4020                      3936     84     4409

 COOLING
  YESTERDAY        0                         0      0        0
  MONTH TO DATE    0                         0      0        0
  SINCE DEC 1      0                         0      0        0
  SINCE JAN 1      0                         0      0        0
..................................................................


WIND (MPH)
  HIGHEST WIND SPEED    16   HIGHEST WIND DIRECTION     W (250)
  HIGHEST GUST SPEED    20   HIGHEST GUST DIRECTION    SW (240)
  AVERAGE WIND SPEED     8.5


SKY COVER
  POSSIBLE SUNSHINE  MM
  AVERAGE SKY COVER 0.7


WEATHER CONDITIONS
 THE FOLLOWING WEATHER WAS RECORDED YESTERDAY.
  LIGHT RAIN
  LIGHT SNOW
  FOG
  HAZE


RELATIVE HUMIDITY (PERCENT)
 HIGHEST    96           500 PM
 LOWEST     68           100 AM
 AVERAGE    82

..........................................................


THE DAVENPORT IA CLIMATE NORMALS FOR TODAY
                         NORMAL    RECORD    YEAR
 MAXIMUM TEMPERATURE (F)   31        MM        MM
 MINIMUM TEMPERATURE (F)   14        MM        MM


SUNRISE AND SUNSET
FEBRUARY  1 2015......SUNRISE   714 AM CST   SUNSET   518 PM CST
FEBRUARY  2 2015......SUNRISE   713 AM CST   SUNSET   519 PM CST


-  INDICATES NEGATIVE NUMBERS.
R  INDICATES RECORD WAS SET OR TIED.
MM INDICATES DATA IS MISSING.
T  INDICATES TRACE AMOUNT.




$$
