000
CDUS43 KDVN 182121
CLIDVN


CLIMATE REPORT
NATIONAL WEATHER SERVICE QUAD CITIES IA IL
421 PM CDT FRI APR 18 2014


...................................

...THE DAVENPORT IA CLIMATE SUMMARY FOR APRIL 18 2014...
VALID TODAY AS OF 0400 PM LOCAL TIME.

CLIMATE NORMAL PERIOD 1981 TO 2010
CLIMATE RECORD PERIOD 9999 TO 9999


WEATHER ITEM   OBSERVED TIME   RECORD YEAR NORMAL DEPARTURE LAST
                VALUE   (LST)  VALUE       VALUE  FROM      YEAR
                                                  NORMAL
..................................................................
TEMPERATURE (F)
 TODAY
  MAXIMUM         62    242 PM  MM      MM  63     -1       62
  MINIMUM         26    413 AM  MM      MM  40    -14       36
  AVERAGE         44                        51     -7       49

PRECIPITATION (IN)
  TODAY            0.00         MM      MM   0.12  -0.12     1.08
  MONTH TO DATE    1.56                      1.85  -0.29     6.36
  SINCE MAR 1      2.08                      4.37  -2.29     8.36
  SINCE JAN 1      4.87                      6.90  -2.03    12.06

SNOWFALL (IN)
  TODAY            0.0          MM      MM  MM     MM        0.0
  MONTH TO DATE    T                        MM     MM         T
  SINCE MAR 1      7.4                      MM     MM        8.5
  SINCE JUL 1     50.2                      MM     MM       27.1
  SNOW DEPTH       0

DEGREE DAYS
 HEATING
  TODAY           21                        14      7       16
  MONTH TO DATE  346                       304     42      356
  SINCE MAR 1   1383                      1137    246     1424
  SINCE JUL 1   7246                      6162   1084     6210

 COOLING
  TODAY            0                         0      0        0
  MONTH TO DATE    3                         0      3        0
  SINCE MAR 1      3                         0      3        0
  SINCE JAN 1      3                         0      3        0
..................................................................


WIND (MPH)
  HIGHEST WIND SPEED     9   HIGHEST WIND DIRECTION     E (80)
  HIGHEST GUST SPEED    12   HIGHEST GUST DIRECTION    NE (50)
  AVERAGE WIND SPEED     5.3


SKY COVER
  POSSIBLE SUNSHINE  MM
  AVERAGE SKY COVER 0.0


WEATHER CONDITIONS
 THE FOLLOWING WEATHER WAS RECORDED TODAY.
  FOG
  HAZE


RELATIVE HUMIDITY (PERCENT)
 HIGHEST    92           300 AM
 LOWEST     27           300 PM
 AVERAGE    60

..........................................................


THE DAVENPORT IA CLIMATE NORMALS FOR TOMORROW
                         NORMAL    RECORD    YEAR
 MAXIMUM TEMPERATURE (F)   63        MM        MM
 MINIMUM TEMPERATURE (F)   40        MM        MM


SUNRISE AND SUNSET
APRIL 18 2014.........SUNRISE   618 AM CDT   SUNSET   746 PM CDT
APRIL 19 2014.........SUNRISE   616 AM CDT   SUNSET   747 PM CDT


-  INDICATES NEGATIVE NUMBERS.
R  INDICATES RECORD WAS SET OR TIED.
MM INDICATES DATA IS MISSING.
T  INDICATES TRACE AMOUNT.




$$
