269
CDUS46 KOTX 160853
CLIEAT


CLIMATE REPORT
NATIONAL WEATHER SERVICE SPOKANE, WA
1253 AM PST MON JAN 16 2017


...................................

...THE WENATCHEE WA PANGBORN FIELD CLIMATE SUMMARY FOR JANUARY 15 2017...

CLIMATE NORMAL PERIOD 1981 TO 2010
CLIMATE RECORD PERIOD 1959 TO 2017


WEATHER ITEM   OBSERVED TIME   RECORD YEAR NORMAL DEPARTURE LAST
                VALUE   (LST)  VALUE       VALUE  FROM      YEAR
                                                  NORMAL
..................................................................
TEMPERATURE (F)
 YESTERDAY
  MAXIMUM         16    135 AM  53    1994  34    -18       32
  MINIMUM         12    157 PM   3    1997  25    -13       26
  AVERAGE         14                        29    -15       29

PRECIPITATION (IN)
  YESTERDAY        T             0.39 1974   0.03  -0.03     0.00
  MONTH TO DATE    0.30                      0.55  -0.25     0.71
  SINCE OCT 1      3.12                      3.50  -0.38     4.57
  SINCE JAN 1      0.30                      0.55  -0.25     0.71

SNOWFALL (IN)
  YESTERDAY       MM

DEGREE DAYS
 HEATING
  YESTERDAY       51                        36     15       36
  MONTH TO DATE  775                       554    221      486
  SINCE DEC 1   2057                      1702    355     1544
  SINCE JUL 1   3134                      3074     60     2609

 COOLING
  YESTERDAY        0                         0      0        0
  MONTH TO DATE    0                         0      0        0
  SINCE DEC 1      0                         0      0        0
  SINCE JAN 1      0                         0      0        0
..................................................................


WIND (MPH)
  HIGHEST WIND SPEED    13   HIGHEST WIND DIRECTION     E (100)
  HIGHEST GUST SPEED    16   HIGHEST GUST DIRECTION     E (90)
  AVERAGE WIND SPEED     7.6


SKY COVER
  POSSIBLE SUNSHINE  MM
  AVERAGE SKY COVER 1.0


WEATHER CONDITIONS
 THE FOLLOWING WEATHER WAS RECORDED YESTERDAY.
  LIGHT SNOW
  FOG


RELATIVE HUMIDITY (PERCENT)
 HIGHEST    96           400 AM
 LOWEST     84          1200 PM
 AVERAGE    90

..........................................................


THE WENATCHEE WA PANGBORN FIELD CLIMATE NORMALS FOR TODAY
                         NORMAL    RECORD    YEAR
 MAXIMUM TEMPERATURE (F)   34        55      1994
 MINIMUM TEMPERATURE (F)   25         6      1997


SUNRISE AND SUNSET
JANUARY 16 2017.......SUNRISE   743 AM PST   SUNSET   439 PM PST
JANUARY 17 2017.......SUNRISE   742 AM PST   SUNSET   441 PM PST


-  INDICATES NEGATIVE NUMBERS.
R  INDICATES RECORD WAS SET OR TIED.
MM INDICATES DATA IS MISSING.
T  INDICATES TRACE AMOUNT.




$$
