000
CDUS46 KOTX 290826
CLIEAT


CLIMATE REPORT
NATIONAL WEATHER SERVICE SPOKANE, WA
126 AM PDT THU JUN 29 2017


...................................

...THE WENATCHEE WA PANGBORN FIELD CLIMATE SUMMARY FOR JUNE 28 2017...

CLIMATE NORMAL PERIOD 1981 TO 2010
CLIMATE RECORD PERIOD 1959 TO 2017


WEATHER ITEM   OBSERVED TIME   RECORD YEAR NORMAL DEPARTURE LAST
                VALUE   (LST)  VALUE       VALUE  FROM      YEAR
                                                  NORMAL
..................................................................
TEMPERATURE (F)
 YESTERDAY
  MAXIMUM         85    340 PM 109    2015  82      3       96
  MINIMUM         62    508 AM  45    1975  58      4       69
  AVERAGE         74                        70      4       83

PRECIPITATION (IN)
  YESTERDAY        0.00          0.43 1992   0.01  -0.01     0.00
  MONTH TO DATE    0.20                      0.57  -0.37     0.66
  SINCE OCT 1      9.82                      7.17   2.65    10.90
  SINCE JAN 1      7.00                      4.22   2.78     7.04

SNOWFALL (IN)
  YESTERDAY       MM

DEGREE DAYS
 HEATING
  YESTERDAY        0                         1     -1        0
  MONTH TO DATE   40                        56    -16       56
  SINCE JUN 1     40                        56    -16       56
  SINCE JUL 1   6241                      5770    471     4767

 COOLING
  YESTERDAY        9                         6      3       18
  MONTH TO DATE  106                        98      8      147
  SINCE JUN 1    106                        98      8      147
  SINCE JAN 1    162                       245    -83      189
..................................................................


WIND (MPH)
  HIGHEST WIND SPEED    25   HIGHEST WIND DIRECTION    NW (310)
  HIGHEST GUST SPEED    31   HIGHEST GUST DIRECTION    NW (310)
  AVERAGE WIND SPEED    16.0


SKY COVER
  POSSIBLE SUNSHINE  MM
  AVERAGE SKY COVER 0.0


WEATHER CONDITIONS
 THE FOLLOWING WEATHER WAS RECORDED YESTERDAY.
  NO SIGNIFICANT WEATHER WAS OBSERVED.


RELATIVE HUMIDITY (PERCENT)
 HIGHEST    52          1100 PM
 LOWEST     20           100 PM
 AVERAGE    36

..........................................................


THE WENATCHEE WA PANGBORN FIELD CLIMATE NORMALS FOR TODAY
                         NORMAL    RECORD    YEAR
 MAXIMUM TEMPERATURE (F)   82       102      2008
 MINIMUM TEMPERATURE (F)   58        43      1964


SUNRISE AND SUNSET
JUNE 29 2017..........SUNRISE   507 AM PDT   SUNSET   901 PM PDT
JUNE 30 2017..........SUNRISE   508 AM PDT   SUNSET   901 PM PDT


-  INDICATES NEGATIVE NUMBERS.
R  INDICATES RECORD WAS SET OR TIED.
MM INDICATES DATA IS MISSING.
T  INDICATES TRACE AMOUNT.




$$
