000
CDUS46 KOTX 200436
CLIEAT


CLIMATE REPORT
NATIONAL WEATHER SERVICE SPOKANE, WA
836 PM PST SUN NOV 19 2017


...................................

...THE WENATCHEE WA PANGBORN FIELD CLIMATE SUMMARY FOR NOVEMBER 19 2017...
VALID TODAY AS OF 0800 PM LOCAL TIME.

CLIMATE NORMAL PERIOD 1981 TO 2010
CLIMATE RECORD PERIOD 1959 TO 2017


WEATHER ITEM   OBSERVED TIME   RECORD YEAR NORMAL DEPARTURE LAST
                VALUE   (LST)  VALUE       VALUE  FROM      YEAR
                                                  NORMAL
..................................................................
TEMPERATURE (F)
 TODAY
  MAXIMUM         37    313 PM  65    1962  42     -5       43
  MINIMUM         27    533 AM   4    1985  30     -3       36
  AVERAGE         32                        36     -4       40

PRECIPITATION (IN)
  TODAY            T             1.03 1996   0.04  -0.04      T
  MONTH TO DATE    0.79                      0.66   0.13     0.28
  SINCE OCT 1      1.60                      1.10   0.50     2.31
  SINCE JAN 1      8.68                      6.16   2.52     9.66

DEGREE DAYS
 HEATING
  TODAY           33                        29      4       25
  MONTH TO DATE  526                       478     48      323
  SINCE SEP 1   1126                      1014    112      826
  SINCE JUL 1   1126                      1028     98      830

 COOLING
  TODAY            0                         0      0        0
  MONTH TO DATE    0                         0      0        0
  SINCE SEP 1    113                         2    111       28
  SINCE JAN 1   1058                       790    268      801
..................................................................


WIND (MPH)
  HIGHEST WIND SPEED    13   HIGHEST WIND DIRECTION    SE (120)
  HIGHEST GUST SPEED    19   HIGHEST GUST DIRECTION     E (90)
  AVERAGE WIND SPEED     4.4


SKY COVER
  POSSIBLE SUNSHINE  MM
  AVERAGE SKY COVER 0.2


WEATHER CONDITIONS
 THE FOLLOWING WEATHER WAS RECORDED TODAY.
  FOG
  FOG W/VISIBILITY <= 1/4 MILE


RELATIVE HUMIDITY (PERCENT)
 HIGHEST   100           400 AM
 LOWEST     82           100 PM
 AVERAGE    91

..........................................................


THE WENATCHEE WA PANGBORN FIELD CLIMATE NORMALS FOR TOMORROW
                         NORMAL    RECORD    YEAR
 MAXIMUM TEMPERATURE (F)   41        62      1962
 MINIMUM TEMPERATURE (F)   30         6      1985


SUNRISE AND SUNSET
NOVEMBER 19 2017......SUNRISE   712 AM PST   SUNSET   420 PM PST
NOVEMBER 20 2017......SUNRISE   713 AM PST   SUNSET   420 PM PST


-  INDICATES NEGATIVE NUMBERS.
R  INDICATES RECORD WAS SET OR TIED.
MM INDICATES DATA IS MISSING.
T  INDICATES TRACE AMOUNT.




$$
