000
CDUS46 KOTX 270828
CLIEAT


CLIMATE REPORT
NATIONAL WEATHER SERVICE SPOKANE, WA
1225 AM PST SAT DEC 27 2014


...................................

...THE WENATCHEE WA PANGBORN FIELD CLIMATE SUMMARY FOR DECEMBER 26 2014...

CLIMATE NORMAL PERIOD 1981 TO 2010
CLIMATE RECORD PERIOD 1959 TO 2014


WEATHER ITEM   OBSERVED TIME   RECORD YEAR NORMAL DEPARTURE LAST
                VALUE   (LST)  VALUE       VALUE  FROM      YEAR
                                                  NORMAL
..................................................................
TEMPERATURE (F)
 YESTERDAY
  MAXIMUM         42    220 PM  56    1980  31     11       37
  MINIMUM         28   1022 PM   5    2008  22      6       23
                                      1990
  AVERAGE         35                        27      8       30

PRECIPITATION (IN)
  YESTERDAY        0.00        0.48   1996  0.04  -0.04     0.00
  MONTH TO DATE    1.21                     1.20   0.01     0.11
  SINCE OCT 1      3.05                     2.75   0.30     0.56
  SINCE JAN 1      7.17                     7.81  -0.64     7.25

SNOWFALL (IN)
  YESTERDAY       MM

DEGREE DAYS
 HEATING
  YESTERDAY       30                        38     -8       35
  MONTH TO DATE  744                       955   -211     1023
  SINCE DEC 1    744                       955   -211     1023
  SINCE JUL 1   1850                      2327   -477     2388

 COOLING
  YESTERDAY        0                         0      0        0
  MONTH TO DATE    0                         0      0        0
  SINCE DEC 1      0                         0      0        0
  SINCE JAN 1   1218                       790    428     1028
..................................................................


WIND (MPH)
  HIGHEST WIND SPEED    10   HIGHEST WIND DIRECTION     W (280)
  HIGHEST GUST SPEED    10   HIGHEST GUST DIRECTION     W (280)
  AVERAGE WIND SPEED     4.2


SKY COVER
  POSSIBLE SUNSHINE  MM
  AVERAGE SKY COVER 0.0


WEATHER CONDITIONS
 THE FOLLOWING WEATHER WAS RECORDED YESTERDAY.
  NO SIGNIFICANT WEATHER WAS OBSERVED.


RELATIVE HUMIDITY (PERCENT)
 HIGHEST    78           900 AM
 LOWEST     50           200 PM
 AVERAGE    64

..........................................................


THE WENATCHEE WA PANGBORN FIELD CLIMATE NORMALS FOR TODAY
                         NORMAL    RECORD    YEAR
 MAXIMUM TEMPERATURE (F)   31        57      1980
 MINIMUM TEMPERATURE (F)   22         1      1996


SUNRISE AND SUNSET
DECEMBER 27 2014......SUNRISE   748 AM PST   SUNSET   416 PM PST
DECEMBER 28 2014......SUNRISE   748 AM PST   SUNSET   417 PM PST


-  INDICATES NEGATIVE NUMBERS.
R  INDICATES RECORD WAS SET OR TIED.
MM INDICATES DATA IS MISSING.
T  INDICATES TRACE AMOUNT.

$$
