859
CDUS46 KOTX 210829
CLIEAT


CLIMATE REPORT
NATIONAL WEATHER SERVICE SPOKANE, WA
1229 AM PST TUE FEB 21 2017


...................................

...THE WENATCHEE WA PANGBORN FIELD CLIMATE SUMMARY FOR FEBRUARY 20 2017...

CLIMATE NORMAL PERIOD 1981 TO 2010
CLIMATE RECORD PERIOD 1959 TO 2017


WEATHER ITEM   OBSERVED TIME   RECORD YEAR NORMAL DEPARTURE LAST
                VALUE   (LST)  VALUE       VALUE  FROM      YEAR
                                                  NORMAL
..................................................................
TEMPERATURE (F)
 YESTERDAY
  MAXIMUM         35    516 PM  62    1961  43     -8       51
  MINIMUM         29   1044 PM   4    1986  29      0       33
  AVERAGE         32                        36     -4       42

PRECIPITATION (IN)
  YESTERDAY        0.32          0.33 1982   0.03   0.29     0.00
  MONTH TO DATE    1.61                      0.59   1.02     0.43
  SINCE OCT 1      5.54                      4.60   0.94     6.51
  SINCE JAN 1      2.72                      1.65   1.07     2.65

SNOWFALL (IN)
  YESTERDAY       MM

DEGREE DAYS
 HEATING
  YESTERDAY       33                        29      4       23
  MONTH TO DATE  779                       624    155      557
  SINCE DEC 1   3433                      2872    561     2610
  SINCE JUL 1   4510                      4244    266     3675

 COOLING
  YESTERDAY        0                         0      0        0
  MONTH TO DATE    0                         0      0        0
  SINCE DEC 1      0                         0      0        0
  SINCE JAN 1      0                         0      0        0
..................................................................


WIND (MPH)
  HIGHEST WIND SPEED     9   HIGHEST WIND DIRECTION     W (290)
  HIGHEST GUST SPEED    11   HIGHEST GUST DIRECTION     W (290)
  AVERAGE WIND SPEED     3.6


SKY COVER
  POSSIBLE SUNSHINE  MM
  AVERAGE SKY COVER 0.8


WEATHER CONDITIONS
 THE FOLLOWING WEATHER WAS RECORDED YESTERDAY.
  LIGHT RAIN
  SNOW
  LIGHT SNOW
  FOG
  FOG W/VISIBILITY <= 1/4 MILE


RELATIVE HUMIDITY (PERCENT)
 HIGHEST   100          1200 AM
 LOWEST     96           600 AM
 AVERAGE    98

..........................................................


THE WENATCHEE WA PANGBORN FIELD CLIMATE NORMALS FOR TODAY
                         NORMAL    RECORD    YEAR
 MAXIMUM TEMPERATURE (F)   44        65      1988
 MINIMUM TEMPERATURE (F)   29        10      1986


SUNRISE AND SUNSET
FEBRUARY 21 2017......SUNRISE   655 AM PST   SUNSET   534 PM PST
FEBRUARY 22 2017......SUNRISE   653 AM PST   SUNSET   536 PM PST


-  INDICATES NEGATIVE NUMBERS.
R  INDICATES RECORD WAS SET OR TIED.
MM INDICATES DATA IS MISSING.
T  INDICATES TRACE AMOUNT.




$$
