813
CDUS46 KOTX 210824
CLIEAT


CLIMATE REPORT
NATIONAL WEATHER SERVICE SPOKANE, WA
1223 AM PST SUN JAN 21 2018


...................................

...THE WENATCHEE WA PANGBORN FIELD CLIMATE SUMMARY FOR JANUARY 20 2018...

CLIMATE NORMAL PERIOD 1981 TO 2010
CLIMATE RECORD PERIOD 1959 TO 2018


WEATHER ITEM   OBSERVED TIME   RECORD YEAR NORMAL DEPARTURE LAST
                VALUE   (LST)  VALUE       VALUE  FROM      YEAR
                                                  NORMAL
..................................................................
TEMPERATURE (F)
 YESTERDAY
  MAXIMUM         43    245 PM  52    1967  35      8       34
  MINIMUM         29    803 AM  -2    1962  25      4       30
  AVERAGE         36                        30      6       32

PRECIPITATION (IN)
  YESTERDAY        0.00          0.34 1999   0.03  -0.03     0.18
  MONTH TO DATE    0.64                      0.72  -0.08     0.66
  SINCE OCT 1      3.72                      3.67   0.05     3.48
  SINCE JAN 1      0.64                      0.72  -0.08     0.66

SNOWFALL (IN)
  YESTERDAY       MM

DEGREE DAYS
 HEATING
  YESTERDAY       29                        35     -6       33
  MONTH TO DATE  674                       729    -55      989
  SINCE DEC 1   1830                      1877    -47     2271
  SINCE JUL 1   3253                      3249      4     3348

 COOLING
  YESTERDAY        0                         0      0        0
  MONTH TO DATE    0                         0      0        0
  SINCE DEC 1      0                         0      0        0
  SINCE JAN 1      0                         0      0        0
..................................................................


WIND (MPH)
  HIGHEST WIND SPEED     9   HIGHEST WIND DIRECTION     W (280)
  HIGHEST GUST SPEED    11   HIGHEST GUST DIRECTION    SE (120)
  AVERAGE WIND SPEED     2.0


SKY COVER
  POSSIBLE SUNSHINE  MM
  AVERAGE SKY COVER 0.4


WEATHER CONDITIONS
 THE FOLLOWING WEATHER WAS RECORDED YESTERDAY.
  FOG
  FOG W/VISIBILITY <= 1/4 MILE


RELATIVE HUMIDITY (PERCENT)
 HIGHEST   100          1200 AM
 LOWEST     59           500 PM
 AVERAGE    80

..........................................................


THE WENATCHEE WA PANGBORN FIELD CLIMATE NORMALS FOR TODAY
                         NORMAL    RECORD    YEAR
 MAXIMUM TEMPERATURE (F)   36        48      2011
 MINIMUM TEMPERATURE (F)   25        -1      1962


SUNRISE AND SUNSET
JANUARY 21 2018.......SUNRISE   739 AM PST   SUNSET   446 PM PST
JANUARY 22 2018.......SUNRISE   738 AM PST   SUNSET   448 PM PST


-  INDICATES NEGATIVE NUMBERS.
R  INDICATES RECORD WAS SET OR TIED.
MM INDICATES DATA IS MISSING.
T  INDICATES TRACE AMOUNT.




$$
