000
CDUS46 KOTX 290826
CLIEAT


CLIMATE REPORT
NATIONAL WEATHER SERVICE SPOKANE, WA
124 AM PDT SAT AUG 29 2015


...................................

...THE WENATCHEE WA PANGBORN FIELD CLIMATE SUMMARY FOR AUGUST 28 2015...

CLIMATE NORMAL PERIOD 1981 TO 2010
CLIMATE RECORD PERIOD 1959 TO 2015


WEATHER ITEM   OBSERVED TIME   RECORD YEAR NORMAL DEPARTURE LAST
                VALUE   (LST)  VALUE       VALUE  FROM      YEAR
                                                  NORMAL
..................................................................
TEMPERATURE (F)
 YESTERDAY
  MAXIMUM         84    235 PM  99    1972  83      1       89
  MINIMUM         70   1159 PM  45    2010  58     12       69
                                      1984
  AVERAGE         77                        70      7       79

PRECIPITATION (IN)
  YESTERDAY        0.00          0.12 1975   0.01  -0.01     0.00
  MONTH TO DATE    T                         0.18  -0.18     0.83
  SINCE OCT 1      7.15                      7.65  -0.50     4.52
  SINCE JAN 1      3.97                      4.70  -0.73     3.96

SNOWFALL (IN)
  YESTERDAY       MM

DEGREE DAYS
 HEATING
  YESTERDAY        0                         0      0        0
  MONTH TO DATE    0                         0      0        0
  SINCE JUN 1      0                        65    -65       15
  SINCE JUL 1      0                         7     -7        0

 COOLING
  YESTERDAY       12                         6      6       14
  MONTH TO DATE  366                       251    115      371
  SINCE JUN 1   1229                       812    417     1018
  SINCE JAN 1   1328                       959    369     1076
..................................................................


WIND (MPH)
  HIGHEST WIND SPEED    16   HIGHEST WIND DIRECTION    NW (310)
  HIGHEST GUST SPEED    19   HIGHEST GUST DIRECTION    NW (320)
  AVERAGE WIND SPEED     6.8


SKY COVER
  POSSIBLE SUNSHINE  MM
  AVERAGE SKY COVER 0.3


WEATHER CONDITIONS
 THE FOLLOWING WEATHER WAS RECORDED YESTERDAY.
  NO SIGNIFICANT WEATHER WAS OBSERVED.


RELATIVE HUMIDITY (PERCENT)
 HIGHEST    44          1100 PM
 LOWEST     26          1200 AM
 AVERAGE    35

..........................................................


THE WENATCHEE WA PANGBORN FIELD CLIMATE NORMALS FOR TODAY
                         NORMAL    RECORD    YEAR
 MAXIMUM TEMPERATURE (F)   83       100      1998
 MINIMUM TEMPERATURE (F)   58        46      1980


SUNRISE AND SUNSET
AUGUST 29 2015........SUNRISE   615 AM PDT   SUNSET   747 PM PDT
AUGUST 30 2015........SUNRISE   617 AM PDT   SUNSET   745 PM PDT


-  INDICATES NEGATIVE NUMBERS.
R  INDICATES RECORD WAS SET OR TIED.
MM INDICATES DATA IS MISSING.
T  INDICATES TRACE AMOUNT.




$$
