000
CDUS46 KOTX 270826
CLIEAT


CLIMATE REPORT
NATIONAL WEATHER SERVICE SPOKANE, WA
1225 AM PST FRI FEB 27 2015


...................................

...THE WENATCHEE WA PANGBORN FIELD CLIMATE SUMMARY FOR FEBRUARY 26 2015...

CLIMATE NORMAL PERIOD 1981 TO 2010
CLIMATE RECORD PERIOD 1959 TO 2015


WEATHER ITEM   OBSERVED TIME   RECORD YEAR NORMAL DEPARTURE LAST
                VALUE   (LST)  VALUE       VALUE  FROM      YEAR
                                                  NORMAL
..................................................................
TEMPERATURE (F)
 YESTERDAY
  MAXIMUM         54    410 PM  60    1968  46      8       43
  MINIMUM         43    731 AM   5    1993  30     13       30
  AVERAGE         49                        38     11       37

PRECIPITATION (IN)
  YESTERDAY        0.00          1.24 2010   0.02  -0.02     0.00
  MONTH TO DATE    0.59                      0.75  -0.16     0.76
  SINCE OCT 1      4.40                      4.76  -0.36     1.76
  SINCE JAN 1      1.22                      1.81  -0.59     1.20

SNOWFALL (IN)
  YESTERDAY       MM

DEGREE DAYS
 HEATING
  YESTERDAY       16                        27    -11       28
  MONTH TO DATE  556                       792   -236      936
  SINCE DEC 1   2479                      3040   -561     3154
  SINCE JUL 1   3585                      4412   -827     4519

 COOLING
  YESTERDAY        0                         0      0        0
  MONTH TO DATE    0                         0      0        0
  SINCE DEC 1      0                         0      0        0
  SINCE JAN 1      0                         0      0        0
..................................................................


WIND (MPH)
  HIGHEST WIND SPEED    13   HIGHEST WIND DIRECTION    SE (140)
  HIGHEST GUST SPEED    16   HIGHEST GUST DIRECTION    SE (140)
  AVERAGE WIND SPEED     5.8


SKY COVER
  POSSIBLE SUNSHINE  MM
  AVERAGE SKY COVER 0.8


WEATHER CONDITIONS
 THE FOLLOWING WEATHER WAS RECORDED YESTERDAY.
  NO SIGNIFICANT WEATHER WAS OBSERVED.


RELATIVE HUMIDITY (PERCENT)
 HIGHEST    70           700 AM
 LOWEST     41           200 PM
 AVERAGE    56

..........................................................


THE WENATCHEE WA PANGBORN FIELD CLIMATE NORMALS FOR TODAY
                         NORMAL    RECORD    YEAR
 MAXIMUM TEMPERATURE (F)   46        62      1991
 MINIMUM TEMPERATURE (F)   30        12      1993


SUNRISE AND SUNSET
FEBRUARY 27 2015......SUNRISE   645 AM PST   SUNSET   543 PM PST
FEBRUARY 28 2015......SUNRISE   643 AM PST   SUNSET   544 PM PST


-  INDICATES NEGATIVE NUMBERS.
R  INDICATES RECORD WAS SET OR TIED.
MM INDICATES DATA IS MISSING.
T  INDICATES TRACE AMOUNT.




$$
