000
CDUS46 KOTX 230833
CLIEAT


CLIMATE REPORT
NATIONAL WEATHER SERVICE SPOKANE, WA
132 AM PDT TUE SEP 23 2014


...................................

...THE WENATCHEE WA PANGBORN FIELD CLIMATE SUMMARY FOR SEPTEMBER 22 2014...

CLIMATE NORMAL PERIOD 1981 TO 2010
CLIMATE RECORD PERIOD 1959 TO 2014


WEATHER ITEM   OBSERVED TIME   RECORD YEAR NORMAL DEPARTURE LAST
                VALUE   (LST)  VALUE       VALUE  FROM      YEAR
                                                  NORMAL
..................................................................
TEMPERATURE (F)
 YESTERDAY
  MAXIMUM         83    303 PM  90    1966  74      9       67
  MINIMUM         62    257 AM  39    1996  50     12       47
  AVERAGE         73                        62     11       57

PRECIPITATION (IN)
  YESTERDAY        T             1.36 1984   0.01  -0.01     0.02
  MONTH TO DATE    T                         0.24  -0.24     0.64
  SINCE OCT 1      4.52                      7.91  -3.39    10.32
  SINCE JAN 1      3.96                      4.96  -1.00     6.52

SNOWFALL (IN)
  YESTERDAY       MM             0.0  1999   0.0   MM       MM
  MONTH TO DATE   MM                         0.0   MM       MM
  SINCE SEP 1     MM                         0.0   MM       MM
  SINCE JUL 1     MM                         0.0   MM       MM
  SNOW DEPTH      MM

DEGREE DAYS
 HEATING
  YESTERDAY        0                         4     -4        8
  MONTH TO DATE   16                        52    -36       21
  SINCE SEP 1     16                        52    -36       21
  SINCE JUL 1     16                        66    -50       21

 COOLING
  YESTERDAY        8                         2      6        0
  MONTH TO DATE  106                        74     32      147
  SINCE SEP 1    106                        74     32      147
  SINCE JAN 1   1197                       862    335     1028
..................................................................


WIND (MPH)
  HIGHEST WIND SPEED    15   HIGHEST WIND DIRECTION    NW (300)
  HIGHEST GUST SPEED    17   HIGHEST GUST DIRECTION    NW (300)
  AVERAGE WIND SPEED     5.1


SKY COVER
  POSSIBLE SUNSHINE  MM
  AVERAGE SKY COVER 0.0


WEATHER CONDITIONS
 THE FOLLOWING WEATHER WAS RECORDED YESTERDAY.
  LIGHT RAIN


RELATIVE HUMIDITY (PERCENT)
 HIGHEST    60           300 AM
 LOWEST     34           400 PM
 AVERAGE    47

..........................................................


THE WENATCHEE WA PANGBORN FIELD CLIMATE NORMALS FOR TODAY
                         NORMAL    RECORD    YEAR
 MAXIMUM TEMPERATURE (F)   74        90      1974
 MINIMUM TEMPERATURE (F)   50        36      1996


SUNRISE AND SUNSET
SEPTEMBER 23 2014.....SUNRISE   649 AM PDT   SUNSET   656 PM PDT
SEPTEMBER 24 2014.....SUNRISE   650 AM PDT   SUNSET   654 PM PDT


-  INDICATES NEGATIVE NUMBERS.
R  INDICATES RECORD WAS SET OR TIED.
MM INDICATES DATA IS MISSING.
T  INDICATES TRACE AMOUNT.




$$
