000
CDUS46 KOTX 140843
CLIEAT


CLIMATE REPORT
NATIONAL WEATHER SERVICE SPOKANE, WA
142 AM PDT MON JUL 14 2014


...................................

...THE WENATCHEE WA PANGBORN FIELD CLIMATE SUMMARY FOR JULY 13 2014...

CLIMATE NORMAL PERIOD 1981 TO 2010
CLIMATE RECORD PERIOD 1959 TO 2014


WEATHER ITEM   OBSERVED TIME   RECORD YEAR NORMAL DEPARTURE LAST
                VALUE   (LST)  VALUE       VALUE  FROM      YEAR
                                                  NORMAL
..................................................................
TEMPERATURE (F)
 YESTERDAY
  MAXIMUM        100    507 PM 105    1961  87     13       82
  MINIMUM         72    441 AM  50    1981  61     11       54
  AVERAGE         86                        74     12       68

PRECIPITATION (IN)
  YESTERDAY        0.00          0.06 1991   0.01  -0.01     0.00
  MONTH TO DATE    0.00                      0.14  -0.14      T
  SINCE OCT 1      3.31                      7.34  -4.03     7.71
  SINCE JAN 1      2.75                      4.39  -1.64     3.91

SNOWFALL (IN)
  YESTERDAY       MM             0.0  2000   0.0   MM       MM
  MONTH TO DATE   MM                         0.0   MM       MM
  SINCE JUN 1     MM                         0.0   MM       MM
  SINCE JUL 1     MM                         0.0   MM       MM
  SNOW DEPTH      MM

DEGREE DAYS
 HEATING
  YESTERDAY        0                         0      0        0
  MONTH TO DATE    0                         2     -2        0
  SINCE JUN 1     15                        60    -45       35
  SINCE JUL 1      0                         2     -2        0

 COOLING
  YESTERDAY       21                         9     12        3
  MONTH TO DATE  222                        99    123      154
  SINCE JUN 1    378                       391    -13      260
  SINCE JAN 1    436                       538   -102      320
..................................................................


WIND (MPH)
  HIGHEST WIND SPEED    MM   HIGHEST WIND DIRECTION    MM
  HIGHEST GUST SPEED    MM   HIGHEST GUST DIRECTION    MM
  AVERAGE WIND SPEED    MM


SKY COVER
  POSSIBLE SUNSHINE  MM
  AVERAGE SKY COVER 0.0


WEATHER CONDITIONS
 THE FOLLOWING WEATHER WAS RECORDED YESTERDAY.
  NO SIGNIFICANT WEATHER WAS OBSERVED.


RELATIVE HUMIDITY (PERCENT)
 HIGHEST    44           400 AM
 LOWEST     13           400 PM
 AVERAGE    29

..........................................................


THE WENATCHEE WA PANGBORN FIELD CLIMATE NORMALS FOR TODAY
                         NORMAL    RECORD    YEAR
 MAXIMUM TEMPERATURE (F)   87       103      1996
 MINIMUM TEMPERATURE (F)   61        50      1969


SUNRISE AND SUNSET
JULY 14 2014..........SUNRISE   519 AM PDT   SUNSET   854 PM PDT
JULY 15 2014..........SUNRISE   520 AM PDT   SUNSET   853 PM PDT


-  INDICATES NEGATIVE NUMBERS.
R  INDICATES RECORD WAS SET OR TIED.
MM INDICATES DATA IS MISSING.
T  INDICATES TRACE AMOUNT.




$$
