000
CDUS46 KOTX 080826
CLIEAT


CLIMATE REPORT
NATIONAL WEATHER SERVICE SPOKANE, WA
1226 AM PST THU DEC 8 2016


...................................

...THE WENATCHEE WA PANGBORN FIELD CLIMATE SUMMARY FOR DECEMBER 7 2016...

CLIMATE NORMAL PERIOD 1981 TO 2010
CLIMATE RECORD PERIOD 1959 TO 2016


WEATHER ITEM   OBSERVED TIME   RECORD YEAR NORMAL DEPARTURE LAST
                VALUE   (LST)  VALUE       VALUE  FROM      YEAR
                                                  NORMAL
..................................................................
TEMPERATURE (F)
 YESTERDAY
  MAXIMUM         26    312 AM  51    1991  34     -8       38
  MINIMUM         17    639 PM   3    1972  25     -8       33
  AVERAGE         22                        29     -7       36

PRECIPITATION (IN)
  YESTERDAY        0.00          0.80 1996   0.05  -0.05     0.60
  MONTH TO DATE    0.09                      0.33  -0.24     1.32
  SINCE OCT 1      2.50                      1.88   0.62     2.36
  SINCE JAN 1      9.85                      6.94   2.91     6.75

SNOWFALL (IN)
  YESTERDAY       MM

DEGREE DAYS
 HEATING
  YESTERDAY       43                        36      7       29
  MONTH TO DATE  229                       243    -14      226
  SINCE DEC 1    229                       243    -14      226
  SINCE JUL 1   1306                      1615   -309     1291

 COOLING
  YESTERDAY        0                         0      0        0
  MONTH TO DATE    0                         0      0        0
  SINCE DEC 1      0                         0      0        0
  SINCE JAN 1    801                       790     11     1397
..................................................................


WIND (MPH)
  HIGHEST WIND SPEED     9   HIGHEST WIND DIRECTION     W (280)
  HIGHEST GUST SPEED    11   HIGHEST GUST DIRECTION    NW (320)
  AVERAGE WIND SPEED     3.7


SKY COVER
  POSSIBLE SUNSHINE  MM
  AVERAGE SKY COVER 0.9


WEATHER CONDITIONS
 THE FOLLOWING WEATHER WAS RECORDED YESTERDAY.
  NO SIGNIFICANT WEATHER WAS OBSERVED.


RELATIVE HUMIDITY (PERCENT)
 HIGHEST    73          1100 PM
 LOWEST     42           200 AM
 AVERAGE    58

..........................................................


THE WENATCHEE WA PANGBORN FIELD CLIMATE NORMALS FOR TODAY
                         NORMAL    RECORD    YEAR
 MAXIMUM TEMPERATURE (F)   34        52      1991
 MINIMUM TEMPERATURE (F)   25        -1      1972


SUNRISE AND SUNSET
DECEMBER  8 2016......SUNRISE   736 AM PST   SUNSET   410 PM PST
DECEMBER  9 2016......SUNRISE   737 AM PST   SUNSET   410 PM PST


-  INDICATES NEGATIVE NUMBERS.
R  INDICATES RECORD WAS SET OR TIED.
MM INDICATES DATA IS MISSING.
T  INDICATES TRACE AMOUNT.




$$
