088
CDUS46 KOTX 272245
CLIEAT


CLIMATE REPORT
NATIONAL WEATHER SERVICE SPOKANE, WA
345 PM PDT SAT AUG 27 2016


...................................

...THE WENATCHEE WA PANGBORN FIELD CLIMATE SUMMARY FOR AUGUST 27 2016...
VALID TODAY AS OF 0300 PM LOCAL TIME.

CLIMATE NORMAL PERIOD 1981 TO 2010
CLIMATE RECORD PERIOD 1959 TO 2016


WEATHER ITEM   OBSERVED TIME   RECORD YEAR NORMAL DEPARTURE LAST
                VALUE   (LST)  VALUE       VALUE  FROM      YEAR
                                                  NORMAL
..................................................................
TEMPERATURE (F)
 TODAY
  MAXIMUM         87    100 PM  96    2011  83      4       95
                                      1999
  MINIMUM         64        MM  47    1960  58      6       70
  AVERAGE         76                        71      5       83

PRECIPITATION (IN)
  TODAY            0.00          0.39 1968   0.01  -0.01     0.00
  MONTH TO DATE    T                         0.17  -0.17      T
  SINCE OCT 1     11.16                      7.64   3.52     7.15
  SINCE JAN 1      7.30                      4.69   2.61     3.97

SNOWFALL (IN)
  TODAY           MM

DEGREE DAYS
 HEATING
  TODAY            0                         0      0        0
  MONTH TO DATE    2                         0      2        0
  SINCE JUN 1     60                        65     -5        0
  SINCE JUL 1      4                         7     -3        0

 COOLING
  TODAY           11                         6      5       18
  MONTH TO DATE  278                       245     33      354
  SINCE JUN 1    702                       806   -104     1217
  SINCE JAN 1    744                       953   -209     1316
..................................................................


WIND (MPH)
  HIGHEST WIND SPEED    24   HIGHEST WIND DIRECTION     W (250)
  HIGHEST GUST SPEED    35   HIGHEST GUST DIRECTION     W (250)
  AVERAGE WIND SPEED     4.9


SKY COVER
  POSSIBLE SUNSHINE  MM
  AVERAGE SKY COVER 0.0


WEATHER CONDITIONS
 THE FOLLOWING WEATHER WAS RECORDED TODAY.
  NO SIGNIFICANT WEATHER WAS OBSERVED.


RELATIVE HUMIDITY (PERCENT)
 HIGHEST    60           600 AM
 LOWEST     27           200 PM
 AVERAGE    44

..........................................................


THE WENATCHEE WA PANGBORN FIELD CLIMATE NORMALS FOR TOMORROW
                         NORMAL    RECORD    YEAR
 MAXIMUM TEMPERATURE (F)   83        99      1972
 MINIMUM TEMPERATURE (F)   58        45      2010
                                             1984


SUNRISE AND SUNSET
AUGUST 27 2016........SUNRISE   614 AM PDT   SUNSET   749 PM PDT
AUGUST 28 2016........SUNRISE   615 AM PDT   SUNSET   747 PM PDT


-  INDICATES NEGATIVE NUMBERS.
R  INDICATES RECORD WAS SET OR TIED.
MM INDICATES DATA IS MISSING.
T  INDICATES TRACE AMOUNT.




$$
