000
CDUS43 KMPX 190656
CLIEAU


CLIMATE REPORT
NATIONAL WEATHER SERVICE CHANHASSEN MN
1255 AM CST FRI DEC 19 2014


...................................

...THE EAU CLAIRE WI CLIMATE SUMMARY FOR DECEMBER 18 2014...

CLIMATE NORMAL PERIOD 1981 TO 2010
CLIMATE RECORD PERIOD 1893 TO 2014


WEATHER ITEM   OBSERVED TIME   RECORD YEAR NORMAL DEPARTURE LAST
                VALUE   (LST)  VALUE       VALUE  FROM      YEAR
                                                  NORMAL
..................................................................
TEMPERATURE (F)
 YESTERDAY
  MAXIMUM         24   1159 PM  50    2002  26     -2       29
  MINIMUM         19   1208 AM -27    1983  10      9       -1
  AVERAGE         22                        18      4       14

PRECIPITATION (IN)
  YESTERDAY        T             0.30 1896   0.03  -0.03     0.00
  MONTH TO DATE    0.10                      0.64  -0.54     1.19
  SINCE DEC 1      0.10                      0.64  -0.54     1.19
  SINCE JAN 1     42.40                     30.62  11.78    35.56

SNOWFALL (IN)
  YESTERDAY        T             3.0  1896   0.3   -0.3      0.0
  MONTH TO DATE    0.5                       5.5   -5.0     11.1
  SINCE DEC 1      0.5                       5.5   -5.0     11.1
  SINCE JUL 1     14.7                      11.8    2.9     13.3
  SNOW DEPTH       T

DEGREE DAYS
 HEATING
  YESTERDAY       43                        47     -4       51
  MONTH TO DATE  717                       797    -80      969
  SINCE DEC 1    717                       797    -80      969
  SINCE JUL 1   2689                      2543    146     2714

 COOLING
  YESTERDAY        0                         0      0        0
  MONTH TO DATE    0                         0      0        0
  SINCE DEC 1      0                         0      0        0
  SINCE JAN 1    500                       579    -79      653
..................................................................


WIND (MPH)
  HIGHEST WIND SPEED     8   HIGHEST WIND DIRECTION     E (110)
  HIGHEST GUST SPEED     9   HIGHEST GUST DIRECTION     S (160)
  AVERAGE WIND SPEED     1.7


SKY COVER
  POSSIBLE SUNSHINE  MM
  AVERAGE SKY COVER 1.0


WEATHER CONDITIONS
 THE FOLLOWING WEATHER WAS RECORDED YESTERDAY.
  NO SIGNIFICANT WEATHER WAS OBSERVED.


RELATIVE HUMIDITY (PERCENT)
 HIGHEST    92           800 AM
 LOWEST     73          1200 AM
 AVERAGE    83

..........................................................


THE EAU CLAIRE WI CLIMATE NORMALS FOR TODAY
                         NORMAL    RECORD    YEAR
 MAXIMUM TEMPERATURE (F)   26        54      1923
 MINIMUM TEMPERATURE (F)    9       -32      1983


SUNRISE AND SUNSET
DECEMBER 19 2014......SUNRISE   739 AM CST   SUNSET   427 PM CST
DECEMBER 20 2014......SUNRISE   740 AM CST   SUNSET   427 PM CST


-  INDICATES NEGATIVE NUMBERS.
R  INDICATES RECORD WAS SET OR TIED.
MM INDICATES DATA IS MISSING.
T  INDICATES TRACE AMOUNT.




$$
