000
CDUS43 KMPX 300814
CLIEAU


CLIMATE REPORT
NATIONAL WEATHER SERVICE CHANHASSEN MN
312 AM CDT WED JUL 30 2014


...................................

...THE EAU CLAIRE WI CLIMATE SUMMARY FOR JULY 29 2014...

CLIMATE NORMAL PERIOD 1981 TO 2010
CLIMATE RECORD PERIOD 1893 TO 2014


WEATHER ITEM   OBSERVED TIME   RECORD YEAR NORMAL DEPARTURE LAST
                VALUE   (LST)  VALUE       VALUE  FROM      YEAR
                                                  NORMAL
..................................................................
TEMPERATURE (F)
 YESTERDAY
  MAXIMUM         80   1203 PM  99    1933  83     -3       77
  MINIMUM         54    540 AM  43    1952  60     -6       49
  AVERAGE         67                        71     -4       63

PRECIPITATION (IN)
  YESTERDAY        0.02          1.65 1924   0.13  -0.11     0.00
  MONTH TO DATE    2.18                      3.61  -1.43     0.60
  SINCE JUN 1     12.02                      7.74   4.28     6.46
  SINCE JAN 1     26.12                     17.38   8.74    26.51

SNOWFALL (IN)
  YESTERDAY        0.0           0.0    MM   0.0    0.0      0.0
  MONTH TO DATE    0.0                       0.0    0.0      0.0
  SINCE JUN 1      0.0                       0.0    0.0      0.0
  SINCE JUL 1      0.0                       0.0    0.0      0.0
  SNOW DEPTH       0

DEGREE DAYS
 HEATING
  YESTERDAY        0                         0      0        2
  MONTH TO DATE   18                         2     16       26
  SINCE JUN 1     43                        64    -21       89
  SINCE JUL 1     18                         2     16       26

 COOLING
  YESTERDAY        2                         7     -5        0
  MONTH TO DATE  133                       202    -69      234
  SINCE JUN 1    267                       322    -55      324
  SINCE JAN 1    302                       354    -52      356
..................................................................


WIND (MPH)
  HIGHEST WIND SPEED    26   HIGHEST WIND DIRECTION    NE (40)
  HIGHEST GUST SPEED    35   HIGHEST GUST DIRECTION    NE (50)
  AVERAGE WIND SPEED     6.0


SKY COVER
  POSSIBLE SUNSHINE  MM
  AVERAGE SKY COVER 0.3


WEATHER CONDITIONS
 THE FOLLOWING WEATHER WAS RECORDED YESTERDAY.
  LIGHT RAIN


RELATIVE HUMIDITY (PERCENT)
 HIGHEST   100           500 AM
 LOWEST     48          1200 PM
 AVERAGE    74

..........................................................


THE EAU CLAIRE WI CLIMATE NORMALS FOR TODAY
                         NORMAL    RECORD    YEAR
 MAXIMUM TEMPERATURE (F)   82       103      1999
 MINIMUM TEMPERATURE (F)   60        46      1899


SUNRISE AND SUNSET
JULY 30 2014..........SUNRISE   549 AM CDT   SUNSET   835 PM CDT
JULY 31 2014..........SUNRISE   551 AM CDT   SUNSET   833 PM CDT


-  INDICATES NEGATIVE NUMBERS.
R  INDICATES RECORD WAS SET OR TIED.
MM INDICATES DATA IS MISSING.
T  INDICATES TRACE AMOUNT.




$$
