000
CDUS43 KMPX 240739
CLIEAU


CLIMATE REPORT
NATIONAL WEATHER SERVICE CHANHASSEN MN
239 AM CDT FRI OCT 24 2014


...................................

...THE EAU CLAIRE WI CLIMATE SUMMARY FOR OCTOBER 23 2014...

CLIMATE NORMAL PERIOD 1981 TO 2010
CLIMATE RECORD PERIOD 1893 TO 2014


WEATHER ITEM   OBSERVED TIME   RECORD YEAR NORMAL DEPARTURE LAST
                VALUE   (LST)  VALUE       VALUE  FROM      YEAR
                                                  NORMAL
..................................................................
TEMPERATURE (F)
 YESTERDAY
  MAXIMUM         52    702 PM  84    1899  55     -3       40
  MINIMUM         47    719 AM  14    1936  35     12       24
  AVERAGE         50                        45      5       32

PRECIPITATION (IN)
  YESTERDAY        0.33          1.11 1995   0.06   0.27     0.01
  MONTH TO DATE    2.43                      1.86   0.57     3.36
  SINCE SEP 1      7.89                      5.54   2.35     5.13
  SINCE JAN 1     40.56                     27.66  12.90    32.77

SNOWFALL (IN)
  YESTERDAY        0.0           2.5  2009   0.1   -0.1       T
  MONTH TO DATE    0.6                       0.2    0.4       T
  SINCE SEP 1      0.6                       0.2    0.4       T
  SINCE JUL 1      0.6                       0.2    0.4       T
  SNOW DEPTH       0

DEGREE DAYS
 HEATING
  YESTERDAY       15                        20     -5       33
  MONTH TO DATE  411                       374     37      359
  SINCE SEP 1    598                       568     30      488
  SINCE JUL 1    621                       607     14      526

 COOLING
  YESTERDAY        0                         0      0        0
  MONTH TO DATE    0                         0      0        0
  SINCE SEP 1     22                        48    -26       87
  SINCE JAN 1    500                       575    -75      653
..................................................................


WIND (MPH)
  HIGHEST WIND SPEED    15   HIGHEST WIND DIRECTION     S (160)
  HIGHEST GUST SPEED    19   HIGHEST GUST DIRECTION     S (170)
  AVERAGE WIND SPEED     6.4


SKY COVER
  POSSIBLE SUNSHINE  MM
  AVERAGE SKY COVER 1.0


WEATHER CONDITIONS
 THE FOLLOWING WEATHER WAS RECORDED YESTERDAY.
  HEAVY RAIN
  RAIN
  LIGHT RAIN
  FOG


RELATIVE HUMIDITY (PERCENT)
 HIGHEST    96           200 PM
 LOWEST     63          1200 AM
 AVERAGE    80

..........................................................


THE EAU CLAIRE WI CLIMATE NORMALS FOR TODAY
                         NORMAL    RECORD    YEAR
 MAXIMUM TEMPERATURE (F)   54        80      1989
 MINIMUM TEMPERATURE (F)   34        14      1960


SUNRISE AND SUNSET
OCTOBER 24 2014.......SUNRISE   733 AM CDT   SUNSET   606 PM CDT
OCTOBER 25 2014.......SUNRISE   735 AM CDT   SUNSET   605 PM CDT


-  INDICATES NEGATIVE NUMBERS.
R  INDICATES RECORD WAS SET OR TIED.
MM INDICATES DATA IS MISSING.
T  INDICATES TRACE AMOUNT.




$$
