000
CDUS43 KMPX 260840
CLIEAU


CLIMATE REPORT
NATIONAL WEATHER SERVICE CHANHASSEN MN
338 AM CDT WED JUL 26 2017


...................................

...THE EAU CLAIRE WI CLIMATE SUMMARY FOR JULY 25 2017...

CLIMATE NORMAL PERIOD 1981 TO 2010
CLIMATE RECORD PERIOD 1893 TO 2017


WEATHER ITEM   OBSERVED TIME   RECORD YEAR NORMAL DEPARTURE LAST
                VALUE   (LST)  VALUE       VALUE  FROM      YEAR
                                                  NORMAL
..................................................................
TEMPERATURE (F)
 YESTERDAY
  MAXIMUM         78    246 PM 100    1941  83     -5       85
  MINIMUM         61   1247 AM  45    1896  60      1       63
  AVERAGE         70                        72     -2       74

PRECIPITATION (IN)
  YESTERDAY        0.06          1.40 1897   0.13  -0.07     0.00
  MONTH TO DATE    3.12                      3.10   0.02     3.04
  SINCE JUN 1      8.43                      7.23   1.20     9.33
  SINCE JAN 1     22.93                     16.87   6.06    21.52

SNOWFALL (IN)
  YESTERDAY        0.0           0.0    MM   0.0    0.0      0.0
  MONTH TO DATE    0.0                       0.0    0.0      0.0
  SINCE JUN 1      0.0                       0.0    0.0      0.0
  SINCE JUL 1      0.0                       0.0    0.0      0.0
  SNOW DEPTH       0

DEGREE DAYS
 HEATING
  YESTERDAY        0                         1     -1        0
  MONTH TO DATE    2                         5     -3        4
  SINCE JUN 1     39                        67    -28       36
  SINCE JUL 1      2                         5     -3        4

 COOLING
  YESTERDAY        5                         7     -2        9
  MONTH TO DATE  153                       174    -21      179
  SINCE JUN 1    260                       294    -34      305
  SINCE JAN 1    268                       326    -58      345
..................................................................


WIND (MPH)
  HIGHEST WIND SPEED    21   HIGHEST WIND DIRECTION     S (180)
  HIGHEST GUST SPEED    27   HIGHEST GUST DIRECTION    SE (150)
  AVERAGE WIND SPEED     9.9


SKY COVER
  POSSIBLE SUNSHINE  MM
  AVERAGE SKY COVER 0.3


WEATHER CONDITIONS
 THE FOLLOWING WEATHER WAS RECORDED YESTERDAY.
  THUNDERSTORM
  HEAVY RAIN
  LIGHT RAIN
  FOG


RELATIVE HUMIDITY (PERCENT)
 HIGHEST    90          1200 AM
 LOWEST     69           200 PM
 AVERAGE    80

..........................................................


THE EAU CLAIRE WI CLIMATE NORMALS FOR TODAY
                         NORMAL    RECORD    YEAR
 MAXIMUM TEMPERATURE (F)   83       100      1955
 MINIMUM TEMPERATURE (F)   60        45      1962


SUNRISE AND SUNSET
JULY 26 2017..........SUNRISE   545 AM CDT   SUNSET   839 PM CDT
JULY 27 2017..........SUNRISE   546 AM CDT   SUNSET   838 PM CDT


-  INDICATES NEGATIVE NUMBERS.
R  INDICATES RECORD WAS SET OR TIED.
MM INDICATES DATA IS MISSING.
T  INDICATES TRACE AMOUNT.




$$
