000
CDUS43 KMPX 190739
CLIEAU


CLIMATE REPORT
NATIONAL WEATHER SERVICE CHANHASSEN MN
139 AM CST SUN NOV 19 2017


...................................

...THE EAU CLAIRE WI CLIMATE SUMMARY FOR NOVEMBER 18 2017...

CLIMATE NORMAL PERIOD 1981 TO 2010
CLIMATE RECORD PERIOD 1893 TO 2017


WEATHER ITEM   OBSERVED TIME   RECORD YEAR NORMAL DEPARTURE LAST
                VALUE   (LST)  VALUE       VALUE  FROM      YEAR
                                                  NORMAL
..................................................................
TEMPERATURE (F)
 YESTERDAY
  MAXIMUM         40    141 PM  69    1941  40      0       64
  MINIMUM         22   1159 PM   0    1989  23     -1       31
  AVERAGE         31                        32     -1       48

PRECIPITATION (IN)
  YESTERDAY        0.00          0.88 1922   0.06  -0.06     0.05
  MONTH TO DATE    0.45                      1.15  -0.70     0.05
  SINCE SEP 1      6.26                      7.17  -0.91    10.97
  SINCE JAN 1     34.38                     29.29   5.09    37.80

SNOWFALL (IN)
  YESTERDAY        0.0           6.0  1927   0.3   -0.3       T
  MONTH TO DATE    1.4                       2.7   -1.3       T
  SINCE SEP 1      3.3                       3.1    0.2       T
  SINCE JUL 1      3.3                       3.1    0.2       T
  SNOW DEPTH       0

DEGREE DAYS
 HEATING
  YESTERDAY       34                        33      1       17
  MONTH TO DATE  621                       516    105      313
  SINCE SEP 1   1211                      1261    -50      820
  SINCE JUL 1   1254                      1300    -46      830

 COOLING
  YESTERDAY        0                         0      0        0
  MONTH TO DATE    0                         0      0        0
  SINCE SEP 1     94                        52     42       41
  SINCE JAN 1    466                       579   -113      624
..................................................................


WIND (MPH)
  HIGHEST WIND SPEED    20   HIGHEST WIND DIRECTION    NW (330)
  HIGHEST GUST SPEED    29   HIGHEST GUST DIRECTION    NW (320)
  AVERAGE WIND SPEED    10.6


SKY COVER
  POSSIBLE SUNSHINE  MM
  AVERAGE SKY COVER 0.8


WEATHER CONDITIONS
 THE FOLLOWING WEATHER WAS RECORDED YESTERDAY.
  FOG
  HAZE


RELATIVE HUMIDITY (PERCENT)
 HIGHEST    92          1200 AM
 LOWEST     54           200 PM
 AVERAGE    73

..........................................................


THE EAU CLAIRE WI CLIMATE NORMALS FOR TODAY
                         NORMAL    RECORD    YEAR
 MAXIMUM TEMPERATURE (F)   39        66      1941
 MINIMUM TEMPERATURE (F)   23        -2      1951
                                             1911


SUNRISE AND SUNSET
NOVEMBER 19 2017......SUNRISE   709 AM CST   SUNSET   433 PM CST
NOVEMBER 20 2017......SUNRISE   710 AM CST   SUNSET   433 PM CST


-  INDICATES NEGATIVE NUMBERS.
R  INDICATES RECORD WAS SET OR TIED.
MM INDICATES DATA IS MISSING.
T  INDICATES TRACE AMOUNT.




$$
