000
CDUS42 KAKQ 010534
CLIECG


CLIMATE REPORT
NATIONAL WEATHER SERVICE WAKEFIELD, VA
134 AM EDT SUN MAY 1 2016


...................................

...THE ELIZABETH CITY NC CLIMATE SUMMARY FOR APRIL 30 2016...

CLIMATE NORMAL PERIOD 1981 TO 2010
CLIMATE RECORD PERIOD 1934 TO 2016


WEATHER ITEM   OBSERVED TIME   RECORD YEAR NORMAL DEPARTURE LAST
                VALUE   (LST)  VALUE       VALUE  FROM      YEAR
                                                  NORMAL
..................................................................
TEMPERATURE (F)
 YESTERDAY
  MAXIMUM         64    246 PM  90    1974  73     -9       59
  MINIMUM         54   1045 PM  35    2001  52      2       54
  AVERAGE         59                        62     -3       57

PRECIPITATION (IN)
  YESTERDAY        0.00          1.20 2014   0.09  -0.09     0.50
  MONTH TO DATE    4.04                      3.14   0.90     4.11
  SINCE MAR 1      6.26                      7.12  -0.86     7.08
  SINCE JAN 1     13.85                     13.56   0.29    13.88

SNOWFALL (IN)
  YESTERDAY        0.0           0.0  2002  MM     MM
  MONTH TO DATE    0.0                      MM     MM
  SINCE NOV 1      1.8                      MM     MM
  SINCE JUL 1      1.8                      MM     MM
  SNOW DEPTH       0

DEGREE DAYS
 HEATING
  YESTERDAY        6                         5      1        8
  MONTH TO DATE  235                       224     11      190
  SINCE MAR 1    512                       689   -177      672
  SINCE JUL 1   2423                      3161   -738     3206

 COOLING
  YESTERDAY        0                         2     -2        0
  MONTH TO DATE   29                        35     -6       28
  SINCE MAR 1     55                        40     15       33
  SINCE JAN 1     55                        42     13       35
..................................................................


WIND (MPH)
  HIGHEST WIND SPEED    17   HIGHEST WIND DIRECTION    NE (50)
  HIGHEST GUST SPEED    21   HIGHEST GUST DIRECTION    NE (50)
  AVERAGE WIND SPEED    11.1


SKY COVER
  POSSIBLE SUNSHINE  MM
  AVERAGE SKY COVER 0.9


WEATHER CONDITIONS
 THE FOLLOWING WEATHER WAS RECORDED YESTERDAY.
  NO SIGNIFICANT WEATHER WAS OBSERVED.


RELATIVE HUMIDITY (PERCENT)
 HIGHEST    93          1200 AM
 LOWEST     67           200 PM
 AVERAGE    80

..........................................................


THE ELIZABETH CITY NC CLIMATE NORMALS FOR TODAY
                         NORMAL    RECORD    YEAR
 MAXIMUM TEMPERATURE (F)   73        94      1942
 MINIMUM TEMPERATURE (F)   52        35      1971


SUNRISE AND SUNSET
MAY  1 2016...........SUNRISE   611 AM EDT   SUNSET   753 PM EDT
MAY  2 2016...........SUNRISE   610 AM EDT   SUNSET   754 PM EDT


-  INDICATES NEGATIVE NUMBERS.
R  INDICATES RECORD WAS SET OR TIED.
MM INDICATES DATA IS MISSING.
T  INDICATES TRACE AMOUNT.




$$
