000
CDUS42 KAKQ 202237
CLIECG


CLIMATE REPORT
NATIONAL WEATHER SERVICE WAKEFIELD, VA
537 PM EST THU NOV 20 2014


...................................

...THE ELIZABETH CITY NC CLIMATE SUMMARY FOR NOVEMBER 20 2014...
VALID TODAY AS OF 0500 PM LOCAL TIME.

CLIMATE NORMAL PERIOD 1981 TO 2010
CLIMATE RECORD PERIOD 1934 TO 2014


WEATHER ITEM   OBSERVED TIME   RECORD YEAR NORMAL DEPARTURE LAST
                VALUE   (LST)  VALUE       VALUE  FROM      YEAR
                                                  NORMAL
..................................................................
TEMPERATURE (F)
 TODAY
  MAXIMUM         60    253 PM  80    1985  63     -3       56
  MINIMUM         35    649 AM  25    1997  41     -6       43
  AVERAGE         48

PRECIPITATION (IN)
  TODAY            0.00          2.21 1938   0.09  -0.09     0.00
  MONTH TO DATE    0.87                      2.13  -1.26     1.47
  SINCE SEP 1      7.80                      9.13  -1.33     8.04
  SINCE JAN 1     35.24                     43.09  -7.85    38.07

SNOWFALL (IN)
  TODAY            0.0
  MONTH TO DATE    0.0
  SINCE NOV 1      0.0
  SINCE JUL 1      0.0
  SNOW DEPTH       0

DEGREE DAYS
 HEATING
  TODAY           17
  MONTH TO DATE  266
  SINCE SEP 1    347
  SINCE JUL 1    347

 COOLING
  TODAY            0
  MONTH TO DATE    3
  SINCE SEP 1    337
  SINCE JAN 1   1580
..................................................................


WIND (MPH)
  RESULTANT WIND SPEED  11   RESULTANT WIND DIRECTION  SW (220)
  HIGHEST WIND SPEED    23   HIGHEST WIND DIRECTION    SW (230)
  HIGHEST GUST SPEED    28   HIGHEST GUST DIRECTION    SW (220)


SKY COVER
  POSSIBLE SUNSHINE  MM
  AVERAGE SKY COVER 0.0


WEATHER CONDITIONS
 THE FOLLOWING WEATHER WAS RECORDED TODAY.
  NO SIGNIFICANT WEATHER WAS OBSERVED.


RELATIVE HUMIDITY (PERCENT)
 HIGHEST    64
 LOWEST     27
 AVERAGE    46

..........................................................


THE ELIZABETH CITY NC CLIMATE NORMALS FOR TOMORROW
                         NORMAL    RECORD    YEAR
 MAXIMUM TEMPERATURE (F)   62        82      1942
 MINIMUM TEMPERATURE (F)   41        22      1937


SUNRISE AND SUNSET
NOVEMBER 20 2014......SUNRISE   647 AM EST   SUNSET   454 PM EST
NOVEMBER 21 2014......SUNRISE   648 AM EST   SUNSET   453 PM EST


-  INDICATES NEGATIVE NUMBERS.
R  INDICATES RECORD WAS SET OR TIED.
MM INDICATES DATA IS MISSING.
T  INDICATES TRACE AMOUNT.




$$
