000
CDUS42 KAKQ 010631
CLIECG


CLIMATE REPORT
NATIONAL WEATHER SERVICE WAKEFIELD, VA
130 AM EST SUN MAR 1 2015


...................................

...THE ELIZABETH CITY NC CLIMATE SUMMARY FOR FEBRUARY 28 2015...

CLIMATE NORMAL PERIOD 1981 TO 2010
CLIMATE RECORD PERIOD 1934 TO 2015


WEATHER ITEM   OBSERVED TIME   RECORD YEAR NORMAL DEPARTURE LAST
                VALUE   (LST)  VALUE       VALUE  FROM      YEAR
                                                  NORMAL
..................................................................
TEMPERATURE (F)
 YESTERDAY
  MAXIMUM         35    313 PM  82    1962  56    -21       36
  MINIMUM         27    731 AM  14    1934  36     -9       27
  AVERAGE         31                        46    -15       32

PRECIPITATION (IN)
  YESTERDAY        0.00          1.48 1966   0.11  -0.11     0.00
  MONTH TO DATE    2.79                      3.18  -0.39     1.97
  SINCE DEC 1      9.94                      9.00   0.94     9.29
  SINCE JAN 1      6.80                      6.44   0.36     4.14

SNOWFALL (IN)
  YESTERDAY        0.0           7.0  1937  MM     MM
  MONTH TO DATE    T                        MM     MM
  SINCE NOV 1      T                        MM     MM
  SINCE JUL 1      T                        MM     MM
  SNOW DEPTH       0

DEGREE DAYS
 HEATING
  YESTERDAY       34                        19     15       33
  MONTH TO DATE  867                       584    283      604
  SINCE DEC 1   2019                      1957     62     2012
  SINCE JUL 1   2534                      2472     62     2575

 COOLING
  YESTERDAY        0                         0      0        0
  MONTH TO DATE    0                         1     -1        0
  SINCE DEC 1      2                         4     -2       14
  SINCE JAN 1      2                         2      0        0
..................................................................


WIND (MPH)
  HIGHEST WIND SPEED    18   HIGHEST WIND DIRECTION    NE (30)
  HIGHEST GUST SPEED    39   HIGHEST GUST DIRECTION    NE (30)
  AVERAGE WIND SPEED    11.5


SKY COVER
  POSSIBLE SUNSHINE  MM
  AVERAGE SKY COVER 0.1


WEATHER CONDITIONS
 THE FOLLOWING WEATHER WAS RECORDED YESTERDAY.
  NO SIGNIFICANT WEATHER WAS OBSERVED.


RELATIVE HUMIDITY (PERCENT)
 HIGHEST    85          1200 AM
 LOWEST     47          1100 AM
 AVERAGE    66

..........................................................


THE ELIZABETH CITY NC CLIMATE NORMALS FOR TODAY
                         NORMAL    RECORD    YEAR
 MAXIMUM TEMPERATURE (F)   57        82      2012
 MINIMUM TEMPERATURE (F)   36        16      1937


SUNRISE AND SUNSET
MARCH  1 2015.........SUNRISE   635 AM EST   SUNSET   559 PM EST
MARCH  2 2015.........SUNRISE   634 AM EST   SUNSET   600 PM EST


-  INDICATES NEGATIVE NUMBERS.
R  INDICATES RECORD WAS SET OR TIED.
MM INDICATES DATA IS MISSING.
T  INDICATES TRACE AMOUNT.




$$
