000
CDUS42 KAKQ 170633
CLIECG


CLIMATE REPORT
NATIONAL WEATHER SERVICE WAKEFIELD, VA
133 AM EST SUN DEC 17 2017


...................................

...THE ELIZABETH CITY NC CLIMATE SUMMARY FOR DECEMBER 16 2017...

CLIMATE NORMAL PERIOD 1981 TO 2010
CLIMATE RECORD PERIOD 1934 TO 2017


WEATHER ITEM   OBSERVED TIME   RECORD YEAR NORMAL DEPARTURE LAST
                VALUE   (LST)  VALUE       VALUE  FROM      YEAR
                                                  NORMAL
..................................................................
TEMPERATURE (F)
 YESTERDAY
  MAXIMUM         47    236 PM  75    1971  54     -7       35
  MINIMUM         25    615 AM  11    1958  34     -9       22
  AVERAGE         36                        44     -8       29

PRECIPITATION (IN)
  YESTERDAY        0.00          1.26 1976   0.08  -0.08     0.00
  MONTH TO DATE    2.73                      1.34   1.39     1.52
  SINCE DEC 1      2.73                      1.34   1.39     1.52
  SINCE JAN 1     44.33                     45.36  -1.03    52.96

SNOWFALL (IN)
  YESTERDAY        0.0           3.5  1942  MM     MM
  MONTH TO DATE    0.0                      MM     MM
  SINCE NOV 1      0.0                      MM     MM
  SINCE JUL 1      0.0                      MM     MM
  SNOW DEPTH       0

DEGREE DAYS
 HEATING
  YESTERDAY       29                        21      8       36
  MONTH TO DATE  311                       302      9      330
  SINCE DEC 1    311                       302      9      330
  SINCE JUL 1    745                       817    -72      820

 COOLING
  YESTERDAY        0                         0      0        0
  MONTH TO DATE    0                         0      0        0
  SINCE DEC 1      0                         0      0        0
  SINCE JAN 1   1961                      1588    373     1954
..................................................................


WIND (MPH)
  HIGHEST WIND SPEED    12   HIGHEST WIND DIRECTION     S (200)
  HIGHEST GUST SPEED    16   HIGHEST GUST DIRECTION     S (200)
  AVERAGE WIND SPEED     5.3


SKY COVER
  POSSIBLE SUNSHINE  MM
  AVERAGE SKY COVER 0.0


WEATHER CONDITIONS
 THE FOLLOWING WEATHER WAS RECORDED YESTERDAY.
  NO SIGNIFICANT WEATHER WAS OBSERVED.


RELATIVE HUMIDITY (PERCENT)
 HIGHEST    92           500 AM
 LOWEST     40          1200 PM
 AVERAGE    66

..........................................................


THE ELIZABETH CITY NC CLIMATE NORMALS FOR TODAY
                         NORMAL    RECORD    YEAR
 MAXIMUM TEMPERATURE (F)   54        71      2015
                                             1971
                                             1959
 MINIMUM TEMPERATURE (F)   34        12      1943


SUNRISE AND SUNSET
DECEMBER 17 2017......SUNRISE   710 AM EST   SUNSET   452 PM EST
DECEMBER 18 2017......SUNRISE   711 AM EST   SUNSET   452 PM EST


-  INDICATES NEGATIVE NUMBERS.
R  INDICATES RECORD WAS SET OR TIED.
MM INDICATES DATA IS MISSING.
T  INDICATES TRACE AMOUNT.




$$
