000
CDUS42 KAKQ 040537
CLIECG


CLIMATE REPORT
NATIONAL WEATHER SERVICE WAKEFIELD, VA
136 AM EDT SAT JUL 4 2015


...................................

...THE ELIZABETH CITY NC CLIMATE SUMMARY FOR JULY 3 2015...

CLIMATE NORMAL PERIOD 1981 TO 2010
CLIMATE RECORD PERIOD 1934 TO 2015


WEATHER ITEM   OBSERVED TIME   RECORD YEAR NORMAL DEPARTURE LAST
                VALUE   (LST)  VALUE       VALUE  FROM      YEAR
                                                  NORMAL
..................................................................
TEMPERATURE (F)
 YESTERDAY
  MAXIMUM         84    316 PM  98    1954  87     -3       91
  MINIMUM         71    231 AM  52    2010  69      2       78
  AVERAGE         78                        78      0       85

PRECIPITATION (IN)
  YESTERDAY        2.43          3.49 1946   0.17   2.26     0.10
  MONTH TO DATE    2.46                      0.49   1.97     0.12
  SINCE JUN 1      7.33                      4.98   2.35     3.95
  SINCE JAN 1     24.63                     22.15   2.48    18.91

SNOWFALL (IN)
  YESTERDAY        0.0           0.0  2002  MM     MM
  MONTH TO DATE    0.0                      MM     MM
  SINCE NOV 1      T                        MM     MM
  SINCE JUL 1      0.0                      MM     MM
  SNOW DEPTH       0

DEGREE DAYS
 HEATING
  YESTERDAY        0                         0      0        0
  MONTH TO DATE    0                         0      0        0
  SINCE JUN 1      0                         3     -3        5
  SINCE JUL 1      0                         0      0        0

 COOLING
  YESTERDAY       13                        13      0       20
  MONTH TO DATE   42                        39      3       51
  SINCE JUN 1    450                       353     97      362
  SINCE JAN 1    655                       517    138      571
..................................................................


WIND (MPH)
  HIGHEST WIND SPEED    26   HIGHEST WIND DIRECTION    NE (40)
  HIGHEST GUST SPEED    30   HIGHEST GUST DIRECTION    NE (40)
  AVERAGE WIND SPEED     7.0


SKY COVER
  POSSIBLE SUNSHINE  MM
  AVERAGE SKY COVER 0.7


WEATHER CONDITIONS
 THE FOLLOWING WEATHER WAS RECORDED YESTERDAY.
  THUNDERSTORM
  HEAVY RAIN
  RAIN
  LIGHT RAIN
  FOG


RELATIVE HUMIDITY (PERCENT)
 HIGHEST   100           500 AM
 LOWEST     61           300 PM
 AVERAGE    81

..........................................................


THE ELIZABETH CITY NC CLIMATE NORMALS FOR TODAY
                         NORMAL    RECORD    YEAR
 MAXIMUM TEMPERATURE (F)   87       100      1997
 MINIMUM TEMPERATURE (F)   70        54      1938


SUNRISE AND SUNSET
JULY  4 2015..........SUNRISE   552 AM EDT   SUNSET   826 PM EDT
JULY  5 2015..........SUNRISE   553 AM EDT   SUNSET   826 PM EDT


-  INDICATES NEGATIVE NUMBERS.
R  INDICATES RECORD WAS SET OR TIED.
MM INDICATES DATA IS MISSING.
T  INDICATES TRACE AMOUNT.




$$
