000
CDUS42 KAKQ 270545
CLIECG


CLIMATE REPORT
NATIONAL WEATHER SERVICE WAKEFIELD, VA
145 AM EDT TUE SEP 27 2016


...................................

...THE ELIZABETH CITY NC CLIMATE SUMMARY FOR SEPTEMBER 26 2016...

CLIMATE NORMAL PERIOD 1981 TO 2010
CLIMATE RECORD PERIOD 1934 TO 2016


WEATHER ITEM   OBSERVED TIME   RECORD YEAR NORMAL DEPARTURE LAST
                VALUE   (LST)  VALUE       VALUE  FROM      YEAR
                                                  NORMAL
..................................................................
TEMPERATURE (F)
 YESTERDAY
  MAXIMUM         77    136 PM  95    1986  78     -1       76
  MINIMUM         58    627 AM  44    1943  60     -2       67
  AVERAGE         68                        69     -1       72

PRECIPITATION (IN)
  YESTERDAY        0.00          2.12 1982   0.12  -0.12     0.71
  MONTH TO DATE   12.00                      3.43   8.57     2.75
  SINCE SEP 1     12.00                      3.43   8.57     2.75
  SINCE JAN 1     39.51                     37.39   2.12    32.93

SNOWFALL (IN)
  YESTERDAY        0.0           0.0  2002  MM     MM
  MONTH TO DATE    0.0                      MM     MM
  SINCE NOV 1      1.8                      MM     MM
  SINCE JUL 1      0.0                      MM     MM
  SNOW DEPTH       0

DEGREE DAYS
 HEATING
  YESTERDAY        0                         1     -1        0
  MONTH TO DATE    0                         6     -6        1
  SINCE SEP 1      0                         6     -6        1
  SINCE JUL 1      0                         6     -6        1

 COOLING
  YESTERDAY        3                         5     -2        7
  MONTH TO DATE  291                       209     82      277
  SINCE SEP 1    291                       209     82      277
  SINCE JAN 1   1798                      1505    293     1717
..................................................................


WIND (MPH)
  HIGHEST WIND SPEED    14   HIGHEST WIND DIRECTION    SE (120)
  HIGHEST GUST SPEED    17   HIGHEST GUST DIRECTION     E (110)
  AVERAGE WIND SPEED     5.7


SKY COVER
  POSSIBLE SUNSHINE  MM
  AVERAGE SKY COVER 0.6


WEATHER CONDITIONS
 THE FOLLOWING WEATHER WAS RECORDED YESTERDAY.
  NO SIGNIFICANT WEATHER WAS OBSERVED.


RELATIVE HUMIDITY (PERCENT)
 HIGHEST   100           700 AM
 LOWEST     53          1000 AM
 AVERAGE    77

..........................................................


THE ELIZABETH CITY NC CLIMATE NORMALS FOR TODAY
                         NORMAL    RECORD    YEAR
 MAXIMUM TEMPERATURE (F)   78        91      1986
 MINIMUM TEMPERATURE (F)   60        40      1943


SUNRISE AND SUNSET
SEPTEMBER 27 2016.....SUNRISE   657 AM EDT   SUNSET   653 PM EDT
SEPTEMBER 28 2016.....SUNRISE   658 AM EDT   SUNSET   652 PM EDT


-  INDICATES NEGATIVE NUMBERS.
R  INDICATES RECORD WAS SET OR TIED.
MM INDICATES DATA IS MISSING.
T  INDICATES TRACE AMOUNT.




$$
