734
CDUS42 KAKQ 232134
CLIECG


CLIMATE REPORT
NATIONAL WEATHER SERVICE WAKEFIELD, VA
534 PM EDT SUN APR 23 2017


...................................

...THE ELIZABETH CITY NC CLIMATE SUMMARY FOR APRIL 23 2017...
VALID TODAY AS OF 0500 PM LOCAL TIME.

CLIMATE NORMAL PERIOD 1981 TO 2010
CLIMATE RECORD PERIOD 1934 TO 2017


WEATHER ITEM   OBSERVED TIME   RECORD YEAR NORMAL DEPARTURE LAST
                VALUE   (LST)  VALUE       VALUE  FROM      YEAR
                                                  NORMAL
..................................................................
TEMPERATURE (F)
 TODAY
  MAXIMUM         61   1159 AM  95    1985  71    -10       75
  MINIMUM         54    705 AM  36    1940  50      4       54
  AVERAGE         58

PRECIPITATION (IN)
  TODAY            0.15          1.20 1984   0.10   0.05     0.70
  MONTH TO DATE    1.96                      2.46  -0.50     3.18
  SINCE MAR 1      5.75                      6.44  -0.69     5.40
  SINCE JAN 1     10.36                     12.88  -2.52    12.99

SNOWFALL (IN)
  TODAY            0.0
  MONTH TO DATE    0.0
  SINCE NOV 1      1.2
  SINCE JUL 1      1.2
  SNOW DEPTH       0

DEGREE DAYS
 HEATING
  TODAY            7
  MONTH TO DATE   83
  SINCE MAR 1    558
  SINCE JUL 1   2653

 COOLING
  TODAY            0
  MONTH TO DATE   65
  SINCE MAR 1     72
  SINCE JAN 1     75
..................................................................


WIND (MPH)
  RESULTANT WIND SPEED  16   RESULTANT WIND DIRECTION  NE (30)
  HIGHEST WIND SPEED    22   HIGHEST WIND DIRECTION    NE (50)
  HIGHEST GUST SPEED    28   HIGHEST GUST DIRECTION    NE (50)


SKY COVER
  POSSIBLE SUNSHINE  MM
  AVERAGE SKY COVER 0.9


WEATHER CONDITIONS
 THE FOLLOWING WEATHER WAS RECORDED TODAY.
  RAIN
  LIGHT RAIN
  FOG


RELATIVE HUMIDITY (PERCENT)
 HIGHEST   100
 LOWEST     78
 AVERAGE    89

..........................................................


THE ELIZABETH CITY NC CLIMATE NORMALS FOR TOMORROW
                         NORMAL    RECORD    YEAR
 MAXIMUM TEMPERATURE (F)   72        92      1960
 MINIMUM TEMPERATURE (F)   50        38      1942


SUNRISE AND SUNSET
APRIL 23 2017.........SUNRISE   621 AM EDT   SUNSET   746 PM EDT
APRIL 24 2017.........SUNRISE   620 AM EDT   SUNSET   747 PM EDT


-  INDICATES NEGATIVE NUMBERS.
R  INDICATES RECORD WAS SET OR TIED.
MM INDICATES DATA IS MISSING.
T  INDICATES TRACE AMOUNT.




$$
