000
CDUS42 KAKQ 240829
CLIECG


CLIMATE REPORT
NATIONAL WEATHER SERVICE WAKEFIELD, VA
428 AM EDT FRI OCT 24 2014


...................................

...THE ELIZABETH CITY NC CLIMATE SUMMARY FOR OCTOBER 23 2014...

CLIMATE NORMAL PERIOD 1981 TO 2010
CLIMATE RECORD PERIOD 1934 TO 2014


WEATHER ITEM   OBSERVED TIME   RECORD YEAR NORMAL DEPARTURE LAST
                VALUE   (LST)  VALUE       VALUE  FROM      YEAR
                                                  NORMAL
..................................................................
TEMPERATURE (F)
 YESTERDAY
  MAXIMUM         69    246 PM  87    1947  71     -2       68
  MINIMUM         50    552 AM  31    1987  50      0       46
  AVERAGE         60                        60      0       57

PRECIPITATION (IN)
  YESTERDAY        0.00          2.76 1971   0.10  -0.10      T
  MONTH TO DATE    0.79                      2.30  -1.51     5.73
  SINCE SEP 1      6.79                      6.23   0.56     6.57
  SINCE JAN 1     34.23                     40.19  -5.96    36.60

SNOWFALL (IN)
  YESTERDAY        0.0           0.0  2002  MM     MM
  MONTH TO DATE    0.0                      MM     MM
  SINCE NOV 1     10.2                      MM     MM
  SINCE JUL 1      0.0                      MM     MM
  SNOW DEPTH       0

DEGREE DAYS
 HEATING
  YESTERDAY        5                         6     -1        8
  MONTH TO DATE   50                        82    -32       37
  SINCE SEP 1     51                        94    -43       52
  SINCE JUL 1     51                        94    -43       52

 COOLING
  YESTERDAY        0                         1     -1        0
  MONTH TO DATE   69                        49     20       86
  SINCE SEP 1    329                       275     54      277
  SINCE JAN 1   1572                      1571      1     1657
..................................................................


WIND (MPH)
  HIGHEST WIND SPEED    24   HIGHEST WIND DIRECTION    NW (310)
  HIGHEST GUST SPEED    30   HIGHEST GUST DIRECTION    NW (310)
  AVERAGE WIND SPEED    12.8


SKY COVER
  POSSIBLE SUNSHINE  MM
  AVERAGE SKY COVER 0.4


WEATHER CONDITIONS
 THE FOLLOWING WEATHER WAS RECORDED YESTERDAY.
  NO SIGNIFICANT WEATHER WAS OBSERVED.


RELATIVE HUMIDITY (PERCENT)
 HIGHEST    72           700 PM
 LOWEST     48           300 PM
 AVERAGE    60

..........................................................


THE ELIZABETH CITY NC CLIMATE NORMALS FOR TODAY
                         NORMAL    RECORD    YEAR
 MAXIMUM TEMPERATURE (F)   70        87      2001
 MINIMUM TEMPERATURE (F)   49        31      1987


SUNRISE AND SUNSET
OCTOBER 24 2014.......SUNRISE   720 AM EDT   SUNSET   617 PM EDT
OCTOBER 25 2014.......SUNRISE   721 AM EDT   SUNSET   616 PM EDT


-  INDICATES NEGATIVE NUMBERS.
R  INDICATES RECORD WAS SET OR TIED.
MM INDICATES DATA IS MISSING.
T  INDICATES TRACE AMOUNT.




$$
