000
CDUS42 KAKQ 050626
CLIECG


CLIMATE REPORT
NATIONAL WEATHER SERVICE WAKEFIELD, VA
126 AM EST MON DEC 5 2016


...................................

...THE ELIZABETH CITY NC CLIMATE SUMMARY FOR DECEMBER 4 2016...

CLIMATE NORMAL PERIOD 1981 TO 2010
CLIMATE RECORD PERIOD 1934 TO 2016


WEATHER ITEM   OBSERVED TIME   RECORD YEAR NORMAL DEPARTURE LAST
                VALUE   (LST)  VALUE       VALUE  FROM      YEAR
                                                  NORMAL
..................................................................
TEMPERATURE (F)
 YESTERDAY
  MAXIMUM         50    201 PM  80    1978  58     -8       55
  MINIMUM         37   1215 AM  18    1940  37      0       36
  AVERAGE         44                        48     -4       46

PRECIPITATION (IN)
  YESTERDAY        0.09          1.15 1945   0.09   0.00     0.00
  MONTH TO DATE    0.17                      0.34  -0.17     0.19
  SINCE DEC 1      0.17                      0.34  -0.17     0.19
  SINCE JAN 1     51.61                     44.36   7.25    43.01

SNOWFALL (IN)
  YESTERDAY       MM             T    2002  MM     MM
  MONTH TO DATE    0.0                      MM     MM
  SINCE NOV 1      0.0                      MM     MM
  SINCE JUL 1      0.0                      MM     MM
  SNOW DEPTH       0

DEGREE DAYS
 HEATING
  YESTERDAY       21                        18      3       19
  MONTH TO DATE   68                        69     -1       49
  SINCE DEC 1     68                        69     -1       49
  SINCE JUL 1    558                       584    -26      405

 COOLING
  YESTERDAY        0                         0      0        0
  MONTH TO DATE    0                         0      0        0
  SINCE DEC 1      0                         0      0        0
  SINCE JAN 1   1954                      1588    366     1843
..................................................................


WIND (MPH)
  HIGHEST WIND SPEED    12   HIGHEST WIND DIRECTION     N (340)
  HIGHEST GUST SPEED    14   HIGHEST GUST DIRECTION     N (350)
  AVERAGE WIND SPEED     5.4


SKY COVER
  POSSIBLE SUNSHINE  MM
  AVERAGE SKY COVER 0.4


WEATHER CONDITIONS
 THE FOLLOWING WEATHER WAS RECORDED YESTERDAY.
  LIGHT RAIN
  FOG


RELATIVE HUMIDITY (PERCENT)
 HIGHEST    92          1100 PM
 LOWEST     52           200 PM
 AVERAGE    72

..........................................................


THE ELIZABETH CITY NC CLIMATE NORMALS FOR TODAY
                         NORMAL    RECORD    YEAR
 MAXIMUM TEMPERATURE (F)   57        77      1982
 MINIMUM TEMPERATURE (F)   37        17      1935


SUNRISE AND SUNSET
DECEMBER  5 2016......SUNRISE   701 AM EST   SUNSET   450 PM EST
DECEMBER  6 2016......SUNRISE   702 AM EST   SUNSET   450 PM EST


-  INDICATES NEGATIVE NUMBERS.
R  INDICATES RECORD WAS SET OR TIED.
MM INDICATES DATA IS MISSING.
T  INDICATES TRACE AMOUNT.




$$
