964
CDUS44 KBMX 240834
CLIEET


CLIMATE REPORT
NATIONAL WEATHER SERVICE BIRMINGHAM, AL
333 AM CDT MON APR 24 2017


...................................

...THE SHELBY COUNTY AIRPORT CLIMATE SUMMARY FOR APRIL 23 2017...

CLIMATE NORMAL PERIOD 1981 TO 2010
CLIMATE RECORD PERIOD 9999 TO 9999


WEATHER ITEM   OBSERVED TIME   RECORD YEAR NORMAL DEPARTURE LAST
                VALUE   (LST)  VALUE       VALUE  FROM      YEAR
                                                  NORMAL
..................................................................
TEMPERATURE (F)
 YESTERDAY
  MAXIMUM         66    136 PM  MM      MM  76    -10       79
  MINIMUM         52   1159 PM  MM      MM  53     -1       54
  AVERAGE         59                        64     -5       67

PRECIPITATION (IN)
  YESTERDAY        0.47                      0.12   0.35     0.00
  MONTH TO DATE    4.34                      3.02   1.32     4.04
  SINCE MAR 1      9.52                      7.50   2.02     9.89
  SINCE JAN 1     20.62                     18.58   2.04    20.53

SNOWFALL (IN)
  YESTERDAY        0.0                      MM     MM        0.0
  MONTH TO DATE    0.0                      MM     MM        0.0
  SINCE MAR 1      0.0                      MM     MM        0.0
  SINCE JUL 1      0.0                      MM     MM         T
  SNOW DEPTH       0

DEGREE DAYS
 HEATING
  YESTERDAY        6                         3      3        0
  MONTH TO DATE   35                       113    -78       75
  SINCE MAR 1    261                       422   -161      251
  SINCE JUL 1   1582                      2551   -969     1829

 COOLING
  YESTERDAY        0                         2     -2        2
  MONTH TO DATE  108                        37     71       15
  SINCE MAR 1    163                        50    113       48
  SINCE JAN 1    173                        54    119       55
..................................................................


WIND (MPH)
  HIGHEST WIND SPEED    16   HIGHEST WIND DIRECTION     W (290)
  HIGHEST GUST SPEED    22   HIGHEST GUST DIRECTION    NW (320)
  AVERAGE WIND SPEED     6.3


SKY COVER
  POSSIBLE SUNSHINE  MM
  AVERAGE SKY COVER 1.0


WEATHER CONDITIONS
 THE FOLLOWING WEATHER WAS RECORDED YESTERDAY.
  THUNDERSTORM
  HEAVY RAIN
  RAIN
  LIGHT RAIN
  FOG


RELATIVE HUMIDITY (PERCENT)
 HIGHEST   100           100 AM
 LOWEST     72           300 PM
 AVERAGE    86

..........................................................


THE SHELBY COUNTY AIRPORT CLIMATE NORMALS FOR TODAY
                         NORMAL    RECORD    YEAR
 MAXIMUM TEMPERATURE (F)   76        MM        MM
 MINIMUM TEMPERATURE (F)   53        MM        MM


SUNRISE AND SUNSET
APRIL 24 2017.........SUNRISE   606 AM CDT   SUNSET   724 PM CDT
APRIL 25 2017.........SUNRISE   605 AM CDT   SUNSET   725 PM CDT


-  INDICATES NEGATIVE NUMBERS.
R  INDICATES RECORD WAS SET OR TIED.
MM INDICATES DATA IS MISSING.
T  INDICATES TRACE AMOUNT.




$$
