000
CDUS44 KBMX 240019
CLIEET


CLIMATE REPORT
NATIONAL WEATHER SERVICE BIRMINGHAM, AL
719 PM CDT SAT MAY 23 2015


...................................

...THE SHELBY COUNTY AIRPORT CLIMATE SUMMARY FOR MAY 23 2015...
VALID TODAY AS OF 0700 PM LOCAL TIME.

CLIMATE NORMAL PERIOD 1981 TO 2010
CLIMATE RECORD PERIOD 9999 TO 9999


WEATHER ITEM   OBSERVED TIME   RECORD YEAR NORMAL DEPARTURE LAST
                VALUE   (LST)  VALUE       VALUE  FROM      YEAR
                                                  NORMAL
..................................................................
TEMPERATURE (F)
 TODAY
  MAXIMUM         85    406 PM  MM      MM  83      2       89
  MINIMUM         58    410 AM  MM      MM  62     -4       66
  AVERAGE         72                        72      0       78

PRECIPITATION (IN)
  TODAY            0.00                      0.15  -0.15     0.00
  MONTH TO DATE    0.25                      3.23  -2.98     1.72
  SINCE MAR 1     10.85                     11.60  -0.75    17.69
  SINCE JAN 1     20.22                     22.68  -2.46    26.22

DEGREE DAYS
 COOLING
  TODAY            7                         8     -1       13
  MONTH TO DATE  162                       125     37      132
  SINCE MAR 1    271                       196     75      190
  SINCE JAN 1    271                       200     71      194
..................................................................


WIND (MPH)
  HIGHEST WIND SPEED    14   HIGHEST WIND DIRECTION    SE (150)
  HIGHEST GUST SPEED    19   HIGHEST GUST DIRECTION    SE (140)
  AVERAGE WIND SPEED     5.2


SKY COVER
  POSSIBLE SUNSHINE  MM
  AVERAGE SKY COVER 0.1


WEATHER CONDITIONS
 THE FOLLOWING WEATHER WAS RECORDED TODAY.
  NO SIGNIFICANT WEATHER WAS OBSERVED.


RELATIVE HUMIDITY (PERCENT)
 HIGHEST    87          1200 AM
 LOWEST     37           400 PM
 AVERAGE    62

..........................................................


THE SHELBY COUNTY AIRPORT CLIMATE NORMALS FOR TOMORROW
                         NORMAL    RECORD    YEAR
 MAXIMUM TEMPERATURE (F)   83        MM        MM
 MINIMUM TEMPERATURE (F)   62        MM        MM


SUNRISE AND SUNSET
MAY 23 2015...........SUNRISE   543 AM CDT   SUNSET   745 PM CDT
MAY 24 2015...........SUNRISE   542 AM CDT   SUNSET   746 PM CDT


-  INDICATES NEGATIVE NUMBERS.
R  INDICATES RECORD WAS SET OR TIED.
MM INDICATES DATA IS MISSING.
T  INDICATES TRACE AMOUNT.




$$
