000
CDUS44 KBMX 291023
CLIEET


CLIMATE REPORT
NATIONAL WEATHER SERVICE BIRMINGHAM, AL
523 AM CDT FRI APR 29 2016


...................................

...THE SHELBY COUNTY AIRPORT CLIMATE SUMMARY FOR APRIL 28 2016...

CLIMATE NORMAL PERIOD 1981 TO 2010
CLIMATE RECORD PERIOD 9999 TO 9999


WEATHER ITEM   OBSERVED TIME   RECORD YEAR NORMAL DEPARTURE LAST
                VALUE   (LST)  VALUE       VALUE  FROM      YEAR
                                                  NORMAL
..................................................................
TEMPERATURE (F)
 YESTERDAY
  MAXIMUM         83    407 PM  MM      MM  77      6       73
  MINIMUM         64    302 AM  MM      MM  54     10       54
  AVERAGE         74                        66      8       64

PRECIPITATION (IN)
  YESTERDAY        0.00                      0.12  -0.12     0.56
  MONTH TO DATE    4.12                      3.64   0.48     6.77
  SINCE MAR 1      9.97                      8.12   1.85    10.58
  SINCE JAN 1     20.61                     19.20   1.41    19.95

SNOWFALL (IN)
  YESTERDAY        0.0                      MM     MM        0.0
  MONTH TO DATE    0.0                      MM     MM        0.0
  SINCE MAR 1      0.0                      MM     MM         T
  SINCE JUL 1      T                        MM     MM         T
  SNOW DEPTH       0

DEGREE DAYS
 HEATING
  YESTERDAY        0                         2     -2        1
  MONTH TO DATE   75                       126    -51       25
  SINCE MAR 1    251                       435   -184      233
  SINCE JUL 1   1829                      2564   -735     2478

 COOLING
  YESTERDAY        9                         3      6        0
  MONTH TO DATE   44                        52     -8       93
  SINCE MAR 1     77                        65     12      109
  SINCE JAN 1     84                        69     15      109
..................................................................


WIND (MPH)
  HIGHEST WIND SPEED     9   HIGHEST WIND DIRECTION     S (200)
  HIGHEST GUST SPEED    13   HIGHEST GUST DIRECTION     S (190)
  AVERAGE WIND SPEED     2.3


SKY COVER
  POSSIBLE SUNSHINE  MM
  AVERAGE SKY COVER 0.4


WEATHER CONDITIONS
 THE FOLLOWING WEATHER WAS RECORDED YESTERDAY.
  FOG
  HAZE


RELATIVE HUMIDITY (PERCENT)
 HIGHEST   100           500 AM
 LOWEST     46           500 PM
 AVERAGE    73

..........................................................


THE SHELBY COUNTY AIRPORT CLIMATE NORMALS FOR TODAY
                         NORMAL    RECORD    YEAR
 MAXIMUM TEMPERATURE (F)   78        MM        MM
 MINIMUM TEMPERATURE (F)   55        MM        MM


SUNRISE AND SUNSET
APRIL 29 2016.........SUNRISE   601 AM CDT   SUNSET   728 PM CDT
APRIL 30 2016.........SUNRISE   600 AM CDT   SUNSET   729 PM CDT


-  INDICATES NEGATIVE NUMBERS.
R  INDICATES RECORD WAS SET OR TIED.
MM INDICATES DATA IS MISSING.
T  INDICATES TRACE AMOUNT.




$$
