000
CDUS44 KBMX 270834
CLIEET


CLIMATE REPORT
NATIONAL WEATHER SERVICE BIRMINGHAM, AL
333 AM CDT THU JUL 27 2017


...................................

...THE SHELBY COUNTY AIRPORT CLIMATE SUMMARY FOR JULY 26 2017...

CLIMATE NORMAL PERIOD 1981 TO 2010
CLIMATE RECORD PERIOD 9999 TO 9999


WEATHER ITEM   OBSERVED TIME   RECORD YEAR NORMAL DEPARTURE LAST
                VALUE   (LST)  VALUE       VALUE  FROM      YEAR
                                                  NORMAL
..................................................................
TEMPERATURE (F)
 YESTERDAY
  MAXIMUM         91   1121 AM  MM      MM  91      0       95
  MINIMUM         75   1246 PM  MM      MM  71      4       73
  AVERAGE         83                        81      2       84

PRECIPITATION (IN)
  YESTERDAY        0.02                      0.15  -0.13     0.00
  MONTH TO DATE    2.57                      3.99  -1.42     1.54
  SINCE JUN 1     16.00                      8.62   7.38     4.55
  SINCE JAN 1     43.78                     32.55  11.23    27.07

DEGREE DAYS
 COOLING
  YESTERDAY       18                        16      2       19
  MONTH TO DATE  450                       408     42      482
  SINCE JUN 1    813                       782     31      937
  SINCE JAN 1   1235                      1051    184     1241
..................................................................


WIND (MPH)
  HIGHEST WIND SPEED    12   HIGHEST WIND DIRECTION     N (350)
  HIGHEST GUST SPEED    18   HIGHEST GUST DIRECTION     N (360)
  AVERAGE WIND SPEED     1.0


SKY COVER
  POSSIBLE SUNSHINE  MM
  AVERAGE SKY COVER 0.2


WEATHER CONDITIONS
 THE FOLLOWING WEATHER WAS RECORDED YESTERDAY.
  THUNDERSTORM
  LIGHT RAIN
  FOG


RELATIVE HUMIDITY (PERCENT)
 HIGHEST   100           100 AM
 LOWEST     64          1100 AM
 AVERAGE    82

..........................................................


THE SHELBY COUNTY AIRPORT CLIMATE NORMALS FOR TODAY
                         NORMAL    RECORD    YEAR
 MAXIMUM TEMPERATURE (F)   91        MM        MM
 MINIMUM TEMPERATURE (F)   71        MM        MM


SUNRISE AND SUNSET
JULY 27 2017..........SUNRISE   557 AM CDT   SUNSET   750 PM CDT
JULY 28 2017..........SUNRISE   558 AM CDT   SUNSET   749 PM CDT


-  INDICATES NEGATIVE NUMBERS.
R  INDICATES RECORD WAS SET OR TIED.
MM INDICATES DATA IS MISSING.
T  INDICATES TRACE AMOUNT.




$$
