000
CDUS44 KBMX 290941
CLIEET


CLIMATE REPORT
NATIONAL WEATHER SERVICE BIRMINGHAM, AL
440 AM CDT TUE JUL 29 2014


...................................

...THE SHELBY COUNTY AIRPORT CLIMATE SUMMARY FOR JULY 28 2014...

CLIMATE NORMAL PERIOD 1981 TO 2010
CLIMATE RECORD PERIOD 9999 TO 9999


WEATHER ITEM   OBSERVED TIME   RECORD YEAR NORMAL DEPARTURE LAST
                VALUE   (LST)  VALUE       VALUE  FROM      YEAR
                                                  NORMAL
..................................................................
TEMPERATURE (F)
 YESTERDAY
  MAXIMUM         94    201 PM  MM      MM  91      3       88
  MINIMUM         72   1159 PM  MM      MM  71      1       70
  AVERAGE         83                        81      2       79

PRECIPITATION (IN)
  YESTERDAY        0.00                      0.15  -0.15      T
  MONTH TO DATE    3.06                      4.29  -1.23     6.88
  SINCE JUN 1      8.37                      8.92  -0.55    11.58
  SINCE JAN 1     35.87                     32.85   3.02    40.58

DEGREE DAYS
 COOLING
  YESTERDAY       18                        16      2       14
  MONTH TO DATE  417                       440    -23      370
  SINCE JUN 1    832                       814     18      782
  SINCE JAN 1   1126                      1083     43     1034
..................................................................


WIND (MPH)
  HIGHEST WIND SPEED    16   HIGHEST WIND DIRECTION    NW (310)
  HIGHEST GUST SPEED    23   HIGHEST GUST DIRECTION    NW (310)
  AVERAGE WIND SPEED     6.6


SKY COVER
  POSSIBLE SUNSHINE  MM
  AVERAGE SKY COVER 0.2


WEATHER CONDITIONS
 THE FOLLOWING WEATHER WAS RECORDED YESTERDAY.
  FOG


RELATIVE HUMIDITY (PERCENT)
 HIGHEST    88           100 AM
 LOWEST     33           200 PM
 AVERAGE    61

..........................................................


THE SHELBY COUNTY AIRPORT CLIMATE NORMALS FOR TODAY
                         NORMAL    RECORD    YEAR
 MAXIMUM TEMPERATURE (F)   91        MM        MM
 MINIMUM TEMPERATURE (F)   71        MM        MM


SUNRISE AND SUNSET
JULY 29 2014..........SUNRISE   558 AM CDT   SUNSET   749 PM CDT
JULY 30 2014..........SUNRISE   559 AM CDT   SUNSET   748 PM CDT


-  INDICATES NEGATIVE NUMBERS.
R  INDICATES RECORD WAS SET OR TIED.
MM INDICATES DATA IS MISSING.
T  INDICATES TRACE AMOUNT.




$$
