000
CDUS46 KEKA 110011
CLIEKA


CLIMATE REPORT
NATIONAL WEATHER SERVICE EUREKA CA
509 PM PDT THU JUL 10 2014


...................................

...THE EUREKA CA CLIMATE SUMMARY FOR JULY 10 2014...
VALID TODAY AS OF 0500 PM LOCAL TIME.

CLIMATE NORMAL PERIOD 1981 TO 2010
CLIMATE RECORD PERIOD 1886 TO 2014


WEATHER ITEM   OBSERVED RECORD YEAR NORMAL DEPARTURE LAST
                VALUE   VALUE       VALUE  FROM      YEAR
                                           NORMAL
...........................................................
TEMPERATURE (F)
 TODAY
  MAXIMUM         60     70    2005  63     -3       60
  MINIMUM         53     45    1887  52      1       48
  AVERAGE         57                 58     -1       54

PRECIPITATION (IN)
  TODAY            0.00   0.14 1891   0.01  -0.01     0.00
  MONTH TO DATE    T                  0.08  -0.08     0.00
  SINCE JUL 1      T                  0.08  -0.08     0.00
  SINCE JAN 1     15.99              23.36  -7.37    11.48

SNOWFALL (IN)
  TODAY            0.0    0.0  2002   0.0    0.0      0.0
                               2001
  MONTH TO DATE    0.0                0.0    0.0      0.0
  SINCE JUN 1      0.0                0.0    0.0      0.0
  SINCE JUL 1      0.0                0.0    0.0      0.0
  SNOW DEPTH       0

...........................................................


WIND (MPH)
  HIGHEST WIND SPEED    14   HIGHEST WIND DIRECTION     W (270)
  HIGHEST GUST SPEED    18   HIGHEST GUST DIRECTION    MM
  AVERAGE WIND SPEED     7.7


SKY COVER
  AVERAGE SKY COVER 1.0


WEATHER CONDITIONS
 THE FOLLOWING WEATHER WAS RECORDED TODAY.
  FOG


..........................................................


THE EUREKA CA CLIMATE NORMALS FOR TOMORROW
                         NORMAL    RECORD    YEAR
 MAXIMUM TEMPERATURE (F)   63        74      2005
 MINIMUM TEMPERATURE (F)   52        46      1950
                                             1912
                                             1887


SUNRISE AND SUNSET
JULY 10 2014..........SUNRISE   554 AM PDT   SUNSET   849 PM PDT
JULY 11 2014..........SUNRISE   555 AM PDT   SUNSET   849 PM PDT


-  INDICATES NEGATIVE NUMBERS.
R  INDICATES RECORD WAS SET OR TIED.
MM INDICATES DATA IS MISSING.
T  INDICATES TRACE AMOUNT.




&&

..........................................................

TOTAL SEASON     NORMAL   % OF NORMAL     LAST SEASON

     0.00          0.08        0             0.00

$$
