675
CDUS46 KEKA 191209
CLIEKA


CLIMATE REPORT
NATIONAL WEATHER SERVICE EUREKA CA
409 AM PST SUN NOV 19 2017


...................................

...THE EUREKA CA CLIMATE SUMMARY FOR NOVEMBER 18 2017...

CLIMATE NORMAL PERIOD 1981 TO 2010
CLIMATE RECORD PERIOD 1886 TO 2017


WEATHER ITEM   OBSERVED RECORD YEAR NORMAL DEPARTURE LAST
                VALUE   VALUE       VALUE  FROM      YEAR
                                           NORMAL
...........................................................
TEMPERATURE (F)
 YESTERDAY
  MAXIMUM         56     71    1912  58     -2       62
  MINIMUM         34     30    1994  43     -9       41
  AVERAGE         45                 50     -5       52

PRECIPITATION (IN)
  YESTERDAY        0.00   1.88 1946   0.19  -0.19     0.10
  MONTH TO DATE    4.88               2.97   1.91     2.22
  SINCE OCT 1      6.52               5.21   1.31    13.14
  SINCE JAN 1     44.59              29.57  15.02    40.50

SNOWFALL (IN)
  YESTERDAY        0.0    0.0  2002   0.0    0.0      0.0
                               2001
  MONTH TO DATE    0.0                0.0    0.0      0.0
  SINCE SEP 1      0.0                0.0    0.0      0.0
  SINCE JUL 1      0.0                0.0    0.0      0.0
  SNOW DEPTH       0

DEGREE DAYS
 HEATING
  YESTERDAY       20                 15      5       13
  MONTH TO DATE  237                240     -3      153
  SINCE SEP 1    745                808    -63      625
  SINCE JUL 1   1136               1234    -98     1072

 COOLING
  YESTERDAY        0                  0      0        0
  MONTH TO DATE    0                  0      0        0
  SINCE SEP 1     13                  0     13        0
  SINCE JAN 1     13                  0     13        0
...........................................................


WIND (MPH)
  HIGHEST WIND SPEED     7   HIGHEST WIND DIRECTION     W (270)
  HIGHEST GUST SPEED     8   HIGHEST GUST DIRECTION    MM
  AVERAGE WIND SPEED     1.7


SKY COVER
  AVERAGE SKY COVER 0.3


WEATHER CONDITIONS
 THE FOLLOWING WEATHER WAS RECORDED YESTERDAY.
  NO SIGNIFICANT WEATHER WAS OBSERVED.


..........................................................


THE EUREKA CA CLIMATE NORMALS FOR TODAY
                         NORMAL    RECORD    YEAR
 MAXIMUM TEMPERATURE (F)   57        78      1987
 MINIMUM TEMPERATURE (F)   43        29      1994


SUNRISE AND SUNSET
NOVEMBER 19 2017......SUNRISE   709 AM PST   SUNSET   455 PM PST
NOVEMBER 20 2017......SUNRISE   710 AM PST   SUNSET   455 PM PST


-  INDICATES NEGATIVE NUMBERS.
R  INDICATES RECORD WAS SET OR TIED.
MM INDICATES DATA IS MISSING.
T  INDICATES TRACE AMOUNT.




&&

..........................................................

TOTAL SEASON     NORMAL   % OF NORMAL     LAST SEASON

     6.52          5.21        125            13.14


$$
