000
CDUS46 KEKA 021213
CLIEKA


CLIMATE REPORT
NATIONAL WEATHER SERVICE EUREKA CA
510 AM PDT WED SEP 2 2015


...................................

...THE EUREKA CA CLIMATE SUMMARY FOR SEPTEMBER 1 2015...

CLIMATE NORMAL PERIOD 1981 TO 2010
CLIMATE RECORD PERIOD 1886 TO 2015


WEATHER ITEM   OBSERVED RECORD YEAR NORMAL DEPARTURE LAST
                VALUE   VALUE       VALUE  FROM      YEAR
                                           NORMAL
...........................................................
TEMPERATURE (F)
 YESTERDAY
  MAXIMUM         71     75    1979  64      7       66
  MINIMUM         54     44    2008  52      2       56
  AVERAGE         63                 58      5       61

PRECIPITATION (IN)
  YESTERDAY        0.00   0.89 1979   0.01  -0.01     0.00
  MONTH TO DATE    0.00               0.01  -0.01     0.00
  SINCE OCT 1     31.23              39.75  -8.52    17.93
  SINCE JAN 1     12.85              23.78 -10.93    16.03

SNOWFALL (IN)
  YESTERDAY        0.0    0.0  2002   0.0    0.0      0.0
                               2001
  MONTH TO DATE    0.0                0.0    0.0      0.0
  SINCE SEP 1      0.0                0.0    0.0      0.0
  SINCE JUL 1      0.0                0.0    0.0      0.0
  SNOW DEPTH       0

DEGREE DAYS
 HEATING
  YESTERDAY        2                  7     -5        4
  MONTH TO DATE    2                  7     -5        4
  SINCE SEP 1      2                  7     -5        4
  SINCE JUL 1    225                433   -208      367

 COOLING
  YESTERDAY        0                  0      0        0
  MONTH TO DATE    0                  0      0        0
  SINCE SEP 1      0                  0      0        0
  SINCE JAN 1      5                  0      5        1
...........................................................


WIND (MPH)
  HIGHEST WIND SPEED    12   HIGHEST WIND DIRECTION     N (350)
  HIGHEST GUST SPEED    12   HIGHEST GUST DIRECTION     N (350)
  AVERAGE WIND SPEED     3.7


SKY COVER
  AVERAGE SKY COVER 0.4


WEATHER CONDITIONS
 THE FOLLOWING WEATHER WAS RECORDED YESTERDAY.
  NO SIGNIFICANT WEATHER WAS OBSERVED.


..........................................................


THE EUREKA CA CLIMATE NORMALS FOR TODAY
                         NORMAL    RECORD    YEAR
 MAXIMUM TEMPERATURE (F)   64        75      1979
 MINIMUM TEMPERATURE (F)   52        46      2008
                                             1999
                                             1913


SUNRISE AND SUNSET
SEPTEMBER  2 2015.....SUNRISE   644 AM PDT   SUNSET   748 PM PDT
SEPTEMBER  3 2015.....SUNRISE   645 AM PDT   SUNSET   746 PM PDT


-  INDICATES NEGATIVE NUMBERS.
R  INDICATES RECORD WAS SET OR TIED.
MM INDICATES DATA IS MISSING.
T  INDICATES TRACE AMOUNT.




&&

..........................................................

TOTAL SEASON     NORMAL   % OF NORMAL     LAST SEASON

    31.23         39.75        79            17.93


$$
