000
CDUS46 KEKA 221210
CLIEKA


CLIMATE REPORT
NATIONAL WEATHER SERVICE EUREKA CA
510 AM PDT MON SEP 22 2014


...................................

...THE EUREKA CA CLIMATE SUMMARY FOR SEPTEMBER 21 2014...

CLIMATE NORMAL PERIOD 1981 TO 2010
CLIMATE RECORD PERIOD 1886 TO 2014


WEATHER ITEM   OBSERVED RECORD YEAR NORMAL DEPARTURE LAST
                VALUE   VALUE       VALUE  FROM      YEAR
                                           NORMAL
...........................................................
TEMPERATURE (F)
 YESTERDAY
  MAXIMUM         68     85    1939  63      5       68
  MINIMUM         59     39    1895  50      9       55
  AVERAGE         64                 57      7       62

PRECIPITATION (IN)
  YESTERDAY        0.00   0.68 1945   0.02  -0.02     0.22
  MONTH TO DATE    0.38               0.35   0.03     0.78
  SINCE JUL 1      0.42               0.84  -0.42     0.86
  SINCE JAN 1     16.41              24.12  -7.71    12.34

SNOWFALL (IN)
  YESTERDAY        0.0    0.0  2002   0.0    0.0      0.0
                               2001
  MONTH TO DATE    0.0                0.0    0.0      0.0
  SINCE SEP 1      0.0                0.0    0.0      0.0
  SINCE JUL 1      0.0                0.0    0.0      0.0
  SNOW DEPTH       0

DEGREE DAYS
 HEATING
  YESTERDAY        1                  8     -7        3
  MONTH TO DATE  129                158    -29       73
  SINCE SEP 1    129                158    -29       73
  SINCE JUL 1    492                584    -92      492

 COOLING
  YESTERDAY        0                  0      0        0
  MONTH TO DATE    0                  0      0        1
  SINCE SEP 1      0                  0      0        1
  SINCE JAN 1      1                  0      1        6
...........................................................


WIND (MPH)
  HIGHEST WIND SPEED    10   HIGHEST WIND DIRECTION    NW (300)
  HIGHEST GUST SPEED    18   HIGHEST GUST DIRECTION    MM
  AVERAGE WIND SPEED     3.9


SKY COVER
  AVERAGE SKY COVER 0.9


WEATHER CONDITIONS
 THE FOLLOWING WEATHER WAS RECORDED YESTERDAY.
  FOG


..........................................................


THE EUREKA CA CLIMATE NORMALS FOR TODAY
                         NORMAL    RECORD    YEAR
 MAXIMUM TEMPERATURE (F)   63        82      2003
 MINIMUM TEMPERATURE (F)   50        36      1895


SUNRISE AND SUNSET
SEPTEMBER 22 2014.....SUNRISE   704 AM PDT   SUNSET   714 PM PDT
SEPTEMBER 23 2014.....SUNRISE   705 AM PDT   SUNSET   712 PM PDT


-  INDICATES NEGATIVE NUMBERS.
R  INDICATES RECORD WAS SET OR TIED.
MM INDICATES DATA IS MISSING.
T  INDICATES TRACE AMOUNT.




&&

..........................................................

TOTAL SEASON     NORMAL   % OF NORMAL     LAST SEASON

     0.42          0.84        50             0.86


$$
