000
CDUS46 KEKA 291211
CLIEKA


CLIMATE REPORT
NATIONAL WEATHER SERVICE EUREKA CA
510 AM PDT SUN MAR 29 2015


...................................

...THE EUREKA CA CLIMATE SUMMARY FOR MARCH 28 2015...

CLIMATE NORMAL PERIOD 1981 TO 2010
CLIMATE RECORD PERIOD 1886 TO 2015


WEATHER ITEM   OBSERVED RECORD YEAR NORMAL DEPARTURE LAST
                VALUE   VALUE       VALUE  FROM      YEAR
                                           NORMAL
...........................................................
TEMPERATURE (F)
 YESTERDAY
  MAXIMUM         59     74    1923  57      2       60
  MINIMUM         42     34    2007  43     -1       51
  AVERAGE         51                 50      1       56

PRECIPITATION (IN)
  YESTERDAY        0.00   2.26 1914   0.15  -0.15     0.95
  MONTH TO DATE    3.02               4.86  -1.84     5.74
  SINCE OCT 1     27.80              32.96  -5.16    15.08
  SINCE JAN 1      9.42              16.99  -7.57    13.18

SNOWFALL (IN)
  YESTERDAY        0.0    0.0  2002   0.0    0.0      0.0
                               2001
  MONTH TO DATE    0.0                0.0    0.0      0.0
  SINCE MAR 1      0.0                0.0    0.0      0.0
  SINCE JUL 1      0.0                0.2   -0.2       T
  SNOW DEPTH       0

DEGREE DAYS
 HEATING
  YESTERDAY       14                 15     -1        9
  MONTH TO DATE  360                428    -68      369
  SINCE MAR 1    360                428    -68      369
  SINCE JUL 1   2515               3350   -835     3460

 COOLING
  YESTERDAY        0                  0      0        0
  MONTH TO DATE    0                  0      0        0
  SINCE MAR 1      0                  0      0        0
  SINCE JAN 1      0                  0      0        0
...........................................................


WIND (MPH)
  HIGHEST WIND SPEED    15   HIGHEST WIND DIRECTION     N (360)
  HIGHEST GUST SPEED    23   HIGHEST GUST DIRECTION     N (10)
  AVERAGE WIND SPEED     6.4


SKY COVER
  AVERAGE SKY COVER 0.4


WEATHER CONDITIONS
 THE FOLLOWING WEATHER WAS RECORDED YESTERDAY.
  NO SIGNIFICANT WEATHER WAS OBSERVED.


..........................................................


THE EUREKA CA CLIMATE NORMALS FOR TODAY
                         NORMAL    RECORD    YEAR
 MAXIMUM TEMPERATURE (F)   57        71      1987
                                             1906
 MINIMUM TEMPERATURE (F)   43        33      2008
                                             1897


SUNRISE AND SUNSET
MARCH 29 2015.........SUNRISE   705 AM PDT   SUNSET   738 PM PDT
MARCH 30 2015.........SUNRISE   704 AM PDT   SUNSET   739 PM PDT


-  INDICATES NEGATIVE NUMBERS.
R  INDICATES RECORD WAS SET OR TIED.
MM INDICATES DATA IS MISSING.
T  INDICATES TRACE AMOUNT.




&&

..........................................................

TOTAL SEASON     NORMAL   % OF NORMAL     LAST SEASON

    27.80         32.96        84            15.08


$$
