000
CDUS46 KEKA 171215
CLIEKA


CLIMATE REPORT
NATIONAL WEATHER SERVICE EUREKA CA
414 AM PST WED JAN 17 2018


...................................

...THE EUREKA CA CLIMATE SUMMARY FOR JANUARY 16 2018...

CLIMATE NORMAL PERIOD 1981 TO 2010
CLIMATE RECORD PERIOD 1886 TO 2018


WEATHER ITEM   OBSERVED RECORD YEAR NORMAL DEPARTURE LAST
                VALUE   VALUE       VALUE  FROM      YEAR
                                           NORMAL
...........................................................
TEMPERATURE (F)
 YESTERDAY
  MAXIMUM         57     70    1985  56      1       54
  MINIMUM         45     27    1917  41      4       34
                               1887
  AVERAGE         51                 48      3       44

PRECIPITATION (IN)
  YESTERDAY        T      2.24 1919   0.20  -0.20     0.00
  MONTH TO DATE    2.09               3.54  -1.45     5.65
  SINCE OCT 1     13.07              19.51  -6.44    31.42
  SINCE JAN 1      2.09               3.54  -1.45     5.65

SNOWFALL (IN)
  YESTERDAY       MM      0.0  2002   0.0   MM        0.0
  MONTH TO DATE    0.0                0.0    0.0      0.0
  SINCE DEC 1      0.0                T      0.0      0.0
  SINCE JUL 1      0.0                T      0.0       T
  SNOW DEPTH       0

DEGREE DAYS
 HEATING
  YESTERDAY       14                 17     -3       21
  MONTH TO DATE  221                272    -51      332
  SINCE DEC 1    761                805    -44      945
  SINCE JUL 1   2021               2227   -206     2179

 COOLING
  YESTERDAY        0                  0      0        0
  MONTH TO DATE    0                  0      0        0
  SINCE DEC 1      0                  0      0        0
  SINCE JAN 1      0                  0      0        0
...........................................................


WIND (MPH)
  HIGHEST WIND SPEED     7   HIGHEST WIND DIRECTION    NE (30)
  HIGHEST GUST SPEED     7   HIGHEST GUST DIRECTION    NE (30)
  AVERAGE WIND SPEED     2.1


SKY COVER
  AVERAGE SKY COVER 0.9


WEATHER CONDITIONS
 THE FOLLOWING WEATHER WAS RECORDED YESTERDAY.
  LIGHT RAIN
  HAZE


..........................................................


THE EUREKA CA CLIMATE NORMALS FOR TODAY
                         NORMAL    RECORD    YEAR
 MAXIMUM TEMPERATURE (F)   56        67      1981
                                             1971
                                             1908
 MINIMUM TEMPERATURE (F)   41        25      1888


SUNRISE AND SUNSET
JANUARY 17 2018.......SUNRISE   738 AM PST   SUNSET   516 PM PST
JANUARY 18 2018.......SUNRISE   737 AM PST   SUNSET   517 PM PST


-  INDICATES NEGATIVE NUMBERS.
R  INDICATES RECORD WAS SET OR TIED.
MM INDICATES DATA IS MISSING.
T  INDICATES TRACE AMOUNT.




&&

..........................................................

TOTAL SEASON     NORMAL   % OF NORMAL     LAST SEASON

    13.07         19.51        67            31.42


$$
