000
CDUS46 KEKA 061220
CLIEKA


CLIMATE REPORT
NATIONAL WEATHER SERVICE EUREKA CA
420 AM PST SAT FEB 6 2016


...................................

...THE EUREKA CA CLIMATE SUMMARY FOR FEBRUARY 5 2016...

CLIMATE NORMAL PERIOD 1981 TO 2010
CLIMATE RECORD PERIOD 1886 TO 2016


WEATHER ITEM   OBSERVED RECORD YEAR NORMAL DEPARTURE LAST
                VALUE   VALUE       VALUE  FROM      YEAR
                                           NORMAL
...........................................................
TEMPERATURE (F)
 YESTERDAY
  MAXIMUM         58     73    1963  56      2       62
  MINIMUM         38     25    1899  41     -3       55
  AVERAGE         48                 49     -1       59

PRECIPITATION (IN)
  YESTERDAY        0.00   1.79 1897   0.20  -0.20     1.14
  MONTH TO DATE    0.38               1.00  -0.62     2.13
  SINCE OCT 1     33.16              23.47   9.69    21.87
  SINCE JAN 1     12.44               7.50   4.94     3.49

SNOWFALL (IN)
  YESTERDAY        0.0    0.0  2002   0.1   -0.1      0.0
  MONTH TO DATE    0.0                0.1   -0.1      0.0
  SINCE DEC 1      T                  0.1   -0.1      0.0
  SINCE JUL 1      T                  0.1   -0.1      0.0
  SNOW DEPTH       0

DEGREE DAYS
 HEATING
  YESTERDAY       17                 16      1        6
  MONTH TO DATE   90                 80     10       41
  SINCE DEC 1   1022               1129   -107      836
  SINCE JUL 1   2104               2551   -447     1856

 COOLING
  YESTERDAY        0                  0      0        0
  MONTH TO DATE    0                  0      0        0
  SINCE DEC 1      0                  0      0        0
  SINCE JAN 1      0                  0      0        0
...........................................................


WIND (MPH)
  HIGHEST WIND SPEED     6   HIGHEST WIND DIRECTION    NW (300)
  HIGHEST GUST SPEED    MM   HIGHEST GUST DIRECTION    MM
  AVERAGE WIND SPEED     2.6


SKY COVER
  AVERAGE SKY COVER 0.0


WEATHER CONDITIONS
 THE FOLLOWING WEATHER WAS RECORDED YESTERDAY.
  HAZE


..........................................................


THE EUREKA CA CLIMATE NORMALS FOR TODAY
                         NORMAL    RECORD    YEAR
 MAXIMUM TEMPERATURE (F)   56        73      2012
 MINIMUM TEMPERATURE (F)   42        27      1989


SUNRISE AND SUNSET
FEBRUARY  6 2016......SUNRISE   722 AM PST   SUNSET   540 PM PST
FEBRUARY  7 2016......SUNRISE   721 AM PST   SUNSET   541 PM PST


-  INDICATES NEGATIVE NUMBERS.
R  INDICATES RECORD WAS SET OR TIED.
MM INDICATES DATA IS MISSING.
T  INDICATES TRACE AMOUNT.




&&

..........................................................

TOTAL SEASON     NORMAL   % OF NORMAL     LAST SEASON

    33.16         23.47        141            21.87


$$
