000
CDUS46 KEKA 241216
CLIEKA


CLIMATE REPORT
NATIONAL WEATHER SERVICE EUREKA CA
416 AM PST TUE JAN 24 2017


...................................

...THE EUREKA CA CLIMATE SUMMARY FOR JANUARY 23 2017...

CLIMATE NORMAL PERIOD 1981 TO 2010
CLIMATE RECORD PERIOD 1886 TO 2017


WEATHER ITEM   OBSERVED RECORD YEAR NORMAL DEPARTURE LAST
                VALUE   VALUE       VALUE  FROM      YEAR
                                           NORMAL
...........................................................
TEMPERATURE (F)
 YESTERDAY
  MAXIMUM         52     70    2014  56     -4       54
  MINIMUM         38     29    1969  41     -3       47
                               1949
  AVERAGE         45                 49     -4       51

PRECIPITATION (IN)
  YESTERDAY        0.18   2.24 1970   0.20  -0.02     0.57
  MONTH TO DATE   10.51               4.96   5.55     9.76
  SINCE OCT 1     36.28              20.93  15.35    30.48
  SINCE JAN 1     10.51               4.96   5.55     9.76

SNOWFALL (IN)
  YESTERDAY       MM      0.0  2002   0.0   MM       MM
  MONTH TO DATE    T                  0.0    0.0      0.0
  SINCE DEC 1      T                  T      0.0       T
  SINCE JUL 1      T                  T      0.0       T
  SNOW DEPTH       0

DEGREE DAYS
 HEATING
  YESTERDAY       20                 16      4       14
  MONTH TO DATE  453                389     64      321
  SINCE DEC 1   1066                922    144      820
  SINCE JUL 1   2300               2344    -44     1902

 COOLING
  YESTERDAY        0                  0      0        0
  MONTH TO DATE    0                  0      0        0
  SINCE DEC 1      0                  0      0        0
  SINCE JAN 1      0                  0      0        0
...........................................................


WIND (MPH)
  HIGHEST WIND SPEED    14   HIGHEST WIND DIRECTION     S (160)
  HIGHEST GUST SPEED    21   HIGHEST GUST DIRECTION     S (160)
  AVERAGE WIND SPEED     7.7


SKY COVER
  AVERAGE SKY COVER 0.9


WEATHER CONDITIONS
 THE FOLLOWING WEATHER WAS RECORDED YESTERDAY.
  LIGHT RAIN


..........................................................


THE EUREKA CA CLIMATE NORMALS FOR TODAY
                         NORMAL    RECORD    YEAR
 MAXIMUM TEMPERATURE (F)   56        72      1992
 MINIMUM TEMPERATURE (F)   41        28      1949


SUNRISE AND SUNSET
JANUARY 24 2017.......SUNRISE   733 AM PST   SUNSET   525 PM PST
JANUARY 25 2017.......SUNRISE   733 AM PST   SUNSET   526 PM PST


-  INDICATES NEGATIVE NUMBERS.
R  INDICATES RECORD WAS SET OR TIED.
MM INDICATES DATA IS MISSING.
T  INDICATES TRACE AMOUNT.




&&

..........................................................

TOTAL SEASON     NORMAL   % OF NORMAL     LAST SEASON

    36.28         20.93        173            30.48


$$
