000
CDUS41 KRLX 270719
CLIEKN


CLIMATE REPORT
NATIONAL WEATHER SERVICE CHARLESTON WV
317 AM EDT SAT AUG 27 2016


...................................

...THE ELKINS WV CLIMATE SUMMARY FOR AUGUST 26 2016...

CLIMATE NORMAL PERIOD 1981 TO 2010
CLIMATE RECORD PERIOD 1899 TO 2016


WEATHER ITEM   OBSERVED TIME   RECORD YEAR NORMAL DEPARTURE LAST
                VALUE   (LST)  VALUE       VALUE  FROM      YEAR
                                                  NORMAL
..................................................................
TEMPERATURE (F)
 YESTERDAY
  MAXIMUM         88    247 PM  94    1993  79      9       68
                                      1948
  MINIMUM         66   1147 PM  41    1917  57      9       54
  AVERAGE         77                        68      9       61

PRECIPITATION (IN)
  YESTERDAY        0.00          1.80 1940   0.11  -0.11     0.00
  MONTH TO DATE    2.93                      3.28  -0.35     2.10
  SINCE JAN 1     29.76                     32.25  -2.49    37.45

SNOWFALL (IN)
  YESTERDAY        0.0
  MONTH TO DATE    0.0
  SINCE SEP 1     59.0
  SNOW DEPTH       0

DEGREE DAYS
 HEATING
  YESTERDAY        0                         1     -1        4
  MONTH TO DATE    0                        11    -11        8
  SINCE JUN 1     28                        78    -50       29
  SINCE JUL 1      0                        23    -23        8

 COOLING
  YESTERDAY       12                         4      8        0
  MONTH TO DATE  239                       124    115      107
  SINCE JUN 1    615                       382    233      461
  SINCE JAN 1    644                       405    239      526
..................................................................


WIND (MPH)
  HIGHEST WIND SPEED    12   HIGHEST WIND DIRECTION    NW (300)
  HIGHEST GUST SPEED    15   HIGHEST GUST DIRECTION     W (290)
  AVERAGE WIND SPEED     2.2


SKY COVER
  POSSIBLE SUNSHINE  MM
  AVERAGE SKY COVER 0.4


WEATHER CONDITIONS
 THE FOLLOWING WEATHER WAS RECORDED YESTERDAY.
  LIGHT RAIN
  FOG
  HAZE


RELATIVE HUMIDITY (PERCENT)
 HIGHEST    97           200 AM
 LOWEST     51           100 PM
 AVERAGE    74

..........................................................


THE ELKINS WV CLIMATE NORMALS FOR TODAY
                         NORMAL    RECORD    YEAR
 MAXIMUM TEMPERATURE (F)   79        95      1948
 MINIMUM TEMPERATURE (F)   57        41      1945


SUNRISE AND SUNSET
AUGUST 27 2016........SUNRISE   644 AM EDT   SUNSET   756 PM EDT
AUGUST 28 2016........SUNRISE   645 AM EDT   SUNSET   755 PM EDT


-  INDICATES NEGATIVE NUMBERS.
R  INDICATES RECORD WAS SET OR TIED.
MM INDICATES DATA IS MISSING.
T  INDICATES TRACE AMOUNT.




$$
