000
CDUS41 KRLX 230719
CLIEKN


CLIMATE REPORT
NATIONAL WEATHER SERVICE CHARLESTON WV
318 AM EDT WED AUG 23 2017


...................................

...THE ELKINS WV CLIMATE SUMMARY FOR AUGUST 22 2017...

CLIMATE NORMAL PERIOD 1981 TO 2010
CLIMATE RECORD PERIOD 1899 TO 2017


WEATHER ITEM   OBSERVED TIME   RECORD YEAR NORMAL DEPARTURE LAST
                VALUE   (LST)  VALUE       VALUE  FROM      YEAR
                                                  NORMAL
..................................................................
TEMPERATURE (F)
 YESTERDAY
  MAXIMUM         87    301 PM  95    1936  80      7       77
  MINIMUM         59    600 AM  44    1925  58      1       55
                                      1922
  AVERAGE         73                        69      4       66

PRECIPITATION (IN)
  YESTERDAY        0.34          2.17 1987   0.12   0.22     0.00
  MONTH TO DATE    3.50                      2.82   0.68     2.77
  SINCE JAN 1     34.41                     31.79   2.62    29.60

SNOWFALL (IN)
  YESTERDAY        0.0
  MONTH TO DATE    0.0
  SINCE SEP 1     44.5
  SNOW DEPTH       0

DEGREE DAYS
 HEATING
  YESTERDAY        0                         1     -1        0
  MONTH TO DATE    8                         7      1        0
  SINCE JUN 1     69                        74     -5       28
  SINCE JUL 1     11                        19     -8        0

 COOLING
  YESTERDAY        8                         4      4        1
  MONTH TO DATE  106                       108     -2      209
  SINCE JUN 1    415                       366     49      585
  SINCE JAN 1    459                       389     70      614
..................................................................


WIND (MPH)
  HIGHEST WIND SPEED    18   HIGHEST WIND DIRECTION    SW (230)
  HIGHEST GUST SPEED    26   HIGHEST GUST DIRECTION    SW (240)
  AVERAGE WIND SPEED     5.7


SKY COVER
  AVERAGE SKY COVER 0.5


WEATHER CONDITIONS
 THE FOLLOWING WEATHER WAS RECORDED YESTERDAY.
  HEAVY RAIN
  RAIN
  LIGHT RAIN
  FOG
  FOG W/VISIBILITY <= 1/4 MILE


RELATIVE HUMIDITY (PERCENT)
 HIGHEST    97           500 AM
 LOWEST     42           400 PM
 AVERAGE    70

..........................................................


THE ELKINS WV CLIMATE NORMALS FOR TODAY
                         NORMAL    RECORD    YEAR
 MAXIMUM TEMPERATURE (F)   80        89      1918
 MINIMUM TEMPERATURE (F)   57        42      1981
                                             1925


SUNRISE AND SUNSET
AUGUST 23 2017........SUNRISE   640 AM EDT   SUNSET   803 PM EDT
AUGUST 24 2017........SUNRISE   641 AM EDT   SUNSET   801 PM EDT


-  INDICATES NEGATIVE NUMBERS.
R  INDICATES RECORD WAS SET OR TIED.
MM INDICATES DATA IS MISSING.
T  INDICATES TRACE AMOUNT.




$$
