000
CDUS41 KRLX 050824
CLIEKN


CLIMATE REPORT
NATIONAL WEATHER SERVICE CHARLESTON WV
322 AM EST THU MAR 5 2015


...................................

...THE ELKINS WV CLIMATE SUMMARY FOR MARCH 4 2015...

CLIMATE NORMAL PERIOD 1981 TO 2010
CLIMATE RECORD PERIOD 1899 TO 2015


WEATHER ITEM   OBSERVED TIME   RECORD YEAR NORMAL DEPARTURE LAST
                VALUE   (LST)  VALUE       VALUE  FROM      YEAR
                                                  NORMAL
..................................................................
TEMPERATURE (F)
 YESTERDAY
  MAXIMUM         57   1234 AM  77    1976  48      9       42
  MINIMUM         32   1159 PM -10    2014  25      7      -10
  AVERAGE         45                        36      9       16

PRECIPITATION (IN)
  YESTERDAY        1.73R         1.09 1917   0.12   1.61     0.00
  MONTH TO DATE    2.74                      0.47   2.27     0.87
  SINCE JAN 1      8.46                      6.80   1.66     7.13

SNOWFALL (IN)
  YESTERDAY        0.8
  MONTH TO DATE    0.8
  SINCE SEP 1     56.8
  SNOW DEPTH       0

DEGREE DAYS
 HEATING
  YESTERDAY       20                        29     -9       49
  MONTH TO DATE  115                       117     -2      167
  SINCE MAR 1    115                       117     -2      167
  SINCE JUL 1   4746                      4438    308     4690

 COOLING
  YESTERDAY        0                         0      0        0
  MONTH TO DATE    0                         0      0        0
  SINCE MAR 1      0                         0      0        0
  SINCE JAN 1      0                         0      0        0
..................................................................


WIND (MPH)
  HIGHEST WIND SPEED    21   HIGHEST WIND DIRECTION    NW (320)
  HIGHEST GUST SPEED    29   HIGHEST GUST DIRECTION     S (190)
  AVERAGE WIND SPEED     5.9


SKY COVER
  POSSIBLE SUNSHINE  MM
  AVERAGE SKY COVER 1.0


WEATHER CONDITIONS
 THE FOLLOWING WEATHER WAS RECORDED YESTERDAY.
  HEAVY RAIN
  RAIN
  LIGHT RAIN
  LIGHT SNOW
  FOG
  HAZE


RELATIVE HUMIDITY (PERCENT)
 HIGHEST   100           600 AM
 LOWEST     86           400 AM
 AVERAGE    93

..........................................................


THE ELKINS WV CLIMATE NORMALS FOR TODAY
                         NORMAL    RECORD    YEAR
 MAXIMUM TEMPERATURE (F)   48        78      2004
 MINIMUM TEMPERATURE (F)   25         0      1975


SUNRISE AND SUNSET
MARCH  5 2015.........SUNRISE   646 AM EST   SUNSET   616 PM EST
MARCH  6 2015.........SUNRISE   645 AM EST   SUNSET   617 PM EST


-  INDICATES NEGATIVE NUMBERS.
R  INDICATES RECORD WAS SET OR TIED.
MM INDICATES DATA IS MISSING.
T  INDICATES TRACE AMOUNT.




$$
