000
CDUS41 KRLX 170723
CLIEKN


CLIMATE REPORT
NATIONAL WEATHER SERVICE CHARLESTON WV
320 AM EDT THU APR 17 2014


...................................

...THE ELKINS WV CLIMATE SUMMARY FOR APRIL 16 2014...

CLIMATE NORMAL PERIOD 1981 TO 2010
CLIMATE RECORD PERIOD 1899 TO 2014


WEATHER ITEM   OBSERVED TIME   RECORD YEAR NORMAL DEPARTURE LAST
                VALUE   (LST)  VALUE       VALUE  FROM      YEAR
                                                  NORMAL
..................................................................
TEMPERATURE (F)
 YESTERDAY
  MAXIMUM         50    526 PM  85    2012  63    -13       80
                                      2002
  MINIMUM         20    227 AM  17    1935  37    -17       55
  AVERAGE         35                        50    -15       68

PRECIPITATION (IN)
  YESTERDAY        T             1.62 1939   0.13  -0.13     0.41
  MONTH TO DATE    0.51                      2.00  -1.49     1.59
  SINCE JAN 1      9.96                     12.29  -2.33    11.44

SNOWFALL (IN)
  YESTERDAY        T
  MONTH TO DATE    0.2
  SINCE SEP 1     92.3
  SNOW DEPTH       0

DEGREE DAYS
 HEATING
  YESTERDAY       30                        15     15        0
  MONTH TO DATE  212                       280    -68      218
  SINCE MAR 1   1109                      1060     49     1145
  SINCE JUL 1   5632                      5381    251     5392

 COOLING
  YESTERDAY        0                         0      0        3
  MONTH TO DATE    2                         0      2        3
  SINCE MAR 1      2                         0      2        3
  SINCE JAN 1      2                         0      2        3
..................................................................


WIND (MPH)
  HIGHEST WIND SPEED    15   HIGHEST WIND DIRECTION    SE (150)
  HIGHEST GUST SPEED    19   HIGHEST GUST DIRECTION    SE (140)
  AVERAGE WIND SPEED     5.2


SKY COVER
  POSSIBLE SUNSHINE  MM
  AVERAGE SKY COVER 0.3


WEATHER CONDITIONS
 THE FOLLOWING WEATHER WAS RECORDED YESTERDAY.
  LIGHT SNOW


RELATIVE HUMIDITY (PERCENT)
 HIGHEST    77           200 AM
 LOWEST     28           700 PM
 AVERAGE    53

..........................................................


THE ELKINS WV CLIMATE NORMALS FOR TODAY
                         NORMAL    RECORD    YEAR
 MAXIMUM TEMPERATURE (F)   64        87      1976
 MINIMUM TEMPERATURE (F)   37        18      1904


SUNRISE AND SUNSET
APRIL 17 2014.........SUNRISE   640 AM EDT   SUNSET   758 PM EDT
APRIL 18 2014.........SUNRISE   639 AM EDT   SUNSET   759 PM EDT


-  INDICATES NEGATIVE NUMBERS.
R  INDICATES RECORD WAS SET OR TIED.
MM INDICATES DATA IS MISSING.
T  INDICATES TRACE AMOUNT.




$$
