000
CDUS45 KLKN 290932
CLIEKO


CLIMATE REPORT
NATIONAL WEATHER SERVICE ELKO NV
128 AM PST MON DEC 29 2014


...................................

...THE ELKO AIRPORT NV CLIMATE SUMMARY FOR DECEMBER 28 2014...

CLIMATE NORMAL PERIOD 1981 TO 2010
CLIMATE RECORD PERIOD 1888 TO 2014


WEATHER ITEM   OBSERVED TIME   RECORD YEAR NORMAL DEPARTURE LAST
                VALUE   (LST)  VALUE       VALUE  FROM      YEAR
                                                  NORMAL
..................................................................
TEMPERATURE (F)
 YESTERDAY
  MAXIMUM         39   1143 AM  58    1980  36      3       44
  MINIMUM         18   1053 PM -16    1913  14      4       18
  AVERAGE         29                        25      4       31

PRECIPITATION (IN)
  YESTERDAY        0.14          0.90 1891   0.05   0.09     0.00
  MONTH TO DATE    1.07                      1.08  -0.01     0.65
  SINCE OCT 1      2.22                      2.94  -0.72     1.61
  SINCE JAN 1     10.27                      9.79   0.48     6.46

SNOWFALL (IN)
  YESTERDAY        2.7           3.0  1931   0.4    2.3      0.0
                                      1911
  MONTH TO DATE    5.2                       8.8   -3.6      4.4
  SINCE DEC 1      5.2                       8.8   -3.6      4.4
  SINCE JUL 1      7.1                      14.5   -7.4     10.1
  SNOW DEPTH       2

DEGREE DAYS
 HEATING
  YESTERDAY       36                        40     -4       34
  MONTH TO DATE  838                      1089   -251     1258
  SINCE DEC 1    838                      1089   -251     1258
  SINCE JUL 1   2198                      2827   -629     2818

 COOLING
  YESTERDAY        0                         0      0        0
  MONTH TO DATE    0                         0      0        0
  SINCE DEC 1      0                         0      0        0
  SINCE JAN 1    549                       383    166      776
..................................................................


WIND (MPH)
  HIGHEST WIND SPEED    25   HIGHEST WIND DIRECTION     W (260)
  HIGHEST GUST SPEED    31   HIGHEST GUST DIRECTION     W (270)
  AVERAGE WIND SPEED     7.3



WEATHER CONDITIONS
 THE FOLLOWING WEATHER WAS RECORDED YESTERDAY.
  SNOW
  LIGHT SNOW
  FOG


RELATIVE HUMIDITY (PERCENT)
 HIGHEST    92           700 PM
 LOWEST     53           400 AM
 AVERAGE    73

..........................................................


THE ELKO AIRPORT NV CLIMATE NORMALS FOR TODAY
                         NORMAL    RECORD    YEAR
 MAXIMUM TEMPERATURE (F)   36        60      1917
 MINIMUM TEMPERATURE (F)   14       -24      1895


SUNRISE AND SUNSET
DECEMBER 29 2014......SUNRISE   707 AM PST   SUNSET   424 PM PST
DECEMBER 30 2014......SUNRISE   707 AM PST   SUNSET   424 PM PST


-  INDICATES NEGATIVE NUMBERS.
R  INDICATES RECORD WAS SET OR TIED.
MM INDICATES DATA IS MISSING.
T  INDICATES TRACE AMOUNT.




$$
