059
CDUS45 KLKN 120929
CLIEKO


CLIMATE REPORT
NATIONAL WEATHER SERVICE ELKO NV
129 AM PST FRI FEB 12 2016


...................................

...THE ELKO AIRPORT NV CLIMATE SUMMARY FOR FEBRUARY 11 2016...

CLIMATE NORMAL PERIOD 1981 TO 2010
CLIMATE RECORD PERIOD 1888 TO 2016


WEATHER ITEM   OBSERVED TIME   RECORD YEAR NORMAL DEPARTURE LAST
                VALUE   (LST)  VALUE       VALUE  FROM      YEAR
                                                  NORMAL
..................................................................
TEMPERATURE (F)
 YESTERDAY
  MAXIMUM         36    416 PM  60    1961  40     -4       55
  MINIMUM          9    657 AM -27    1901  17     -8       22
  AVERAGE         23                        29     -6       39

PRECIPITATION (IN)
  YESTERDAY        0.00          1.70 1922   0.03  -0.03     0.00
  MONTH TO DATE    0.09                      0.33  -0.24     0.09
  SINCE OCT 1      6.60                      4.51   2.09     2.53
  SINCE JAN 1      2.06                      1.45   0.61     0.29

SNOWFALL (IN)
  YESTERDAY        0.0           8.8  1949   0.2   -0.2      0.0
  MONTH TO DATE    1.3                       2.9   -1.6       T
  SINCE DEC 1     41.7                      23.3   18.4      5.6
  SINCE JUL 1     53.9                      29.0   24.9      7.5
  SNOW DEPTH       9

DEGREE DAYS
 HEATING
  YESTERDAY       42                        36      6       26
  MONTH TO DATE  513                       413    100      230
  SINCE DEC 1   3051                      2860    191     2190
  SINCE JUL 1   4532                      4598    -66     3550

 COOLING
  YESTERDAY        0                         0      0        0
  MONTH TO DATE    0                         0      0        0
  SINCE DEC 1      0                         0      0        0
  SINCE JAN 1      0                         0      0        0
..................................................................


WIND (MPH)
  HIGHEST WIND SPEED    10   HIGHEST WIND DIRECTION    NE (50)
  HIGHEST GUST SPEED    13   HIGHEST GUST DIRECTION    NE (50)
  AVERAGE WIND SPEED     5.1



WEATHER CONDITIONS
 THE FOLLOWING WEATHER WAS RECORDED YESTERDAY.
  NO SIGNIFICANT WEATHER WAS OBSERVED.


RELATIVE HUMIDITY (PERCENT)
 HIGHEST    92           100 AM
 LOWEST     56           100 PM
 AVERAGE    74

..........................................................


THE ELKO AIRPORT NV CLIMATE NORMALS FOR TODAY
                         NORMAL    RECORD    YEAR
 MAXIMUM TEMPERATURE (F)   40        64      2015
 MINIMUM TEMPERATURE (F)   18       -22      1901


SUNRISE AND SUNSET
FEBRUARY 12 2016......SUNRISE   642 AM PST   SUNSET   514 PM PST
FEBRUARY 13 2016......SUNRISE   640 AM PST   SUNSET   515 PM PST


-  INDICATES NEGATIVE NUMBERS.
R  INDICATES RECORD WAS SET OR TIED.
MM INDICATES DATA IS MISSING.
T  INDICATES TRACE AMOUNT.




$$
