000
CDUS45 KLKN 200934
CLIEKO


CLIMATE REPORT
NATIONAL WEATHER SERVICE ELKO NV
133 AM PST MON FEB 20 2017


...................................

...THE ELKO AIRPORT NV CLIMATE SUMMARY FOR FEBRUARY 19 2017...

CLIMATE NORMAL PERIOD 1981 TO 2010
CLIMATE RECORD PERIOD 1888 TO 2017


WEATHER ITEM   OBSERVED TIME   RECORD YEAR NORMAL DEPARTURE LAST
                VALUE   (LST)  VALUE       VALUE  FROM      YEAR
                                                  NORMAL
..................................................................
TEMPERATURE (F)
 YESTERDAY
  MAXIMUM         54    238 PM  67    1981  43     11       49
  MINIMUM         34    558 AM -22    1932  20     14       24
  AVERAGE         44                        31     13       37

PRECIPITATION (IN)
  YESTERDAY        0.03          0.90 1901   0.02   0.01     0.00
  MONTH TO DATE    1.09                      0.55   0.54     0.31
  SINCE OCT 1      9.20                      4.73   4.47     6.82
  SINCE JAN 1      3.57                      1.67   1.90     2.28

SNOWFALL (IN)
  YESTERDAY        0.0           4.2  1971   0.2   -0.2      0.0
  MONTH TO DATE    T                         4.7   -4.7      3.3
  SINCE DEC 1     42.8                      25.1   17.7     44.1
  SINCE JUL 1     48.3                      30.8   17.5     56.3
  SNOW DEPTH       0

DEGREE DAYS
 HEATING
  YESTERDAY       21                        34    -13       28
  MONTH TO DATE  495                       694   -199      757
  SINCE DEC 1   3089                      3141    -52     3295
  SINCE JUL 1   4434                      4879   -445     4776

 COOLING
  YESTERDAY        0                         0      0        0
  MONTH TO DATE    0                         0      0        0
  SINCE DEC 1      0                         0      0        0
  SINCE JAN 1      0                         0      0        0
..................................................................


WIND (MPH)
  HIGHEST WIND SPEED    25   HIGHEST WIND DIRECTION    SW (240)
  HIGHEST GUST SPEED    33   HIGHEST GUST DIRECTION    SW (230)
  AVERAGE WIND SPEED     7.3



WEATHER CONDITIONS
 THE FOLLOWING WEATHER WAS RECORDED YESTERDAY.
  LIGHT RAIN


RELATIVE HUMIDITY (PERCENT)
 HIGHEST    89           500 AM
 LOWEST     30           400 PM
 AVERAGE    60

..........................................................


THE ELKO AIRPORT NV CLIMATE NORMALS FOR TODAY
                         NORMAL    RECORD    YEAR
 MAXIMUM TEMPERATURE (F)   43        67      1977
 MINIMUM TEMPERATURE (F)   20       -16      1932


SUNRISE AND SUNSET
FEBRUARY 20 2017......SUNRISE   630 AM PST   SUNSET   524 PM PST
FEBRUARY 21 2017......SUNRISE   628 AM PST   SUNSET   525 PM PST


-  INDICATES NEGATIVE NUMBERS.
R  INDICATES RECORD WAS SET OR TIED.
MM INDICATES DATA IS MISSING.
T  INDICATES TRACE AMOUNT.




$$
