000
CDUS45 KLKN 220932
CLIEKO


CLIMATE REPORT
NATIONAL WEATHER SERVICE ELKO NV
231 AM PDT TUE JUL 22 2014


...................................

...THE ELKO AIRPORT NV CLIMATE SUMMARY FOR JULY 21 2014...

CLIMATE NORMAL PERIOD 1981 TO 2010
CLIMATE RECORD PERIOD 1888 TO 2014


WEATHER ITEM   OBSERVED TIME   RECORD YEAR NORMAL DEPARTURE LAST
                VALUE   (LST)  VALUE       VALUE  FROM      YEAR
                                                  NORMAL
..................................................................
TEMPERATURE (F)
 YESTERDAY
  MAXIMUM         86    316 PM 103    1931  92     -6      101
  MINIMUM         55    514 AM  35    1897  51      4       58
  AVERAGE         71                        71      0       80

PRECIPITATION (IN)
  YESTERDAY        0.03          0.40 1913   0.01   0.02     0.00
  MONTH TO DATE    0.51                      0.24   0.27     0.44
  SINCE OCT 1      7.97                      8.84  -0.87     6.13
  SINCE JAN 1      6.36                      5.78   0.58     3.30

SNOWFALL (IN)
  YESTERDAY        0.0           0.0  1888   0.0    0.0      0.0
  MONTH TO DATE    0.0                       0.0    0.0      0.0
  SINCE JUN 1      0.0                       0.0    0.0      0.0
  SINCE JUL 1      0.0                       0.0    0.0      0.0
  SNOW DEPTH       0

DEGREE DAYS
 HEATING
  YESTERDAY        0                         0      0        0
  MONTH TO DATE    0                        17    -17        0
  SINCE JUN 1     92                       148    -56       63
  SINCE JUL 1      0                        17    -17        0

 COOLING
  YESTERDAY        6                         7     -1       15
  MONTH TO DATE  249                       115    134      251
  SINCE JUN 1    278                       162    116      374
  SINCE JAN 1    281                       166    115      378
..................................................................


WIND (MPH)
  HIGHEST WIND SPEED    20   HIGHEST WIND DIRECTION     W (250)
  HIGHEST GUST SPEED    30   HIGHEST GUST DIRECTION     W (270)
  AVERAGE WIND SPEED     9.0



WEATHER CONDITIONS
 THE FOLLOWING WEATHER WAS RECORDED YESTERDAY.
  THUNDERSTORM
  LIGHT RAIN


RELATIVE HUMIDITY (PERCENT)
 HIGHEST    86           500 AM
 LOWEST     23           300 PM
 AVERAGE    55

..........................................................


THE ELKO AIRPORT NV CLIMATE NORMALS FOR TODAY
                         NORMAL    RECORD    YEAR
 MAXIMUM TEMPERATURE (F)   92       103      2003
 MINIMUM TEMPERATURE (F)   51        35      1987
                                             1954


SUNRISE AND SUNSET
JULY 22 2014..........SUNRISE   530 AM PDT   SUNSET   808 PM PDT
JULY 23 2014..........SUNRISE   531 AM PDT   SUNSET   807 PM PDT


-  INDICATES NEGATIVE NUMBERS.
R  INDICATES RECORD WAS SET OR TIED.
MM INDICATES DATA IS MISSING.
T  INDICATES TRACE AMOUNT.




$$
