000
CDUS44 KSHV 232136
CLIELD


CLIMATE REPORT
NATIONAL WEATHER SERVICE SHREVEPORT, LA
435 PM CDT TUE SEP 23 2014


...................................

...THE EL DORADO CLIMATE SUMMARY FOR SEPTEMBER 23 2014...
VALID TODAY AS OF 0400 PM LOCAL TIME.

CLIMATE NORMAL PERIOD 1981 TO 2010
CLIMATE RECORD PERIOD 1907 TO 2014


WEATHER ITEM   OBSERVED TIME   RECORD YEAR NORMAL DEPARTURE LAST
                VALUE   (LST)  VALUE       VALUE  FROM      YEAR
                                                  NORMAL
..................................................................
TEMPERATURE (F)
 TODAY
  MAXIMUM         82    234 PM 102    1930  84     -2       83
  MINIMUM         51    607 AM  42    1999  60     -9       53
  AVERAGE         67                        72     -5       68

PRECIPITATION (IN)
  TODAY            0.00          1.12 1984   0.11  -0.11     0.00
  MONTH TO DATE    0.77                      2.29  -1.52     2.17
  SINCE DEC 1     37.45                     42.02  -4.57    35.07
  SINCE JAN 1     30.89                     36.84  -5.95    29.01

DEGREE DAYS
 HEATING
  TODAY            0                         1     -1        0
  MONTH TO DATE    3                         4     -1        0
  SINCE SEP 1      3                         4     -1        0
  SINCE JUL 1      3                         4     -1        0

 COOLING
  TODAY            2                         8     -6        3
  MONTH TO DATE  274                       255     19      333
  SINCE SEP 1    274                       255     19      333
  SINCE JAN 1   1722                      1982   -260     2001
..................................................................


WIND (MPH)
  HIGHEST WIND SPEED    12   HIGHEST WIND DIRECTION    NE (30)
  HIGHEST GUST SPEED    15   HIGHEST GUST DIRECTION    NE (50)
  AVERAGE WIND SPEED     5.0


SKY COVER
  POSSIBLE SUNSHINE  MM
  AVERAGE SKY COVER 0.0


WEATHER CONDITIONS
 THE FOLLOWING WEATHER WAS RECORDED TODAY.
  NO SIGNIFICANT WEATHER WAS OBSERVED.


RELATIVE HUMIDITY (PERCENT)
 HIGHEST    93           300 AM
 LOWEST     33           300 PM
 AVERAGE    63

..........................................................


THE EL DORADO CLIMATE NORMALS FOR TOMORROW
                         NORMAL    RECORD    YEAR
 MAXIMUM TEMPERATURE (F)   84       102      1930
 MINIMUM TEMPERATURE (F)   59        40      1989


SUNRISE AND SUNSET
SEPTEMBER 23 2014.....SUNRISE   700 AM CDT   SUNSET   707 PM CDT
SEPTEMBER 24 2014.....SUNRISE   701 AM CDT   SUNSET   705 PM CDT


-  INDICATES NEGATIVE NUMBERS.
R  INDICATES RECORD WAS SET OR TIED.
MM INDICATES DATA IS MISSING.
T  INDICATES TRACE AMOUNT.




$$
