000
CDUS44 KSHV 312207
CLIELD


CLIMATE REPORT
NATIONAL WEATHER SERVICE SHREVEPORT, LA
506 PM CDT WED AUG 31 2016


...................................

...THE EL DORADO CLIMATE SUMMARY FOR AUGUST 31 2016...
VALID TODAY AS OF 0500 PM LOCAL TIME.

CLIMATE NORMAL PERIOD 1981 TO 2010
CLIMATE RECORD PERIOD 1907 TO 2016


WEATHER ITEM   OBSERVED TIME   RECORD YEAR NORMAL DEPARTURE LAST
                VALUE   (LST)  VALUE       VALUE  FROM      YEAR
                                                  NORMAL
..................................................................
TEMPERATURE (F)
 TODAY
  MAXIMUM         94    254 PM 112    2000  91      3       95
  MINIMUM         73    457 AM  54    1915  68      5       67
  AVERAGE         84                        79      5       81

PRECIPITATION (IN)
  TODAY            0.00          2.50 1944   0.10  -0.10     0.00
  MONTH TO DATE   12.87                      3.11   9.76     0.57
  SINCE DEC 1     56.86                     39.73  17.13    35.05
  SINCE JAN 1     48.80                     34.55  14.25    31.72

DEGREE DAYS
 HEATING
  TODAY            0                         0      0        0
  MONTH TO DATE    0                         0      0        0
  SINCE JUN 1      0                         0      0        0
  SINCE JUL 1      0                         0      0        0

 COOLING
  TODAY           19                        14      5       16
  MONTH TO DATE  533                       504     29      522
  SINCE JUN 1   1577                      1416    161     1533
  SINCE JAN 1   1858                      1727    131     1873
..................................................................


WIND (MPH)
  HIGHEST WIND SPEED    13   HIGHEST WIND DIRECTION    NE (30)
  HIGHEST GUST SPEED    17   HIGHEST GUST DIRECTION    NE (50)
  AVERAGE WIND SPEED     4.8


SKY COVER
  POSSIBLE SUNSHINE  MM
  AVERAGE SKY COVER 0.2


WEATHER CONDITIONS
 THE FOLLOWING WEATHER WAS RECORDED TODAY.
  NO SIGNIFICANT WEATHER WAS OBSERVED.


RELATIVE HUMIDITY (PERCENT)
 HIGHEST   100           400 AM
 LOWEST     46           100 PM
 AVERAGE    73

..........................................................


THE EL DORADO CLIMATE NORMALS FOR TOMORROW
                         NORMAL    RECORD    YEAR
 MAXIMUM TEMPERATURE (F)   91       108      2000
 MINIMUM TEMPERATURE (F)   68        51      1915


SUNRISE AND SUNSET
AUGUST 31 2016........SUNRISE   645 AM CDT   SUNSET   737 PM CDT
SEPTEMBER  1 2016.....SUNRISE   646 AM CDT   SUNSET   736 PM CDT


-  INDICATES NEGATIVE NUMBERS.
R  INDICATES RECORD WAS SET OR TIED.
MM INDICATES DATA IS MISSING.
T  INDICATES TRACE AMOUNT.




$$
