000
CDUS44 KSHV 230842
CLIELD


CLIMATE REPORT
NATIONAL WEATHER SERVICE SHREVEPORT, LA
242 AM CST MON JAN 23 2017


...................................

...THE EL DORADO CLIMATE SUMMARY FOR JANUARY 22 2017...

CLIMATE NORMAL PERIOD 1981 TO 2010
CLIMATE RECORD PERIOD 1907 TO 2017


WEATHER ITEM   OBSERVED TIME   RECORD YEAR NORMAL DEPARTURE LAST
                VALUE   (LST)  VALUE       VALUE  FROM      YEAR
                                                  NORMAL
..................................................................
TEMPERATURE (F)
 YESTERDAY
  MAXIMUM         MM        MM  78    1943  55     MM       46
  MINIMUM         MM        MM   9    1918  33     MM       32
  AVERAGE         MM                        44     MM       39

PRECIPITATION (IN)
  YESTERDAY       MM             3.00 1953   0.15  MM        0.18
  MONTH TO DATE    3.34                      2.96   0.38     2.75
  SINCE DEC 1      9.63                      8.14   1.49    10.81
  SINCE JAN 1      3.34                      2.96   0.38     2.75

SNOWFALL (IN)
  YESTERDAY       MM
  MONTH TO DATE    T
  SINCE DEC 1      T
  SINCE JUL 1      T
  SNOW DEPTH       0

DEGREE DAYS
 HEATING
  YESTERDAY       MM                        21     MM       26
  MONTH TO DATE  282                       471   -189      501
  SINCE DEC 1    802                      1079   -277      896
  SINCE JUL 1   1075                      1558   -483     1190

 COOLING
  YESTERDAY       MM                         0     MM        0
  MONTH TO DATE    9                         0      9        0
  SINCE DEC 1     23                         4     19       15
  SINCE JAN 1      9                         0      9        0
..................................................................


WIND (MPH)
  HIGHEST WIND SPEED    MM   HIGHEST WIND DIRECTION    MM
  HIGHEST GUST SPEED    MM   HIGHEST GUST DIRECTION    MM
  AVERAGE WIND SPEED    MM


SKY COVER
  POSSIBLE SUNSHINE  MM
  AVERAGE SKY COVER 0.0


WEATHER CONDITIONS
 THE FOLLOWING WEATHER WAS RECORDED YESTERDAY.
  NO SIGNIFICANT WEATHER WAS OBSERVED.


RELATIVE HUMIDITY (PERCENT)
 HIGHEST    MM
 LOWEST     MM
 AVERAGE    MM

..........................................................


THE EL DORADO CLIMATE NORMALS FOR TODAY
                         NORMAL    RECORD    YEAR
 MAXIMUM TEMPERATURE (F)   55        82      1943
 MINIMUM TEMPERATURE (F)   33        11      1963


SUNRISE AND SUNSET
JANUARY 23 2017.......SUNRISE   712 AM CST   SUNSET   535 PM CST
JANUARY 24 2017.......SUNRISE   711 AM CST   SUNSET   536 PM CST


-  INDICATES NEGATIVE NUMBERS.
R  INDICATES RECORD WAS SET OR TIED.
MM INDICATES DATA IS MISSING.
T  INDICATES TRACE AMOUNT.




$$
