000
CDUS44 KSHV 292153
CLIELD


CLIMATE REPORT
NATIONAL WEATHER SERVICE SHREVEPORT, LA
453 PM CDT FRI APR 29 2016


...................................

...THE EL DORADO CLIMATE SUMMARY FOR APRIL 29 2016...
VALID TODAY AS OF 0400 PM LOCAL TIME.

CLIMATE NORMAL PERIOD 1981 TO 2010
CLIMATE RECORD PERIOD 1907 TO 2016


WEATHER ITEM   OBSERVED TIME   RECORD YEAR NORMAL DEPARTURE LAST
                VALUE   (LST)  VALUE       VALUE  FROM      YEAR
                                                  NORMAL
..................................................................
TEMPERATURE (F)
 TODAY
  MAXIMUM         80   1224 PM  93    1955  79      1       76
  MINIMUM         63   1204 AM  39    1965  55      8       48
  AVERAGE         72                        67      5       62

PRECIPITATION (IN)
  TODAY            0.08          2.08 1953   0.14  -0.06     0.00
  MONTH TO DATE    6.71                      3.95   2.76     3.47
  SINCE DEC 1     34.09                     22.97  11.12    19.40
  SINCE JAN 1     26.03                     17.79   8.24    16.07

SNOWFALL (IN)
  TODAY            0.0
  MONTH TO DATE    0.0
  SINCE MAR 1      0.0
  SINCE JUL 1      1.5
  SNOW DEPTH       0

DEGREE DAYS
 HEATING
  TODAY            0                         2     -2        3
  MONTH TO DATE   70                       116    -46       80
  SINCE MAR 1    271                       424   -153      427
  SINCE JUL 1   2010                      2652   -642     2913

 COOLING
  TODAY            7                         4      3        0
  MONTH TO DATE   59                        67     -8       87
  SINCE MAR 1     86                        89     -3      101
  SINCE JAN 1     92                        95     -3      101
..................................................................


WIND (MPH)
  HIGHEST WIND SPEED    16   HIGHEST WIND DIRECTION    SE (120)
  HIGHEST GUST SPEED    24   HIGHEST GUST DIRECTION    SE (130)
  AVERAGE WIND SPEED     8.1


SKY COVER
  POSSIBLE SUNSHINE  MM
  AVERAGE SKY COVER 0.7


WEATHER CONDITIONS
 THE FOLLOWING WEATHER WAS RECORDED TODAY.
  THUNDERSTORM
  RAIN
  LIGHT RAIN
  FOG


RELATIVE HUMIDITY (PERCENT)
 HIGHEST    93          1200 AM
 LOWEST     71           100 PM
 AVERAGE    82

..........................................................


THE EL DORADO CLIMATE NORMALS FOR TOMORROW
                         NORMAL    RECORD    YEAR
 MAXIMUM TEMPERATURE (F)   79        93      1943
 MINIMUM TEMPERATURE (F)   55        38      1908


SUNRISE AND SUNSET
APRIL 29 2016.........SUNRISE   625 AM CDT   SUNSET   753 PM CDT
APRIL 30 2016.........SUNRISE   624 AM CDT   SUNSET   753 PM CDT


-  INDICATES NEGATIVE NUMBERS.
R  INDICATES RECORD WAS SET OR TIED.
MM INDICATES DATA IS MISSING.
T  INDICATES TRACE AMOUNT.




$$
