000
CDUS44 KSHV 242153
CLIELD


CLIMATE REPORT
NATIONAL WEATHER SERVICE SHREVEPORT, LA
450 PM CDT WED MAY 24 2017


...................................

...THE EL DORADO CLIMATE SUMMARY FOR MAY 24 2017...
VALID TODAY AS OF 0400 PM LOCAL TIME.

CLIMATE NORMAL PERIOD 1981 TO 2010
CLIMATE RECORD PERIOD 1907 TO 2017


WEATHER ITEM   OBSERVED TIME   RECORD YEAR NORMAL DEPARTURE LAST
                VALUE   (LST)  VALUE       VALUE  FROM      YEAR
                                                  NORMAL
..................................................................
TEMPERATURE (F)
 TODAY
  MAXIMUM         69    258 PM  94    1918  84    -15       88
  MINIMUM         56    611 AM  46    1913  62     -6       64
  AVERAGE         63                        73    -10       76

PRECIPITATION (IN)
  TODAY            0.10          1.10 1955   0.17  -0.07      T
  MONTH TO DATE    6.96                      3.95   3.01     0.81
  SINCE DEC 1     32.37                     27.06   5.31    36.35
  SINCE JAN 1     26.08                     21.88   4.20    28.29

DEGREE DAYS
 HEATING
  TODAY            2                         0      2        0
  MONTH TO DATE   16                        16      0       24
  SINCE MAR 1    270                       442   -172      295
  SINCE JUL 1   1722                      2670   -948     2034

 COOLING
  TODAY            0                         9     -9       11
  MONTH TO DATE  109                       147    -38       99
  SINCE MAR 1    255                       240     15      193
  SINCE JAN 1    282                       246     36      199
..................................................................


WIND (MPH)
  HIGHEST WIND SPEED    20   HIGHEST WIND DIRECTION     W (290)
  HIGHEST GUST SPEED    29   HIGHEST GUST DIRECTION     W (290)
  AVERAGE WIND SPEED     9.4


SKY COVER
  POSSIBLE SUNSHINE  MM
  AVERAGE SKY COVER 0.5


WEATHER CONDITIONS
 THE FOLLOWING WEATHER WAS RECORDED TODAY.
  RAIN
  LIGHT RAIN
  FOG


RELATIVE HUMIDITY (PERCENT)
 HIGHEST   100          1200 AM
 LOWEST     47           300 PM
 AVERAGE    74

..........................................................


THE EL DORADO CLIMATE NORMALS FOR TOMORROW
                         NORMAL    RECORD    YEAR
 MAXIMUM TEMPERATURE (F)   85        94      1918
 MINIMUM TEMPERATURE (F)   63        48      2001


SUNRISE AND SUNSET
MAY 24 2017...........SUNRISE   606 AM CDT   SUNSET   811 PM CDT
MAY 25 2017...........SUNRISE   605 AM CDT   SUNSET   811 PM CDT


-  INDICATES NEGATIVE NUMBERS.
R  INDICATES RECORD WAS SET OR TIED.
MM INDICATES DATA IS MISSING.
T  INDICATES TRACE AMOUNT.




$$
