000
CDUS44 KSHV 200748
CLIELD


CLIMATE REPORT
NATIONAL WEATHER SERVICE SHREVEPORT, LA
247 AM CDT SUN APR 20 2014


...................................

...THE EL DORADO CLIMATE SUMMARY FOR APRIL 19 2014...

CLIMATE NORMAL PERIOD 1981 TO 2010
CLIMATE RECORD PERIOD 1907 TO 2014


WEATHER ITEM   OBSERVED TIME   RECORD YEAR NORMAL DEPARTURE LAST
                VALUE   (LST)  VALUE       VALUE  FROM      YEAR
                                                  NORMAL
..................................................................
TEMPERATURE (F)
 YESTERDAY
  MAXIMUM         78    238 PM  94    1987  77      1       59
  MINIMUM         47    600 AM  34    1983  52     -5       37
  AVERAGE         63                        64     -1       48

PRECIPITATION (IN)
  YESTERDAY        0.00          2.32 1984   0.14  -0.14     0.00
  MONTH TO DATE    5.12                      2.55   2.57     4.19
  SINCE DEC 1     20.25                     21.57  -1.32    19.97
  SINCE JAN 1     13.69                     16.39  -2.70    13.91

SNOWFALL (IN)
  YESTERDAY        0.0
  MONTH TO DATE    0.0
  SINCE MAR 1      T
  SINCE JUL 1      1.1
  SNOW DEPTH       0

DEGREE DAYS
 HEATING
  YESTERDAY        2                         3     -1       17
  MONTH TO DATE  144                        92     52      123
  SINCE MAR 1    586                       400    186      556
  SINCE JUL 1   3193                      2628    565     2596

 COOLING
  YESTERDAY        0                         2     -2        0
  MONTH TO DATE   21                        36    -15       55
  SINCE MAR 1     26                        58    -32       61
  SINCE JAN 1     26                        64    -38       67
..................................................................


WIND (MPH)
  HIGHEST WIND SPEED    10   HIGHEST WIND DIRECTION    NE (60)
  HIGHEST GUST SPEED    14   HIGHEST GUST DIRECTION     E (70)
  AVERAGE WIND SPEED     1.3


SKY COVER
  POSSIBLE SUNSHINE  MM
  AVERAGE SKY COVER 0.1


WEATHER CONDITIONS
 THE FOLLOWING WEATHER WAS RECORDED YESTERDAY.
  FOG


RELATIVE HUMIDITY (PERCENT)
 HIGHEST   100           600 AM
 LOWEST     38           400 PM
 AVERAGE    69

..........................................................


THE EL DORADO CLIMATE NORMALS FOR TODAY
                         NORMAL    RECORD    YEAR
 MAXIMUM TEMPERATURE (F)   77        96      1987
 MINIMUM TEMPERATURE (F)   52        36      2013
                                             1943


SUNRISE AND SUNSET
APRIL 20 2014.........SUNRISE   635 AM CDT   SUNSET   746 PM CDT
APRIL 21 2014.........SUNRISE   634 AM CDT   SUNSET   746 PM CDT


-  INDICATES NEGATIVE NUMBERS.
R  INDICATES RECORD WAS SET OR TIED.
MM INDICATES DATA IS MISSING.
T  INDICATES TRACE AMOUNT.




$$
