000
CDUS44 KEPZ 210926
CLIELP


CLIMATE REPORT
NATIONAL WEATHER SERVICE EL PASO, TX
225 AM MST TUE NOV 21 2017


...................................

...THE EL PASO CLIMATE SUMMARY FOR NOVEMBER 20 2017...

CLIMATE NORMAL PERIOD 1981 TO 2010
CLIMATE RECORD PERIOD 1879 TO 2017


WEATHER ITEM   OBSERVED TIME   RECORD YEAR NORMAL DEPARTURE LAST
                VALUE   (LST)  VALUE       VALUE  FROM      YEAR
                                                  NORMAL
..................................................................
TEMPERATURE (F)
 YESTERDAY
  MAXIMUM         68    332 PM  79    2007  64      4       71
                                      1897
  MINIMUM         39    652 AM  12    1906  38      1       40
  AVERAGE         54                        51      3       56

PRECIPITATION (IN)
  YESTERDAY        0.00          0.30 1886   0.02  -0.02     0.00
  MONTH TO DATE    0.28                      0.32  -0.04     0.38
  SINCE SEP 1      1.49                      2.44  -0.95     2.50
  SINCE JAN 1      9.41                      8.76   0.65     8.47

SNOWFALL (IN)
  YESTERDAY        0.0                                       0.0
  MONTH TO DATE    0.0                                       0.0
  SINCE SEP 1      0.0                                       0.0
  SINCE JUL 1      0.0                                        T
  SNOW DEPTH       0

DEGREE DAYS
 HEATING
  YESTERDAY       11                        14     -3        9
  MONTH TO DATE   58                       200   -142      104
  SINCE SEP 1    101                       283   -182      111
  SINCE JUL 1    101                       283   -182      111

 COOLING
  YESTERDAY        0                         0      0        0
  MONTH TO DATE   14                         0     14       23
  SINCE SEP 1    630                       399    231      587
  SINCE JAN 1   2917                      2328    589     2811
..................................................................


WIND (MPH)
  HIGHEST WIND SPEED    15   HIGHEST WIND DIRECTION     W (290)
  HIGHEST GUST SPEED    23   HIGHEST GUST DIRECTION     W (290)
  AVERAGE WIND SPEED     6.9


SKY COVER
  POSSIBLE SUNSHINE  MM
  AVERAGE SKY COVER 0.4


WEATHER CONDITIONS
 THE FOLLOWING WEATHER WAS RECORDED YESTERDAY.
  NO SIGNIFICANT WEATHER WAS OBSERVED.


RELATIVE HUMIDITY (PERCENT)
 HIGHEST    44           500 AM
 LOWEST     15           100 PM
 AVERAGE    30

..........................................................


THE EL PASO CLIMATE NORMALS FOR TODAY
                         NORMAL    RECORD    YEAR
 MAXIMUM TEMPERATURE (F)   64        83      1897
 MINIMUM TEMPERATURE (F)   38        20      1906


SUNRISE AND SUNSET
NOVEMBER 21 2017......SUNRISE   639 AM MST   SUNSET   503 PM MST
NOVEMBER 22 2017......SUNRISE   640 AM MST   SUNSET   503 PM MST


-  INDICATES NEGATIVE NUMBERS.
R  INDICATES RECORD WAS SET OR TIED.
MM INDICATES DATA IS MISSING.
T  INDICATES TRACE AMOUNT.




$$
