000
CDUS44 KEPZ 280938
CLIELP
TTAA00 KLBB 280937


CLIMATE REPORT
NATIONAL WEATHER SERVICE EL PASO, TX
337 AM MDT THU JUL 28 2016


...................................

...THE EL PASO CLIMATE SUMMARY FOR JULY 27 2016...

CLIMATE NORMAL PERIOD 1981 TO 2010
CLIMATE RECORD PERIOD 1879 TO 2016


WEATHER ITEM   OBSERVED TIME   RECORD YEAR NORMAL DEPARTURE LAST
                VALUE   (LST)  VALUE       VALUE  FROM      YEAR
                                                  NORMAL
..................................................................
TEMPERATURE (F)
 YESTERDAY
  MAXIMUM         96    259 PM 108    1995  93      3      100
  MINIMUM         73    534 AM  60    1880  71      2       75
  AVERAGE         85                        82      3       88

PRECIPITATION (IN)
  YESTERDAY        0.11          1.66 1926   0.07   0.04      T
  MONTH TO DATE    0.24                      1.29  -1.05     1.69
  SINCE JUN 1      0.57                      2.23  -1.66     1.87
  SINCE JAN 1      1.21                      4.05  -2.84     4.41

SNOWFALL (IN)
  YESTERDAY        0.0                                       0.0
  MONTH TO DATE    0.0                                       0.0
  SINCE JUN 1      0.0                                       0.0
  SINCE JUL 1      0.0                                       0.0
  SNOW DEPTH       0

DEGREE DAYS
 HEATING
  YESTERDAY        0                         0      0        0
  MONTH TO DATE    0                         0      0        0
  SINCE JUN 1      0                         0      0        0
  SINCE JUL 1      0                         0      0        0

 COOLING
  YESTERDAY       20                        17      3       23
  MONTH TO DATE  658                       482    176      540
  SINCE JUN 1   1250                       984    266     1132
  SINCE JAN 1   1646                      1361    285     1503
..................................................................


WIND (MPH)
  HIGHEST WIND SPEED    24   HIGHEST WIND DIRECTION    NE (50)
  HIGHEST GUST SPEED    28   HIGHEST GUST DIRECTION    NE (50)
  AVERAGE WIND SPEED     6.3


SKY COVER
  POSSIBLE SUNSHINE  MM
  AVERAGE SKY COVER 0.6


WEATHER CONDITIONS
 THE FOLLOWING WEATHER WAS RECORDED YESTERDAY.
  THUNDERSTORM
  RAIN
  LIGHT RAIN


RELATIVE HUMIDITY (PERCENT)
 HIGHEST    74           700 AM
 LOWEST     28           200 PM
 AVERAGE    51

..........................................................


THE EL PASO CLIMATE NORMALS FOR TODAY
                         NORMAL    RECORD    YEAR
 MAXIMUM TEMPERATURE (F)   93       104      1995
                                             1889
 MINIMUM TEMPERATURE (F)   71        62      2005
                                             1989
                                             1976


SUNRISE AND SUNSET
JULY 28 2016..........SUNRISE   619 AM MDT   SUNSET   805 PM MDT
JULY 29 2016..........SUNRISE   620 AM MDT   SUNSET   804 PM MDT


-  INDICATES NEGATIVE NUMBERS.
R  INDICATES RECORD WAS SET OR TIED.
MM INDICATES DATA IS MISSING.
T  INDICATES TRACE AMOUNT.




$$
