000
CDUS44 KEPZ 250926
CLIELP


CLIMATE REPORT
NATIONAL WEATHER SERVICE EL PASO, TX
325 AM MDT FRI JUL 25 2014


...................................

...THE EL PASO CLIMATE SUMMARY FOR JULY 24 2014...

CLIMATE NORMAL PERIOD 1981 TO 2010
CLIMATE RECORD PERIOD 1879 TO 2014


WEATHER ITEM   OBSERVED TIME   RECORD YEAR NORMAL DEPARTURE LAST
                VALUE   (LST)  VALUE       VALUE  FROM      YEAR
                                                  NORMAL
..................................................................
TEMPERATURE (F)
 YESTERDAY
  MAXIMUM         98    349 PM 106    1979  94      4       95
  MINIMUM         74    549 AM  57    1880  71      3       70
  AVERAGE         86                        82      4       83

PRECIPITATION (IN)
  YESTERDAY        0.00          1.20 1927   0.06  -0.06     0.20
  MONTH TO DATE    0.53                      1.11  -0.58     0.80
  SINCE JUN 1      0.54                      2.05  -1.51     0.96
  SINCE JAN 1      1.18                      3.87  -2.69     1.85

SNOWFALL (IN)
  YESTERDAY        0.0                                       0.0
  MONTH TO DATE    0.0                                       0.0
  SINCE JUN 1      0.0                                       0.0
  SINCE JUL 1      0.0                                       0.0
  SNOW DEPTH       0

DEGREE DAYS
 HEATING
  YESTERDAY        0                         0      0        0
  MONTH TO DATE    0                         0      0        0
  SINCE JUN 1      0                         0      0        0
  SINCE JUL 1      0                         0      0        0

 COOLING
  YESTERDAY       21                        17      4       18
  MONTH TO DATE  482                       431     51      426
  SINCE JUN 1   1175                       933    242     1089
  SINCE JAN 1   1602                      1310    292     1597
..................................................................


WIND (MPH)
  HIGHEST WIND SPEED    15   HIGHEST WIND DIRECTION    SE (140)
  HIGHEST GUST SPEED    20   HIGHEST GUST DIRECTION    SE (140)
  AVERAGE WIND SPEED     5.8


SKY COVER
  POSSIBLE SUNSHINE  MM
  AVERAGE SKY COVER 0.2


WEATHER CONDITIONS
 THE FOLLOWING WEATHER WAS RECORDED YESTERDAY.
  NO SIGNIFICANT WEATHER WAS OBSERVED.


RELATIVE HUMIDITY (PERCENT)
 HIGHEST    46           400 AM
 LOWEST     20           200 PM
 AVERAGE    33

..........................................................


THE EL PASO CLIMATE NORMALS FOR TODAY
                         NORMAL    RECORD    YEAR
 MAXIMUM TEMPERATURE (F)   94       105      1995
                                             1994
 MINIMUM TEMPERATURE (F)   71        57      1880


SUNRISE AND SUNSET
JULY 25 2014..........SUNRISE   617 AM MDT   SUNSET   807 PM MDT
JULY 26 2014..........SUNRISE   617 AM MDT   SUNSET   806 PM MDT


-  INDICATES NEGATIVE NUMBERS.
R  INDICATES RECORD WAS SET OR TIED.
MM INDICATES DATA IS MISSING.
T  INDICATES TRACE AMOUNT.




$$
