000
CDUS44 KEPZ 100926
CLIELP


CLIMATE REPORT
NATIONAL WEATHER SERVICE EL PASO, TX
225 AM MST WED FEB 10 2016


...................................

...THE EL PASO CLIMATE SUMMARY FOR FEBRUARY 9 2016...

CLIMATE NORMAL PERIOD 1981 TO 2010
CLIMATE RECORD PERIOD 1879 TO 2016


WEATHER ITEM   OBSERVED TIME   RECORD YEAR NORMAL DEPARTURE LAST
                VALUE   (LST)  VALUE       VALUE  FROM      YEAR
                                                  NORMAL
..................................................................
TEMPERATURE (F)
 YESTERDAY
  MAXIMUM         66    506 PM  78    1957  62      4       77
                                      1938
  MINIMUM         32    732 AM  11    1974  36     -4       44
  AVERAGE         49                        49      0       61

PRECIPITATION (IN)
  YESTERDAY        0.00          0.29 1894   0.02  -0.02     0.00
  MONTH TO DATE    0.07                      0.16  -0.09     0.00
  SINCE DEC 1      1.61                      1.34   0.27     0.97
  SINCE JAN 1      0.53                      0.56  -0.03     0.85

SNOWFALL (IN)
  YESTERDAY        0.0                                       0.0
  MONTH TO DATE    T                                         0.0
  SINCE DEC 1      8.1                                        T
  SINCE JUL 1      8.1                                        T
  SNOW DEPTH       0

DEGREE DAYS
 HEATING
  YESTERDAY       16                        16      0        4
  MONTH TO DATE  202                       153     49       85
  SINCE DEC 1   1358                      1396    -38     1215
  SINCE JUL 1   1693                      1838   -145     1578

 COOLING
  YESTERDAY        0                         0      0        0
  MONTH TO DATE    0                         0      0        0
  SINCE DEC 1      0                         0      0        0
  SINCE JAN 1      0                         0      0        0
..................................................................


WIND (MPH)
  HIGHEST WIND SPEED    10   HIGHEST WIND DIRECTION     N (10)
  HIGHEST GUST SPEED    12   HIGHEST GUST DIRECTION     N (10)
  AVERAGE WIND SPEED     2.4


SKY COVER
  POSSIBLE SUNSHINE  MM
  AVERAGE SKY COVER 0.0


WEATHER CONDITIONS
 THE FOLLOWING WEATHER WAS RECORDED YESTERDAY.
  NO SIGNIFICANT WEATHER WAS OBSERVED.


RELATIVE HUMIDITY (PERCENT)
 HIGHEST    47           700 AM
 LOWEST     14           400 PM
 AVERAGE    31

..........................................................


THE EL PASO CLIMATE NORMALS FOR TODAY
                         NORMAL    RECORD    YEAR
 MAXIMUM TEMPERATURE (F)   62        81      1957
 MINIMUM TEMPERATURE (F)   36        15      1891


SUNRISE AND SUNSET
FEBRUARY 10 2016......SUNRISE   652 AM MST   SUNSET   548 PM MST
FEBRUARY 11 2016......SUNRISE   652 AM MST   SUNSET   548 PM MST


-  INDICATES NEGATIVE NUMBERS.
R  INDICATES RECORD WAS SET OR TIED.
MM INDICATES DATA IS MISSING.
T  INDICATES TRACE AMOUNT.




$$
