000
CDUS45 KLKN 040932
CLIELY


CLIMATE REPORT
NATIONAL WEATHER SERVICE ELKO NV
232 AM PDT WED MAY 4 2016


...................................

...THE ELY AIRPORT NV CLIMATE SUMMARY FOR MAY 3 2016...

CLIMATE NORMAL PERIOD 1981 TO 2010
CLIMATE RECORD PERIOD 1893 TO 2016


WEATHER ITEM   OBSERVED TIME   RECORD YEAR NORMAL DEPARTURE LAST
                VALUE   (LST)  VALUE       VALUE  FROM      YEAR
                                                  NORMAL
..................................................................
TEMPERATURE (F)
 YESTERDAY
  MAXIMUM         67    226 PM  82    1947  63      4       75
  MINIMUM         31    516 AM  17    1950  31      0       37
  AVERAGE         49                        47      2       56

PRECIPITATION (IN)
  YESTERDAY        0.00          0.60 1898   0.04  -0.04      T
  MONTH TO DATE    T                         0.11  -0.11      T
  SINCE OCT 1     10.79                      5.73   5.06     2.72
  SINCE JAN 1      6.43                      3.44   2.99     1.55

SNOWFALL (IN)
  YESTERDAY        0.0           2.5  1950   0.1   -0.1      0.0
  MONTH TO DATE    0.0                       0.4   -0.4      0.0
  SINCE MAR 1     21.1                      13.9    7.2      8.7
  SINCE JUL 1    100.4                      48.8   51.6     19.7
  SNOW DEPTH       0

DEGREE DAYS
 HEATING
  YESTERDAY       16                        18     -2        9
  MONTH TO DATE   60                        54      6       24
  SINCE MAR 1   1476                      1620   -144     1379
  SINCE JUL 1   6850                      6957   -107     5623

 COOLING
  YESTERDAY        0                         0      0        0
  MONTH TO DATE    0                         0      0        0
  SINCE MAR 1      0                         0      0        0
  SINCE JAN 1      0                         0      0        0
..................................................................


WIND (MPH)
  HIGHEST WIND SPEED    15   HIGHEST WIND DIRECTION     S (180)
  HIGHEST GUST SPEED    20   HIGHEST GUST DIRECTION     S (160)
  AVERAGE WIND SPEED     6.3



WEATHER CONDITIONS
 THE FOLLOWING WEATHER WAS RECORDED YESTERDAY.
  NO SIGNIFICANT WEATHER WAS OBSERVED.


RELATIVE HUMIDITY (PERCENT)
 HIGHEST    92           500 AM
 LOWEST     22           100 PM
 AVERAGE    57

..........................................................


THE ELY AIRPORT NV CLIMATE NORMALS FOR TODAY
                         NORMAL    RECORD    YEAR
 MAXIMUM TEMPERATURE (F)   64        82      2004
                                             2000
                                             1947
 MINIMUM TEMPERATURE (F)   31         7      1950


SUNRISE AND SUNSET
MAY  4 2016...........SUNRISE   537 AM PDT   SUNSET   736 PM PDT
MAY  5 2016...........SUNRISE   535 AM PDT   SUNSET   737 PM PDT


-  INDICATES NEGATIVE NUMBERS.
R  INDICATES RECORD WAS SET OR TIED.
MM INDICATES DATA IS MISSING.
T  INDICATES TRACE AMOUNT.




$$
