000
CDUS45 KLKN 260026
CLIELY


CLIMATE REPORT
NATIONAL WEATHER SERVICE ELKO NV
526 PM PDT SAT OCT 25 2014


...................................

...THE ELY AIRPORT NV CLIMATE SUMMARY FOR OCTOBER 25 2014...
VALID TODAY AS OF 0500 PM LOCAL TIME.

CLIMATE NORMAL PERIOD 1981 TO 2010
CLIMATE RECORD PERIOD 1893 TO 2014


WEATHER ITEM   OBSERVED TIME   RECORD YEAR NORMAL DEPARTURE LAST
                VALUE   (LST)  VALUE       VALUE  FROM      YEAR
                                                  NORMAL
..................................................................
TEMPERATURE (F)
 TODAY
  MAXIMUM         71    154 PM  76    1959  59     12       69
  MINIMUM         42    456 AM  12    1956  26     16       26
  AVERAGE         57                        42     15       48

PRECIPITATION (IN)
  TODAY            0.00          0.25 1896   0.04  -0.04     0.00
  MONTH TO DATE    T                         0.81  -0.81     0.56
  SINCE OCT 1      T                         0.81  -0.81     0.56
  SINCE JAN 1      8.09                      8.28  -0.19     6.42

SNOWFALL (IN)
  TODAY            0.0           2.6  1989   0.1   -0.1      0.0
  MONTH TO DATE    0.0                       2.2   -2.2      0.5
  SINCE SEP 1      0.0                       2.6   -2.6      0.5
  SINCE JUL 1      0.0                       2.6   -2.6      0.5
  SNOW DEPTH       0

DEGREE DAYS
 HEATING
  TODAY            8                        23    -15       17
  MONTH TO DATE  314                       467   -153      518
  SINCE SEP 1    434                       719   -285      741
  SINCE JUL 1    482                       783   -301      749

 COOLING
  TODAY            0                         0      0        0
  MONTH TO DATE    0                         0      0        0
  SINCE SEP 1     18                         6     12       17
  SINCE JAN 1    286                       218     68      387
..................................................................


WIND (MPH)
  HIGHEST WIND SPEED    36   HIGHEST WIND DIRECTION     S (160)
  HIGHEST GUST SPEED    43   HIGHEST GUST DIRECTION     S (160)



WEATHER CONDITIONS
 THE FOLLOWING WEATHER WAS RECORDED TODAY.
  NO SIGNIFICANT WEATHER WAS OBSERVED.


RELATIVE HUMIDITY (PERCENT)
 HIGHEST    57           500 AM
 LOWEST     18           300 PM
 AVERAGE    38

..........................................................


THE ELY AIRPORT NV CLIMATE NORMALS FOR TOMORROW
                         NORMAL    RECORD    YEAR
 MAXIMUM TEMPERATURE (F)   58        74      1988
                                             1983
 MINIMUM TEMPERATURE (F)   26        10      2006


SUNRISE AND SUNSET
OCTOBER 25 2014.......SUNRISE   700 AM PDT   SUNSET   547 PM PDT
OCTOBER 26 2014.......SUNRISE   701 AM PDT   SUNSET   545 PM PDT


-  INDICATES NEGATIVE NUMBERS.
R  INDICATES RECORD WAS SET OR TIED.
MM INDICATES DATA IS MISSING.
T  INDICATES TRACE AMOUNT.




$$
