000
CDUS45 KLKN 230937
CLIELY


CLIMATE REPORT
NATIONAL WEATHER SERVICE ELKO NV
130 AM PST MON JAN 23 2017


...................................

...THE ELY AIRPORT NV CLIMATE SUMMARY FOR JANUARY 22 2017...

CLIMATE NORMAL PERIOD 1981 TO 2010
CLIMATE RECORD PERIOD 1893 TO 2017


WEATHER ITEM   OBSERVED TIME   RECORD YEAR NORMAL DEPARTURE LAST
                VALUE   (LST)  VALUE       VALUE  FROM      YEAR
                                                  NORMAL
..................................................................
TEMPERATURE (F)
 YESTERDAY
  MAXIMUM         32    337 PM  62    1912  40     -8       40
  MINIMUM         21   1210 AM -20    1962  11     10       19
  AVERAGE         27                        26      1       30

PRECIPITATION (IN)
  YESTERDAY        0.03          0.45 1967   0.02   0.01     0.00
                                      1909
  MONTH TO DATE    1.32                      0.50   0.82     1.44
  SINCE OCT 1      3.10                      2.79   0.31     5.80
  SINCE JAN 1      1.32                      0.50   0.82     1.44

SNOWFALL (IN)
  YESTERDAY        0.4           7.0  1967   0.2    0.2      0.0
  MONTH TO DATE   19.6                       6.6   13.0     18.7
  SINCE DEC 1     28.7                      15.0   13.7     40.8
  SINCE JUL 1     34.6                      24.5   10.1     58.5
  SNOW DEPTH      11

DEGREE DAYS
 HEATING
  YESTERDAY       38                        39     -1       35
  MONTH TO DATE  913                       879     34     1003
  SINCE DEC 1   2140                      2111     29     2274
  SINCE JUL 1   3693                      3979   -286     3903

 COOLING
  YESTERDAY        0                         0      0        0
  MONTH TO DATE    0                         0      0        0
  SINCE DEC 1      0                         0      0        0
  SINCE JAN 1      0                         0      0        0
..................................................................


WIND (MPH)
  HIGHEST WIND SPEED    41   HIGHEST WIND DIRECTION    SE (150)
  HIGHEST GUST SPEED    50   HIGHEST GUST DIRECTION    SE (150)
  AVERAGE WIND SPEED    23.4



WEATHER CONDITIONS
 THE FOLLOWING WEATHER WAS RECORDED YESTERDAY.
  LIGHT SNOW
  FOG


RELATIVE HUMIDITY (PERCENT)
 HIGHEST    85           600 PM
 LOWEST     69           600 AM
 AVERAGE    77

..........................................................


THE ELY AIRPORT NV CLIMATE NORMALS FOR TODAY
                         NORMAL    RECORD    YEAR
 MAXIMUM TEMPERATURE (F)   40        59      1970
                                             1912
 MINIMUM TEMPERATURE (F)   12       -23      1962


SUNRISE AND SUNSET
JANUARY 23 2017.......SUNRISE   653 AM PST   SUNSET   450 PM PST
JANUARY 24 2017.......SUNRISE   652 AM PST   SUNSET   451 PM PST


-  INDICATES NEGATIVE NUMBERS.
R  INDICATES RECORD WAS SET OR TIED.
MM INDICATES DATA IS MISSING.
T  INDICATES TRACE AMOUNT.




$$
