000
CDUS45 KLKN 270926
CLIELY


CLIMATE REPORT
NATIONAL WEATHER SERVICE ELKO NV
226 AM PDT FRI MAY 27 2016


...................................

...THE ELY AIRPORT NV CLIMATE SUMMARY FOR MAY 26 2016...

CLIMATE NORMAL PERIOD 1981 TO 2010
CLIMATE RECORD PERIOD 1893 TO 2016


WEATHER ITEM   OBSERVED TIME   RECORD YEAR NORMAL DEPARTURE LAST
                VALUE   (LST)  VALUE       VALUE  FROM      YEAR
                                                  NORMAL
..................................................................
TEMPERATURE (F)
 YESTERDAY
  MAXIMUM         61    106 PM  88    1986  71    -10       68
  MINIMUM         35    153 AM  23    1950  36     -1       41
  AVERAGE         48                        53     -5       55

PRECIPITATION (IN)
  YESTERDAY        0.01          0.83 1941   0.04  -0.03     0.03
  MONTH TO DATE    0.55                      0.93  -0.38     1.57
  SINCE OCT 1     11.34                      6.55   4.79     4.29
  SINCE JAN 1      6.98                      4.26   2.72     3.12

SNOWFALL (IN)
  YESTERDAY        0.0           0.0  1893   0.0    0.0      0.0
  MONTH TO DATE    T                         2.2   -2.2       T
  SINCE MAR 1     21.1                      15.7    5.4      8.7
  SINCE JUL 1    100.4                      50.6   49.8     19.7
  SNOW DEPTH       0

DEGREE DAYS
 HEATING
  YESTERDAY       17                        12      5       10
  MONTH TO DATE  413                       389     24      411
  SINCE MAR 1   1829                      1955   -126     1766
  SINCE JUL 1   7203                      7292    -89     6010

 COOLING
  YESTERDAY        0                         0      0        0
  MONTH TO DATE    0                         0      0        0
  SINCE MAR 1      0                         0      0        0
  SINCE JAN 1      0                         0      0        0
..................................................................


WIND (MPH)
  HIGHEST WIND SPEED    21   HIGHEST WIND DIRECTION    NE (30)
  HIGHEST GUST SPEED    28   HIGHEST GUST DIRECTION    NE (40)
  AVERAGE WIND SPEED     8.2



WEATHER CONDITIONS
 THE FOLLOWING WEATHER WAS RECORDED YESTERDAY.
  NO SIGNIFICANT WEATHER WAS OBSERVED.


RELATIVE HUMIDITY (PERCENT)
 HIGHEST    92           100 AM
 LOWEST     39          1200 PM
 AVERAGE    66

..........................................................


THE ELY AIRPORT NV CLIMATE NORMALS FOR TODAY
                         NORMAL    RECORD    YEAR
 MAXIMUM TEMPERATURE (F)   72        88      1986
 MINIMUM TEMPERATURE (F)   36        19      1953


SUNRISE AND SUNSET
MAY 27 2016...........SUNRISE   517 AM PDT   SUNSET   757 PM PDT
MAY 28 2016...........SUNRISE   516 AM PDT   SUNSET   758 PM PDT


-  INDICATES NEGATIVE NUMBERS.
R  INDICATES RECORD WAS SET OR TIED.
MM INDICATES DATA IS MISSING.
T  INDICATES TRACE AMOUNT.




$$
