000
CDUS45 KLKN 280034
CLIELY


CLIMATE REPORT
NATIONAL WEATHER SERVICE ELKO NV
534 PM PDT THU AUG 27 2015


...................................

...THE ELY AIRPORT NV CLIMATE SUMMARY FOR AUGUST 27 2015...
VALID TODAY AS OF 0500 PM LOCAL TIME.

CLIMATE NORMAL PERIOD 1981 TO 2010
CLIMATE RECORD PERIOD 1893 TO 2015


WEATHER ITEM   OBSERVED TIME   RECORD YEAR NORMAL DEPARTURE LAST
                VALUE   (LST)  VALUE       VALUE  FROM      YEAR
                                                  NORMAL
..................................................................
TEMPERATURE (F)
 TODAY
  MAXIMUM         84   1158 AM  94    2001  83      1       76
  MINIMUM         46    301 AM  29    1992  45      1       38
  AVERAGE         65                        64      1       57

PRECIPITATION (IN)
  TODAY            0.01          0.44 1999   0.03  -0.02     0.00
  MONTH TO DATE    0.40                      0.79  -0.39     2.48
  SINCE OCT 1      6.02                      8.82  -2.80     9.94
  SINCE JAN 1      4.85                      6.53  -1.68     7.26

SNOWFALL (IN)
  TODAY            0.0           0.0  1893   0.0    0.0      0.0
  MONTH TO DATE    0.0                       0.0    0.0      0.0
  SINCE JUN 1      0.0                       0.1   -0.1       T
  SINCE JUL 1      0.0                       0.0    0.0      0.0
  SNOW DEPTH       0

DEGREE DAYS
 HEATING
  TODAY            0                         2     -2        8
  MONTH TO DATE   12                        29    -17       45
  SINCE JUN 1     86                       227   -141      185
  SINCE JUL 1     31                        52    -21       45

 COOLING
  TODAY            0                         1     -1        0
  MONTH TO DATE  101                        73     28       34
  SINCE JUN 1    287                       207     80      259
  SINCE JAN 1    290                       208     82      261
..................................................................


WIND (MPH)
  HIGHEST WIND SPEED    16   HIGHEST WIND DIRECTION     E (90)
  HIGHEST GUST SPEED    22   HIGHEST GUST DIRECTION    SE (140)



WEATHER CONDITIONS
 THE FOLLOWING WEATHER WAS RECORDED TODAY.
  LIGHT RAIN


RELATIVE HUMIDITY (PERCENT)
 HIGHEST    93           100 AM
 LOWEST     20           100 PM
 AVERAGE    57

..........................................................


THE ELY AIRPORT NV CLIMATE NORMALS FOR TOMORROW
                         NORMAL    RECORD    YEAR
 MAXIMUM TEMPERATURE (F)   83        92      2001
 MINIMUM TEMPERATURE (F)   45        31      1960


SUNRISE AND SUNSET
AUGUST 27 2015........SUNRISE   603 AM PDT   SUNSET   718 PM PDT
AUGUST 28 2015........SUNRISE   604 AM PDT   SUNSET   716 PM PDT


-  INDICATES NEGATIVE NUMBERS.
R  INDICATES RECORD WAS SET OR TIED.
MM INDICATES DATA IS MISSING.
T  INDICATES TRACE AMOUNT.




$$
