000
CDUS45 KLKN 180036
CLIELY


CLIMATE REPORT
NATIONAL WEATHER SERVICE ELKO NV
436 PM PST WED JAN 17 2018


...................................

...THE ELY AIRPORT NV CLIMATE SUMMARY FOR JANUARY 17 2018...
VALID TODAY AS OF 0400 PM LOCAL TIME.

CLIMATE NORMAL PERIOD 1981 TO 2010
CLIMATE RECORD PERIOD 1893 TO 2018


WEATHER ITEM   OBSERVED TIME   RECORD YEAR NORMAL DEPARTURE LAST
                VALUE   (LST)  VALUE       VALUE  FROM      YEAR
                                                  NORMAL
..................................................................
TEMPERATURE (F)
 TODAY
  MAXIMUM         54    244 PM  60    1961  40     14       35
  MINIMUM         18    457 AM -21    1949  11      7       -4
  AVERAGE         36                        25     11       16

PRECIPITATION (IN)
  TODAY            0.00          0.60 1893   0.02  -0.02     0.00
  MONTH TO DATE    0.06                      0.40  -0.34     0.77
  SINCE OCT 1      0.64                      2.69  -2.05     2.55
  SINCE JAN 1      0.06                      0.40  -0.34     0.77

SNOWFALL (IN)
  TODAY            0.0           4.1  1993   0.3   -0.3      0.0
  MONTH TO DATE    T                         5.3   -5.3     10.7
  SINCE DEC 1      1.5                      13.7  -12.2     19.8
  SINCE JUL 1      6.5                      23.2  -16.7     25.7
  SNOW DEPTH       0

DEGREE DAYS
 HEATING
  TODAY           29                        40    -11       49
  MONTH TO DATE  512                       680   -168      703
  SINCE DEC 1   1597                      1912   -315     1930
  SINCE JUL 1   3241                      3780   -539     3483

 COOLING
  TODAY            0                         0      0        0
  MONTH TO DATE    0                         0      0        0
  SINCE DEC 1      0                         0      0        0
  SINCE JAN 1      0                         0      0        0
..................................................................


WIND (MPH)
  HIGHEST WIND SPEED    13   HIGHEST WIND DIRECTION     S (180)
  HIGHEST GUST SPEED    14   HIGHEST GUST DIRECTION     S (180)



WEATHER CONDITIONS
 THE FOLLOWING WEATHER WAS RECORDED TODAY.
  NO SIGNIFICANT WEATHER WAS OBSERVED.


RELATIVE HUMIDITY (PERCENT)
 HIGHEST    91           400 AM
 LOWEST     35           100 PM
 AVERAGE    63

..........................................................


THE ELY AIRPORT NV CLIMATE NORMALS FOR TOMORROW
                         NORMAL    RECORD    YEAR
 MAXIMUM TEMPERATURE (F)   40        61      1994
 MINIMUM TEMPERATURE (F)   11       -16      1984


SUNRISE AND SUNSET
JANUARY 17 2018.......SUNRISE   657 AM PST   SUNSET   443 PM PST
JANUARY 18 2018.......SUNRISE   656 AM PST   SUNSET   444 PM PST


-  INDICATES NEGATIVE NUMBERS.
R  INDICATES RECORD WAS SET OR TIED.
MM INDICATES DATA IS MISSING.
T  INDICATES TRACE AMOUNT.




$$
