000
CDUS45 KLKN 190931
CLIELY


CLIMATE REPORT
NATIONAL WEATHER SERVICE ELKO NV
228 AM PDT FRI SEP 19 2014


...................................

...THE ELY AIRPORT NV CLIMATE SUMMARY FOR SEPTEMBER 18 2014...

CLIMATE NORMAL PERIOD 1981 TO 2010
CLIMATE RECORD PERIOD 1893 TO 2014


WEATHER ITEM   OBSERVED TIME   RECORD YEAR NORMAL DEPARTURE LAST
                VALUE   (LST)  VALUE       VALUE  FROM      YEAR
                                                  NORMAL
..................................................................
TEMPERATURE (F)
 YESTERDAY
  MAXIMUM         82    317 PM  88    1956  75      7       70
  MINIMUM         54   1130 PM  16    1965  37     17       36
  AVERAGE         68                        56     12       53

PRECIPITATION (IN)
  YESTERDAY        0.00          1.02 1966   0.03  -0.03     0.00
  MONTH TO DATE    0.05                      0.46  -0.41     1.69
  SINCE OCT 1      9.99                      9.39   0.60     8.94
  SINCE JAN 1      7.31                      7.10   0.21     5.84

SNOWFALL (IN)
  YESTERDAY        0.0           0.4  1978   0.0    0.0      0.0
  MONTH TO DATE    0.0                       0.1   -0.1      0.0
  SINCE SEP 1      0.0                       0.1   -0.1      0.0
  SINCE JUL 1      0.0                       0.1   -0.1      0.0
  SNOW DEPTH       0

DEGREE DAYS
 HEATING
  YESTERDAY        0                         9     -9       12
  MONTH TO DATE   34                       108    -74       55
  SINCE SEP 1     34                       108    -74       55
  SINCE JUL 1     82                       172    -90       63

 COOLING
  YESTERDAY        3                         0      3        0
  MONTH TO DATE   17                         4     13       17
  SINCE SEP 1     17                         4     13       17
  SINCE JAN 1    285                       216     69      387
..................................................................


WIND (MPH)
  HIGHEST WIND SPEED    24   HIGHEST WIND DIRECTION    SW (220)
  HIGHEST GUST SPEED    32   HIGHEST GUST DIRECTION     S (170)
  AVERAGE WIND SPEED    11.4



WEATHER CONDITIONS
 THE FOLLOWING WEATHER WAS RECORDED YESTERDAY.
  NO SIGNIFICANT WEATHER WAS OBSERVED.


RELATIVE HUMIDITY (PERCENT)
 HIGHEST    66           200 AM
 LOWEST     28           100 PM
 AVERAGE    47

..........................................................


THE ELY AIRPORT NV CLIMATE NORMALS FOR TODAY
                         NORMAL    RECORD    YEAR
 MAXIMUM TEMPERATURE (F)   75        85      2010
                                             1984
                                             1962
 MINIMUM TEMPERATURE (F)   36        18      1965
                                             1942


SUNRISE AND SUNSET
SEPTEMBER 19 2014.....SUNRISE   624 AM PDT   SUNSET   641 PM PDT
SEPTEMBER 20 2014.....SUNRISE   625 AM PDT   SUNSET   640 PM PDT


-  INDICATES NEGATIVE NUMBERS.
R  INDICATES RECORD WAS SET OR TIED.
MM INDICATES DATA IS MISSING.
T  INDICATES TRACE AMOUNT.




$$
