000
CDUS43 KTOP 220643
CLIEMP


CLIMATE REPORT
NATIONAL WEATHER SERVICE TOPEKA KS
1241 AM CST MON DEC 22 2014


...................................

...THE EMPORIA KS CLIMATE SUMMARY FOR DECEMBER 21 2014...

CLIMATE NORMAL PERIOD 1981 TO 2010
CLIMATE RECORD PERIOD 9999 TO 9999


WEATHER ITEM   OBSERVED NORMAL DEPARTURE LAST
                VALUE   VALUE  FROM      YEAR
                               NORMAL
...............................................
TEMPERATURE (F)
 YESTERDAY
  MAXIMUM         43     42      1       27
  MINIMUM         35     21     14       20
  AVERAGE         39     32      7       24

PRECIPITATION (IN)
  YESTERDAY        0.01   0.04  -0.03     0.46
  MONTH TO DATE    1.52   1.02   0.50     0.49
  SINCE DEC 1      1.52   1.02   0.50     0.49
  SINCE JAN 1     27.74  36.06  -8.32    33.42

DEGREE DAYS
 HEATING
  YESTERDAY       26     34     -8       41
  MONTH TO DATE  580    653    -73      728
  SINCE DEC 1    580    653    -73      728
  SINCE JUL 1   1630   1593     37     1759

 COOLING
  YESTERDAY        0      0      0        0
  MONTH TO DATE    0      0      0        0
  SINCE DEC 1      0      0      0        0
  SINCE JAN 1   1380   1403    -23     1375
...............................................


WIND (MPH)
  HIGHEST WIND SPEED    21   HIGHEST WIND DIRECTION    SE (150)
  HIGHEST GUST SPEED    28   HIGHEST GUST DIRECTION     S (160)
  AVERAGE WIND SPEED    13.5


SKY COVER
  AVERAGE SKY COVER 1.0


WEATHER CONDITIONS
 THE FOLLOWING WEATHER WAS RECORDED YESTERDAY.
  LIGHT RAIN
  FOG


RELATIVE HUMIDITY (PERCENT)
 HIGHEST   100
 LOWEST     89
 AVERAGE    95

..........................................................


THE EMPORIA KS CLIMATE NORMALS FOR TODAY
                         NORMAL
 MAXIMUM TEMPERATURE (F)   41
 MINIMUM TEMPERATURE (F)   21


SUNRISE AND SUNSET
DECEMBER 22 2014......SUNRISE   739 AM CST   SUNSET   508 PM CST
DECEMBER 23 2014......SUNRISE   739 AM CST   SUNSET   509 PM CST


-  INDICATES NEGATIVE NUMBERS.
R  INDICATES RECORD WAS SET OR TIED.
MM INDICATES DATA IS MISSING.
T  INDICATES TRACE AMOUNT.




$$
