000
CDUS43 KTOP 242133
CLIEMP


CLIMATE REPORT
NATIONAL WEATHER SERVICE TOPEKA KS
431 PM CDT THU APR 24 2014


...................................

...THE EMPORIA KS CLIMATE SUMMARY FOR APRIL 24 2014...
VALID TODAY AS OF 0400 PM LOCAL TIME.

CLIMATE NORMAL PERIOD 1981 TO 2010
CLIMATE RECORD PERIOD 9999 TO 9999


WEATHER ITEM   OBSERVED NORMAL DEPARTURE LAST
                VALUE   VALUE  FROM      YEAR
                               NORMAL
...............................................
TEMPERATURE (F)
 TODAY
  MAXIMUM         73     70      3       55
  MINIMUM         55     47      8       26
  AVERAGE         64     59      5       41

PRECIPITATION (IN)
  TODAY            0.27   0.13   0.14     0.00
  MONTH TO DATE    1.03   2.43  -1.40     2.89
  SINCE MAR 1      1.44   4.96  -3.52     4.57
  SINCE JAN 1      1.93   6.82  -4.89     7.35

DEGREE DAYS
 HEATING
  TODAY            1      7     -6       24
  MONTH TO DATE  262    260      2      415
  SINCE MAR 1   1001    870    131     1201
  SINCE JUL 1   5326   4692    634     4797

 COOLING
  TODAY            0      1     -1        0
  MONTH TO DATE   10     18     -8        0
  SINCE MAR 1     10     20    -10        0
  SINCE JAN 1     10     20    -10        0
...............................................


WIND (MPH)
  HIGHEST WIND SPEED    32   HIGHEST WIND DIRECTION     S (180)
  HIGHEST GUST SPEED    42   HIGHEST GUST DIRECTION     S (170)
  AVERAGE WIND SPEED    22.4



WEATHER CONDITIONS
 THE FOLLOWING WEATHER WAS RECORDED TODAY.
  THUNDERSTORM
  HEAVY RAIN
  RAIN
  LIGHT RAIN
  FOG
  HAZE


RELATIVE HUMIDITY (PERCENT)
 HIGHEST    93
 LOWEST     53
 AVERAGE    73

..........................................................


THE EMPORIA KS CLIMATE NORMALS FOR TOMORROW
                         NORMAL
 MAXIMUM TEMPERATURE (F)   71
 MINIMUM TEMPERATURE (F)   47


SUNRISE AND SUNSET
APRIL 24 2014.........SUNRISE   637 AM CDT   SUNSET   810 PM CDT
APRIL 25 2014.........SUNRISE   635 AM CDT   SUNSET   811 PM CDT


-  INDICATES NEGATIVE NUMBERS.
R  INDICATES RECORD WAS SET OR TIED.
MM INDICATES DATA IS MISSING.
T  INDICATES TRACE AMOUNT.




$$
