000
CDUS43 KTOP 300633
CLIEMP


CLIMATE REPORT
NATIONAL WEATHER SERVICE TOPEKA KS
132 AM CDT SAT APR 30 2016


...................................

...THE EMPORIA KS CLIMATE SUMMARY FOR APRIL 29 2016...

CLIMATE NORMAL PERIOD 1981 TO 2010
CLIMATE RECORD PERIOD 9999 TO 9999


WEATHER ITEM   OBSERVED NORMAL DEPARTURE LAST
                VALUE   VALUE  FROM      YEAR
                               NORMAL
...............................................
TEMPERATURE (F)
 YESTERDAY
  MAXIMUM         55     72    -17       73
  MINIMUM         47     49     -2       47
  AVERAGE         51     60     -9       60

PRECIPITATION (IN)
  YESTERDAY        0.59   0.18   0.41     0.00
  MONTH TO DATE    6.50   3.20   3.30     4.31
  SINCE MAR 1      8.10   5.73   2.37     4.89
  SINCE JAN 1      9.27   7.59   1.68     6.29

DEGREE DAYS
 HEATING
  YESTERDAY       14      6      8        5
  MONTH TO DATE  214    292    -78      224
  SINCE MAR 1    657    902   -245      755
  SINCE JUL 1   3770   4724   -954     4756

 COOLING
  YESTERDAY        0      1     -1        0
  MONTH TO DATE   19     23     -4        5
  SINCE MAR 1     20     25     -5        6
  SINCE JAN 1     20     25     -5        6
...............................................


WIND (MPH)
  HIGHEST WIND SPEED    28   HIGHEST WIND DIRECTION    NE (40)
  HIGHEST GUST SPEED    35   HIGHEST GUST DIRECTION    NE (40)
  AVERAGE WIND SPEED    15.1


SKY COVER
  AVERAGE SKY COVER 0.9


WEATHER CONDITIONS
 THE FOLLOWING WEATHER WAS RECORDED YESTERDAY.
  THUNDERSTORM
  HEAVY RAIN
  RAIN
  LIGHT RAIN
  FOG


RELATIVE HUMIDITY (PERCENT)
 HIGHEST   100
 LOWEST     74
 AVERAGE    87

..........................................................


THE EMPORIA KS CLIMATE NORMALS FOR TODAY
                         NORMAL
 MAXIMUM TEMPERATURE (F)   72
 MINIMUM TEMPERATURE (F)   49


SUNRISE AND SUNSET
APRIL 30 2016.........SUNRISE   629 AM CDT   SUNSET   816 PM CDT
MAY  1 2016...........SUNRISE   627 AM CDT   SUNSET   817 PM CDT


-  INDICATES NEGATIVE NUMBERS.
R  INDICATES RECORD WAS SET OR TIED.
MM INDICATES DATA IS MISSING.
T  INDICATES TRACE AMOUNT.




$$
