000
CDUS43 KTOP 260638
CLIEMP


CLIMATE REPORT
NATIONAL WEATHER SERVICE TOPEKA KS
138 AM CDT MON JUN 26 2017


...................................

...THE EMPORIA KS CLIMATE SUMMARY FOR JUNE 25 2017...

CLIMATE NORMAL PERIOD 1981 TO 2010
CLIMATE RECORD PERIOD 9999 TO 9999


WEATHER ITEM   OBSERVED NORMAL DEPARTURE LAST
                VALUE   VALUE  FROM      YEAR
                               NORMAL
...............................................
TEMPERATURE (F)
 YESTERDAY
  MAXIMUM         77     87    -10       94
  MINIMUM         57     65     -8       71
  AVERAGE         67     76     -9       83

PRECIPITATION (IN)
  YESTERDAY        0.03   0.18  -0.15     0.00
  MONTH TO DATE    2.29   5.10  -2.81     1.22
  SINCE JUN 1      2.29   5.10  -2.81     1.22
  SINCE JAN 1     17.78  17.78   0.00    16.95

DEGREE DAYS
 HEATING
  YESTERDAY        0      0      0        0
  MONTH TO DATE    0      5     -5        0
  SINCE JUN 1      0      5     -5        0
  SINCE JUL 1   3916   4816   -900     3902

 COOLING
  YESTERDAY        2     11     -9       18
  MONTH TO DATE  232    206     26      329
  SINCE JUN 1    232    206     26      329
  SINCE JAN 1    364    325     39      405
...............................................


WIND (MPH)
  HIGHEST WIND SPEED    17   HIGHEST WIND DIRECTION     N (20)
  HIGHEST GUST SPEED    21   HIGHEST GUST DIRECTION     N (20)
  AVERAGE WIND SPEED     4.6


SKY COVER
  AVERAGE SKY COVER 0.7


WEATHER CONDITIONS
 THE FOLLOWING WEATHER WAS RECORDED YESTERDAY.
  LIGHT RAIN


RELATIVE HUMIDITY (PERCENT)
 HIGHEST    90
 LOWEST     53
 AVERAGE    72

..........................................................


THE EMPORIA KS CLIMATE NORMALS FOR TODAY
                         NORMAL
 MAXIMUM TEMPERATURE (F)   87
 MINIMUM TEMPERATURE (F)   66


SUNRISE AND SUNSET
JUNE 26 2017..........SUNRISE   603 AM CDT   SUNSET   852 PM CDT
JUNE 27 2017..........SUNRISE   603 AM CDT   SUNSET   852 PM CDT


-  INDICATES NEGATIVE NUMBERS.
R  INDICATES RECORD WAS SET OR TIED.
MM INDICATES DATA IS MISSING.
T  INDICATES TRACE AMOUNT.




$$
