000
CDUS46 KOTX 040827
CLIEPH


CLIMATE REPORT
NATIONAL WEATHER SERVICE SPOKANE, WA
127 AM PDT TUE AUG 4 2015


...................................

...THE EPHRATA WA AIRPORT CLIMATE SUMMARY FOR AUGUST 3 2015...

CLIMATE NORMAL PERIOD 1981 TO 2010
CLIMATE RECORD PERIOD 9999 TO 9999


WEATHER ITEM   OBSERVED TIME   RECORD YEAR NORMAL DEPARTURE LAST
                VALUE   (LST)  VALUE       VALUE  FROM      YEAR
                                                  NORMAL
..................................................................
TEMPERATURE (F)
 YESTERDAY
  MAXIMUM         94   1217 PM 107    1961  90      4       99
  MINIMUM         71   1005 PM  52    1956  61     10       67
  AVERAGE         83                        76      7       83

PRECIPITATION (IN)
  YESTERDAY        T             0.25 1962   0.01  -0.01     0.00
  MONTH TO DATE    T                         0.03  -0.03      T
  SINCE OCT 1      6.90                      7.33  -0.43     3.81
  SINCE JAN 1      4.11                      4.50  -0.39     3.06

SNOWFALL (IN)
  YESTERDAY       MM

DEGREE DAYS
 HEATING
  YESTERDAY        0                         0      0        0
  MONTH TO DATE    0                         0      0        0
  SINCE JUN 1      4                        68    -64       24
  SINCE JUL 1      0                         8     -8        1

 COOLING
  YESTERDAY       18                        11      7       18
  MONTH TO DATE   59                        33     26       59
  SINCE JUN 1    884                       436    448      678
  SINCE JAN 1    969                       473    496      722
..................................................................


WIND (MPH)
  HIGHEST WIND SPEED    24   HIGHEST WIND DIRECTION    SW (240)
  HIGHEST GUST SPEED    31   HIGHEST GUST DIRECTION    SW (230)
  AVERAGE WIND SPEED     8.5


SKY COVER
  POSSIBLE SUNSHINE  MM
  AVERAGE SKY COVER 0.3


WEATHER CONDITIONS
 THE FOLLOWING WEATHER WAS RECORDED YESTERDAY.
  LIGHT RAIN
  HAZE


RELATIVE HUMIDITY (PERCENT)
 HIGHEST    36           900 PM
 LOWEST     19          1100 AM
 AVERAGE    28

..........................................................


THE EPHRATA WA AIRPORT CLIMATE NORMALS FOR TODAY
                         NORMAL    RECORD    YEAR
 MAXIMUM TEMPERATURE (F)   90       115      1961
 MINIMUM TEMPERATURE (F)   61        50      1962


SUNRISE AND SUNSET
AUGUST  4 2015........SUNRISE   540 AM PDT   SUNSET   827 PM PDT
AUGUST  5 2015........SUNRISE   541 AM PDT   SUNSET   826 PM PDT


-  INDICATES NEGATIVE NUMBERS.
R  INDICATES RECORD WAS SET OR TIED.
MM INDICATES DATA IS MISSING.
T  INDICATES TRACE AMOUNT.




$$
