000
CDUS46 KOTX 230826
CLIEPH


CLIMATE REPORT
NATIONAL WEATHER SERVICE SPOKANE, WA
126 AM PDT TUE MAY 23 2017


...................................

...THE EPHRATA WA AIRPORT CLIMATE SUMMARY FOR MAY 22 2017...

CLIMATE NORMAL PERIOD 1981 TO 2010
CLIMATE RECORD PERIOD 9999 TO 9999


WEATHER ITEM   OBSERVED TIME   RECORD YEAR NORMAL DEPARTURE LAST
                VALUE   (LST)  VALUE       VALUE  FROM      YEAR
                                                  NORMAL
..................................................................
TEMPERATURE (F)
 YESTERDAY
  MAXIMUM         88    414 PM  96    1958  74     14       71
  MINIMUM         51    348 AM  31    1960  48      3       50
  AVERAGE         70                        61      9       61

PRECIPITATION (IN)
  YESTERDAY        0.00          0.18 1990   0.03  -0.03     0.00
  MONTH TO DATE    0.74                      0.42   0.32     0.52
  SINCE OCT 1      9.09                      6.06   3.03     7.41
  SINCE JAN 1      5.49                      3.23   2.26     4.69

SNOWFALL (IN)
  YESTERDAY       MM

DEGREE DAYS
 HEATING
  YESTERDAY        0                         5     -5        4
  MONTH TO DATE  169                       173     -4       59
  SINCE MAR 1   1310                      1297     13      880
  SINCE JUL 1   6088                      5870    218     4833

 COOLING
  YESTERDAY        5                         1      4        0
  MONTH TO DATE   14                        19     -5       26
  SINCE MAR 1     14                        21     -7       31
  SINCE JAN 1     14                        21     -7       31
..................................................................


WIND (MPH)
  HIGHEST WIND SPEED    10   HIGHEST WIND DIRECTION     S (190)
  HIGHEST GUST SPEED    17   HIGHEST GUST DIRECTION     E (110)
  AVERAGE WIND SPEED     4.2


SKY COVER
  POSSIBLE SUNSHINE  MM
  AVERAGE SKY COVER 0.0


WEATHER CONDITIONS
 THE FOLLOWING WEATHER WAS RECORDED YESTERDAY.
  NO SIGNIFICANT WEATHER WAS OBSERVED.


RELATIVE HUMIDITY (PERCENT)
 HIGHEST    77           400 AM
 LOWEST     16           400 PM
 AVERAGE    47

..........................................................


THE EPHRATA WA AIRPORT CLIMATE NORMALS FOR TODAY
                         NORMAL    RECORD    YEAR
 MAXIMUM TEMPERATURE (F)   75        98      2001
 MINIMUM TEMPERATURE (F)   49        32      1964


SUNRISE AND SUNSET
MAY 23 2017...........SUNRISE   513 AM PDT   SUNSET   838 PM PDT
MAY 24 2017...........SUNRISE   512 AM PDT   SUNSET   839 PM PDT


-  INDICATES NEGATIVE NUMBERS.
R  INDICATES RECORD WAS SET OR TIED.
MM INDICATES DATA IS MISSING.
T  INDICATES TRACE AMOUNT.




$$
