000
CDUS46 KOTX 170834
CLIEPH


CLIMATE REPORT
NATIONAL WEATHER SERVICE SPOKANE, WA
134 AM PDT WED SEP 17 2014


...................................

...THE EPHRATA WA AIRPORT CLIMATE SUMMARY FOR SEPTEMBER 16 2014...

CLIMATE NORMAL PERIOD 1981 TO 2010
CLIMATE RECORD PERIOD 9999 TO 9999


WEATHER ITEM   OBSERVED TIME   RECORD YEAR NORMAL DEPARTURE LAST
                VALUE   (LST)  VALUE       VALUE  FROM      YEAR
                                                  NORMAL
..................................................................
TEMPERATURE (F)
 YESTERDAY
  MAXIMUM         89    343 PM  96    1981  78     11       79
  MINIMUM         60   1147 PM  38    1965  50     10       58
  AVERAGE         75                        64     11       69

PRECIPITATION (IN)
  YESTERDAY        T             0.41 1986   0.02  -0.02     0.01
  MONTH TO DATE    T                         0.17  -0.17     0.50
  SINCE OCT 1      4.64                      7.66  -3.02     8.54
  SINCE JAN 1      3.89                      4.83  -0.94     4.74

SNOWFALL (IN)
  YESTERDAY       MM            MM      MM   0.0   MM       MM
  MONTH TO DATE   MM                         0.0   MM       MM
  SINCE SEP 1     MM                         0.0   MM       MM
  SINCE JUL 1     MM                         0.0   MM       MM
  SNOW DEPTH      MM

DEGREE DAYS
 HEATING
  YESTERDAY        0                         3     -3        0
  MONTH TO DATE   17                        32    -15        6
  SINCE SEP 1     17                        32    -15        6
  SINCE JUL 1     18                        49    -31        6

 COOLING
  YESTERDAY       10                         2      8        4
  MONTH TO DATE   44                        55    -11      159
  SINCE SEP 1     44                        55    -11      159
  SINCE JAN 1   1077                       749    328     1083
..................................................................


WIND (MPH)
  HIGHEST WIND SPEED    15   HIGHEST WIND DIRECTION    SW (210)
  HIGHEST GUST SPEED    18   HIGHEST GUST DIRECTION     S (200)
  AVERAGE WIND SPEED     6.1


SKY COVER
  POSSIBLE SUNSHINE  MM
  AVERAGE SKY COVER 0.0


WEATHER CONDITIONS
 THE FOLLOWING WEATHER WAS RECORDED YESTERDAY.
  NO SIGNIFICANT WEATHER WAS OBSERVED.


RELATIVE HUMIDITY (PERCENT)
 HIGHEST    49          1100 PM
 LOWEST     14           300 PM
 AVERAGE    32

..........................................................


THE EPHRATA WA AIRPORT CLIMATE NORMALS FOR TODAY
                         NORMAL    RECORD    YEAR
 MAXIMUM TEMPERATURE (F)   78        98      1981
 MINIMUM TEMPERATURE (F)   49        34      1965


SUNRISE AND SUNSET
SEPTEMBER 17 2014.....SUNRISE   638 AM PDT   SUNSET   706 PM PDT
SEPTEMBER 18 2014.....SUNRISE   640 AM PDT   SUNSET   704 PM PDT


-  INDICATES NEGATIVE NUMBERS.
R  INDICATES RECORD WAS SET OR TIED.
MM INDICATES DATA IS MISSING.
T  INDICATES TRACE AMOUNT.




$$
