000
CDUS46 KOTX 280821
CLIEPH


CLIMATE REPORT
NATIONAL WEATHER SERVICE SPOKANE, WA
121 AM PDT FRI AUG 28 2015


...................................

...THE EPHRATA WA AIRPORT CLIMATE SUMMARY FOR AUGUST 27 2015...

CLIMATE NORMAL PERIOD 1981 TO 2010
CLIMATE RECORD PERIOD 9999 TO 9999


WEATHER ITEM   OBSERVED TIME   RECORD YEAR NORMAL DEPARTURE LAST
                VALUE   (LST)  VALUE       VALUE  FROM      YEAR
                                                  NORMAL
..................................................................
TEMPERATURE (F)
 YESTERDAY
  MAXIMUM         93    411 PM 101    1972  84      9       93
  MINIMUM         61    549 AM  49    1993  56      5       60
  AVERAGE         77                        70      7       77

PRECIPITATION (IN)
  YESTERDAY        0.00          0.20 1968   0.00   0.00     0.00
  MONTH TO DATE    T                         0.17  -0.17     0.83
  SINCE OCT 1      6.90                      7.47  -0.57     4.64
  SINCE JAN 1      4.11                      4.64  -0.53     3.89

SNOWFALL (IN)
  YESTERDAY       MM

DEGREE DAYS
 HEATING
  YESTERDAY        0                         1     -1        0
  MONTH TO DATE    0                         1     -1        0
  SINCE JUN 1      4                        69    -65       24
  SINCE JUL 1      0                         9     -9        1

 COOLING
  YESTERDAY       12                         6      6       12
  MONTH TO DATE  312                       233     79      346
  SINCE JUN 1   1137                       636    501      965
  SINCE JAN 1   1222                       673    549     1009
..................................................................


WIND (MPH)
  HIGHEST WIND SPEED    20   HIGHEST WIND DIRECTION     S (190)
  HIGHEST GUST SPEED    24   HIGHEST GUST DIRECTION     S (190)
  AVERAGE WIND SPEED     7.0


SKY COVER
  POSSIBLE SUNSHINE  MM
  AVERAGE SKY COVER 0.0


WEATHER CONDITIONS
 THE FOLLOWING WEATHER WAS RECORDED YESTERDAY.
  HAZE


RELATIVE HUMIDITY (PERCENT)
 HIGHEST    56           300 AM
 LOWEST     15           400 PM
 AVERAGE    36

..........................................................


THE EPHRATA WA AIRPORT CLIMATE NORMALS FOR TODAY
                         NORMAL    RECORD    YEAR
 MAXIMUM TEMPERATURE (F)   84       103      1972
 MINIMUM TEMPERATURE (F)   56        44      1966


SUNRISE AND SUNSET
AUGUST 28 2015........SUNRISE   611 AM PDT   SUNSET   746 PM PDT
AUGUST 29 2015........SUNRISE   613 AM PDT   SUNSET   744 PM PDT


-  INDICATES NEGATIVE NUMBERS.
R  INDICATES RECORD WAS SET OR TIED.
MM INDICATES DATA IS MISSING.
T  INDICATES TRACE AMOUNT.




$$
