000
CDUS46 KOTX 200822
CLIEPH


CLIMATE REPORT
NATIONAL WEATHER SERVICE SPOKANE, WA
122 AM PDT WED SEP 20 2017


...................................

...THE EPHRATA WA AIRPORT CLIMATE SUMMARY FOR SEPTEMBER 19 2017...

CLIMATE NORMAL PERIOD 1981 TO 2010
CLIMATE RECORD PERIOD 9999 TO 9999


WEATHER ITEM   OBSERVED TIME   RECORD YEAR NORMAL DEPARTURE LAST
                VALUE   (LST)  VALUE       VALUE  FROM      YEAR
                                                  NORMAL
..................................................................
TEMPERATURE (F)
 YESTERDAY
  MAXIMUM         67    246 PM  97    1967  77    -10       73
  MINIMUM         42    448 AM  33    1957  49     -7       45
  AVERAGE         55                        63     -8       59

PRECIPITATION (IN)
  YESTERDAY        T             0.51 2010   0.01  -0.01     0.00
  MONTH TO DATE    T                         0.20  -0.20     0.06
  SINCE OCT 1      9.41                      7.69   1.72     9.07
  SINCE JAN 1      5.81                      4.86   0.95     6.35

SNOWFALL (IN)
  YESTERDAY       MM

DEGREE DAYS
 HEATING
  YESTERDAY       10                         4      6        6
  MONTH TO DATE   35                        44     -9       47
  SINCE SEP 1     35                        44     -9       47
  SINCE JUL 1     35                        61    -26       49

 COOLING
  YESTERDAY        0                         2     -2        0
  MONTH TO DATE   99                        61     38        7
  SINCE SEP 1     99                        61     38        7
  SINCE JAN 1   1070                       755    315      739
..................................................................


WIND (MPH)
  HIGHEST WIND SPEED    24   HIGHEST WIND DIRECTION    SW (230)
  HIGHEST GUST SPEED    29   HIGHEST GUST DIRECTION    SW (230)
  AVERAGE WIND SPEED     7.9


SKY COVER
  POSSIBLE SUNSHINE  MM
  AVERAGE SKY COVER 0.6


WEATHER CONDITIONS
 THE FOLLOWING WEATHER WAS RECORDED YESTERDAY.
  LIGHT RAIN


RELATIVE HUMIDITY (PERCENT)
 HIGHEST    70           400 AM
 LOWEST     28           300 PM
 AVERAGE    49

..........................................................


THE EPHRATA WA AIRPORT CLIMATE NORMALS FOR TODAY
                         NORMAL    RECORD    YEAR
 MAXIMUM TEMPERATURE (F)   76        93      1967
 MINIMUM TEMPERATURE (F)   48        34      1983


SUNRISE AND SUNSET
SEPTEMBER 20 2017.....SUNRISE   643 AM PDT   SUNSET   659 PM PDT
SEPTEMBER 21 2017.....SUNRISE   644 AM PDT   SUNSET   657 PM PDT


-  INDICATES NEGATIVE NUMBERS.
R  INDICATES RECORD WAS SET OR TIED.
MM INDICATES DATA IS MISSING.
T  INDICATES TRACE AMOUNT.




$$
