000
CDUS46 KOTX 240835
CLIEPH


CLIMATE REPORT
NATIONAL WEATHER SERVICE SPOKANE, WA
1234 AM PST MON NOV 24 2014


...................................

...THE EPHRATA WA AIRPORT CLIMATE SUMMARY FOR NOVEMBER 23 2014...

CLIMATE NORMAL PERIOD 1981 TO 2010
CLIMATE RECORD PERIOD 9999 TO 9999


WEATHER ITEM   OBSERVED TIME   RECORD YEAR NORMAL DEPARTURE LAST
                VALUE   (LST)  VALUE       VALUE  FROM      YEAR
                                                  NORMAL
..................................................................
TEMPERATURE (F)
 YESTERDAY
  MAXIMUM         51    236 PM  64    1986  41     10       39
  MINIMUM         29    744 AM -15    1985  27      2       18
  AVERAGE         40                        34      6       29

PRECIPITATION (IN)
  YESTERDAY        0.00          0.41 1955   0.03  -0.03     0.00
  MONTH TO DATE    0.66                      0.78  -0.12     0.59
  SINCE OCT 1      1.80                      1.31   0.49     0.73
  SINCE JAN 1      5.98                      6.33  -0.35     5.70

SNOWFALL (IN)
  YESTERDAY       MM

DEGREE DAYS
 HEATING
  YESTERDAY       25                        31     -6       36
  MONTH TO DATE  630                       610     20      556
  SINCE SEP 1    946                      1174   -228     1124
  SINCE JUL 1    947                      1191   -244     1124

 COOLING
  YESTERDAY        0                         0      0        0
  MONTH TO DATE    0                         0      0        0
  SINCE SEP 1    104                        78     26      160
  SINCE JAN 1   1137                       772    365     1084
..................................................................


WIND (MPH)
  HIGHEST WIND SPEED    37   HIGHEST WIND DIRECTION     W (270)
  HIGHEST GUST SPEED    47   HIGHEST GUST DIRECTION     W (280)
  AVERAGE WIND SPEED     8.6


SKY COVER
  POSSIBLE SUNSHINE  MM
  AVERAGE SKY COVER 0.1


WEATHER CONDITIONS
 THE FOLLOWING WEATHER WAS RECORDED YESTERDAY.
  NO SIGNIFICANT WEATHER WAS OBSERVED.


RELATIVE HUMIDITY (PERCENT)
 HIGHEST    92           800 AM
 LOWEST     53          1100 PM
 AVERAGE    73

..........................................................


THE EPHRATA WA AIRPORT CLIMATE NORMALS FOR TODAY
                         NORMAL    RECORD    YEAR
 MAXIMUM TEMPERATURE (F)   41        65      1990
 MINIMUM TEMPERATURE (F)   26       -14      2010


SUNRISE AND SUNSET
NOVEMBER 24 2014......SUNRISE   715 AM PST   SUNSET   414 PM PST
NOVEMBER 25 2014......SUNRISE   717 AM PST   SUNSET   413 PM PST


-  INDICATES NEGATIVE NUMBERS.
R  INDICATES RECORD WAS SET OR TIED.
MM INDICATES DATA IS MISSING.
T  INDICATES TRACE AMOUNT.




$$
