000
CDUS46 KOTX 270834
CLIEPH


CLIMATE REPORT
NATIONAL WEATHER SERVICE SPOKANE, WA
1234 AM PST THU NOV 27 2014


...................................

...THE EPHRATA WA AIRPORT CLIMATE SUMMARY FOR NOVEMBER 26 2014...

CLIMATE NORMAL PERIOD 1981 TO 2010
CLIMATE RECORD PERIOD 9999 TO 9999


WEATHER ITEM   OBSERVED TIME   RECORD YEAR NORMAL DEPARTURE LAST
                VALUE   (LST)  VALUE       VALUE  FROM      YEAR
                                                  NORMAL
..................................................................
TEMPERATURE (F)
 YESTERDAY
  MAXIMUM         39    608 PM  57    1998  40     -1       41
  MINIMUM         36   1159 PM  -4    1985  26     10       20
  AVERAGE         38                        33      5       31

PRECIPITATION (IN)
  YESTERDAY        0.00          0.42 1991   0.04  -0.04     0.00
  MONTH TO DATE    0.88                      0.90  -0.02     0.59
  SINCE OCT 1      2.02                      1.43   0.59     0.73
  SINCE JAN 1      6.20                      6.45  -0.25     5.70

SNOWFALL (IN)
  YESTERDAY       MM

DEGREE DAYS
 HEATING
  YESTERDAY       27                        32     -5       34
  MONTH TO DATE  710                       705      5      662
  SINCE SEP 1   1026                      1269   -243     1230
  SINCE JUL 1   1027                      1286   -259     1230

 COOLING
  YESTERDAY        0                         0      0        0
  MONTH TO DATE    0                         0      0        0
  SINCE SEP 1    104                        78     26      160
  SINCE JAN 1   1137                       772    365     1084
..................................................................


WIND (MPH)
  HIGHEST WIND SPEED     8   HIGHEST WIND DIRECTION    NE (30)
  HIGHEST GUST SPEED     9   HIGHEST GUST DIRECTION    NE (30)
  AVERAGE WIND SPEED     3.0


SKY COVER
  POSSIBLE SUNSHINE  MM
  AVERAGE SKY COVER 1.0


WEATHER CONDITIONS
 THE FOLLOWING WEATHER WAS RECORDED YESTERDAY.
  FOG
  FOG W/VISIBILITY <= 1/4 MILE


RELATIVE HUMIDITY (PERCENT)
 HIGHEST   100           900 AM
 LOWEST     92          1200 AM
 AVERAGE    96

..........................................................


THE EPHRATA WA AIRPORT CLIMATE NORMALS FOR TODAY
                         NORMAL    RECORD    YEAR
 MAXIMUM TEMPERATURE (F)   39        55      1950
 MINIMUM TEMPERATURE (F)   25         2      1985


SUNRISE AND SUNSET
NOVEMBER 27 2014......SUNRISE   719 AM PST   SUNSET   412 PM PST
NOVEMBER 28 2014......SUNRISE   720 AM PST   SUNSET   411 PM PST


-  INDICATES NEGATIVE NUMBERS.
R  INDICATES RECORD WAS SET OR TIED.
MM INDICATES DATA IS MISSING.
T  INDICATES TRACE AMOUNT.




$$
