000
CDUS46 KOTX 190832
CLIEPH


CLIMATE REPORT
NATIONAL WEATHER SERVICE SPOKANE, WA
129 AM PDT SUN OCT 19 2014


...................................

...THE EPHRATA WA AIRPORT CLIMATE SUMMARY FOR OCTOBER 18 2014...

CLIMATE NORMAL PERIOD 1981 TO 2010
CLIMATE RECORD PERIOD 9999 TO 9999


WEATHER ITEM   OBSERVED TIME   RECORD YEAR NORMAL DEPARTURE LAST
                VALUE   (LST)  VALUE       VALUE  FROM      YEAR
                                                  NORMAL
..................................................................
TEMPERATURE (F)
 YESTERDAY
  MAXIMUM         65    401 PM  77    1974  61      4       64
  MINIMUM         45    557 AM  27    1983  38      7       32
  AVERAGE         55                        49      6       48

PRECIPITATION (IN)
  YESTERDAY        0.01        0.25   1979  0.02  -0.01     0.00
  MONTH TO DATE    0.17                     0.25  -0.08      T
  SINCE OCT 1      0.17                     0.25  -0.08      T
  SINCE JAN 1      4.35                     5.27  -0.92     4.97

SNOWFALL (IN)
  YESTERDAY       MM

DEGREE DAYS
 HEATING
  YESTERDAY       10                        16     -6       17
  MONTH TO DATE  102                       209   -107      250
  SINCE SEP 1    139                       319   -180      358
  SINCE JUL 1    140                       336   -196      358

 COOLING
  YESTERDAY        0                         0      0        0
  MONTH TO DATE    8                         0      8        0
  SINCE SEP 1    104                        75     29      160
  SINCE JAN 1   1137                       769    368     1084
..................................................................


WIND (MPH)
  HIGHEST WIND SPEED    16   HIGHEST WIND DIRECTION    NW (320)
  HIGHEST GUST SPEED    19   HIGHEST GUST DIRECTION    NW (310)
  AVERAGE WIND SPEED     6.6


SKY COVER
  POSSIBLE SUNSHINE  MM
  AVERAGE SKY COVER 0.2


WEATHER CONDITIONS
 THE FOLLOWING WEATHER WAS RECORDED YESTERDAY.
  FOG


RELATIVE HUMIDITY (PERCENT)
 HIGHEST   100           600 AM
 LOWEST     63           200 PM
 AVERAGE    82

..........................................................


THE EPHRATA WA AIRPORT CLIMATE NORMALS FOR TODAY
                         NORMAL    RECORD    YEAR
 MAXIMUM TEMPERATURE (F)   61        72      2003
                                             1974
 MINIMUM TEMPERATURE (F)   37        20      1984


SUNRISE AND SUNSET
OCTOBER 19 2014.......SUNRISE   722 AM PDT   SUNSET   603 PM PDT
OCTOBER 20 2014.......SUNRISE   724 AM PDT   SUNSET   601 PM PDT


-  INDICATES NEGATIVE NUMBERS.
R  INDICATES RECORD WAS SET OR TIED.
MM INDICATES DATA IS MISSING.
T  INDICATES TRACE AMOUNT.

$$
