000
CDUS46 KOTX 170824
CLIEPH


CLIMATE REPORT
NATIONAL WEATHER SERVICE SPOKANE, WA
1224 AM PST WED DEC 17 2014


...................................

...THE EPHRATA WA AIRPORT CLIMATE SUMMARY FOR DECEMBER 16 2014...

CLIMATE NORMAL PERIOD 1981 TO 2010
CLIMATE RECORD PERIOD 9999 TO 9999


WEATHER ITEM   OBSERVED TIME   RECORD YEAR NORMAL DEPARTURE LAST
                VALUE   (LST)  VALUE       VALUE  FROM      YEAR
                                                  NORMAL
..................................................................
TEMPERATURE (F)
 YESTERDAY
  MAXIMUM         38    214 AM  59    1999  33      5       43
  MINIMUM         33   1000 AM -10    1964  21     12       24
  AVERAGE         36                        27      9       34

PRECIPITATION (IN)
  YESTERDAY        0.05          0.50 1987   0.05   0.00     0.00
  MONTH TO DATE    0.33                      0.65  -0.32      T
  SINCE OCT 1      2.37                      2.24   0.13     0.73
  SINCE JAN 1      6.55                      7.26  -0.71     5.70

SNOWFALL (IN)
  YESTERDAY       MM

DEGREE DAYS
 HEATING
  YESTERDAY       29                        38     -9       31
  MONTH TO DATE  480                       585   -105      672
  SINCE DEC 1    480                       585   -105      672
  SINCE JUL 1   1627                      2004   -377     2041

 COOLING
  YESTERDAY        0                         0      0        0
  MONTH TO DATE    0                         0      0        0
  SINCE DEC 1      0                         0      0        0
  SINCE JAN 1   1137                       772    365     1084
..................................................................


WIND (MPH)
  HIGHEST WIND SPEED    15   HIGHEST WIND DIRECTION     N (10)
  HIGHEST GUST SPEED    18   HIGHEST GUST DIRECTION     N (10)
  AVERAGE WIND SPEED     9.6


SKY COVER
  POSSIBLE SUNSHINE  MM
  AVERAGE SKY COVER 1.0


WEATHER CONDITIONS
 THE FOLLOWING WEATHER WAS RECORDED YESTERDAY.
  LIGHT RAIN
  LIGHT SNOW
  FOG


RELATIVE HUMIDITY (PERCENT)
 HIGHEST    96           800 AM
 LOWEST     70          1200 AM
 AVERAGE    83

..........................................................


THE EPHRATA WA AIRPORT CLIMATE NORMALS FOR TODAY
                         NORMAL    RECORD    YEAR
 MAXIMUM TEMPERATURE (F)   33        53      1990
 MINIMUM TEMPERATURE (F)   21       -11      1964


SUNRISE AND SUNSET
DECEMBER 17 2014......SUNRISE   740 AM PST   SUNSET   409 PM PST
DECEMBER 18 2014......SUNRISE   740 AM PST   SUNSET   409 PM PST


-  INDICATES NEGATIVE NUMBERS.
R  INDICATES RECORD WAS SET OR TIED.
MM INDICATES DATA IS MISSING.
T  INDICATES TRACE AMOUNT.




$$
