000
CDUS46 KOTX 230819
CLIEPH


CLIMATE REPORT
NATIONAL WEATHER SERVICE SPOKANE, WA
118 AM PDT SAT MAY 23 2015


...................................

...THE EPHRATA WA AIRPORT CLIMATE SUMMARY FOR MAY 22 2015...

CLIMATE NORMAL PERIOD 1981 TO 2010
CLIMATE RECORD PERIOD 9999 TO 9999


WEATHER ITEM   OBSERVED TIME   RECORD YEAR NORMAL DEPARTURE LAST
                VALUE   (LST)  VALUE       VALUE  FROM      YEAR
                                                  NORMAL
..................................................................
TEMPERATURE (F)
 YESTERDAY
  MAXIMUM         86        MM  96    1958  74     12       86
  MINIMUM         57        MM  31    1960  48      9       57
  AVERAGE         72                        61     11       72

PRECIPITATION (IN)
  YESTERDAY        T             0.18 1990   0.03  -0.03     0.00
  MONTH TO DATE    0.91                      0.42   0.49     0.08
  SINCE OCT 1      6.58                      6.06   0.52     3.54
  SINCE JAN 1      3.79                      3.23   0.56     2.79

SNOWFALL (IN)
  YESTERDAY       MM

DEGREE DAYS
 HEATING
  YESTERDAY        0                         5     -5        0
  MONTH TO DATE   74                       173    -99       93
  SINCE MAR 1    983                      1297   -314     1134
  SINCE JUL 1   4677                      5870  -1193     5716

 COOLING
  YESTERDAY        7                         1      6        7
  MONTH TO DATE   31                        19     12       30
  SINCE MAR 1     31                        21     10       30
  SINCE JAN 1     31                        21     10       30
..................................................................


WIND (MPH)
  HIGHEST WIND SPEED    25   HIGHEST WIND DIRECTION     N (360)
  HIGHEST GUST SPEED    35   HIGHEST GUST DIRECTION     N (360)
  AVERAGE WIND SPEED     9.8


SKY COVER
  POSSIBLE SUNSHINE  MM
  AVERAGE SKY COVER 0.4


WEATHER CONDITIONS
 THE FOLLOWING WEATHER WAS RECORDED YESTERDAY.
  THUNDERSTORM
  LIGHT RAIN


RELATIVE HUMIDITY (PERCENT)
 HIGHEST    72           200 AM
 LOWEST     25           300 PM
 AVERAGE    49

..........................................................


THE EPHRATA WA AIRPORT CLIMATE NORMALS FOR TODAY
                         NORMAL    RECORD    YEAR
 MAXIMUM TEMPERATURE (F)   75        98      2001
 MINIMUM TEMPERATURE (F)   49        32      1964


SUNRISE AND SUNSET
MAY 23 2015...........SUNRISE   513 AM PDT   SUNSET   837 PM PDT
MAY 24 2015...........SUNRISE   512 AM PDT   SUNSET   838 PM PDT


-  INDICATES NEGATIVE NUMBERS.
R  INDICATES RECORD WAS SET OR TIED.
MM INDICATES DATA IS MISSING.
T  INDICATES TRACE AMOUNT.




$$
