000
CDUS46 KOTX 210823
CLIEPH


CLIMATE REPORT
NATIONAL WEATHER SERVICE SPOKANE, WA
1223 AM PST TUE NOV 21 2017


...................................

...THE EPHRATA WA AIRPORT CLIMATE SUMMARY FOR NOVEMBER 20 2017...

CLIMATE NORMAL PERIOD 1981 TO 2010
CLIMATE RECORD PERIOD 9999 TO 9999


WEATHER ITEM   OBSERVED TIME   RECORD YEAR NORMAL DEPARTURE LAST
                VALUE   (LST)  VALUE       VALUE  FROM      YEAR
                                                  NORMAL
..................................................................
TEMPERATURE (F)
 YESTERDAY
  MAXIMUM         50    254 PM  58    1986  43      7       46
  MINIMUM         32   1159 PM  12    1977  28      4       31
  AVERAGE         41                        35      6       39

PRECIPITATION (IN)
  YESTERDAY        0.27          0.39 1966   0.03   0.24      T
  MONTH TO DATE    0.93                      0.67   0.26     0.57
  SINCE OCT 1      1.68                      1.20   0.48     3.09
  SINCE JAN 1      7.58                      6.22   1.36     9.45

SNOWFALL (IN)
  YESTERDAY       MM

DEGREE DAYS
 HEATING
  YESTERDAY       24                        30     -6       26
  MONTH TO DATE  522                       518      4      351
  SINCE SEP 1   1123                      1082     41      883
  SINCE JUL 1   1123                      1099     24      885

 COOLING
  YESTERDAY        0                         0      0        0
  MONTH TO DATE    0                         0      0        0
  SINCE SEP 1    101                        78     23       19
  SINCE JAN 1   1072                       772    300      751
..................................................................


WIND (MPH)
  HIGHEST WIND SPEED    18   HIGHEST WIND DIRECTION    NW (310)
  HIGHEST GUST SPEED    23   HIGHEST GUST DIRECTION    NW (300)
  AVERAGE WIND SPEED     6.2


SKY COVER
  POSSIBLE SUNSHINE  MM
  AVERAGE SKY COVER 0.5


WEATHER CONDITIONS
 THE FOLLOWING WEATHER WAS RECORDED YESTERDAY.
  RAIN
  LIGHT RAIN
  FOG


RELATIVE HUMIDITY (PERCENT)
 HIGHEST    89          1100 PM
 LOWEST     66           300 PM
 AVERAGE    78

..........................................................


THE EPHRATA WA AIRPORT CLIMATE NORMALS FOR TODAY
                         NORMAL    RECORD    YEAR
 MAXIMUM TEMPERATURE (F)   42        57      1980
 MINIMUM TEMPERATURE (F)   27         8      1977


SUNRISE AND SUNSET
NOVEMBER 21 2017......SUNRISE   711 AM PST   SUNSET   416 PM PST
NOVEMBER 22 2017......SUNRISE   713 AM PST   SUNSET   415 PM PST


-  INDICATES NEGATIVE NUMBERS.
R  INDICATES RECORD WAS SET OR TIED.
MM INDICATES DATA IS MISSING.
T  INDICATES TRACE AMOUNT.




$$
