000
CDUS46 KOTX 090828
CLIEPH


CLIMATE REPORT
NATIONAL WEATHER SERVICE SPOKANE, WA
1228 AM PST FRI DEC 9 2016


...................................

...THE EPHRATA WA AIRPORT CLIMATE SUMMARY FOR DECEMBER 8 2016...

CLIMATE NORMAL PERIOD 1981 TO 2010
CLIMATE RECORD PERIOD 9999 TO 9999


WEATHER ITEM   OBSERVED TIME   RECORD YEAR NORMAL DEPARTURE LAST
                VALUE   (LST)  VALUE       VALUE  FROM      YEAR
                                                  NORMAL
..................................................................
TEMPERATURE (F)
 YESTERDAY
  MAXIMUM         25    814 PM  54    2015  35    -10       54
  MINIMUM         12    741 AM  -2    2013  22    -10       36
  AVERAGE         19                        28     -9       45

PRECIPITATION (IN)
  YESTERDAY        T             0.56 1971   0.04  -0.04     0.02
  MONTH TO DATE    0.16                      0.33  -0.17     1.20
  SINCE OCT 1      3.44                      1.92   1.52     1.67
  SINCE JAN 1      9.80                      6.94   2.86     6.03

SNOWFALL (IN)
  YESTERDAY       MM

DEGREE DAYS
 HEATING
  YESTERDAY       46                        37      9       20
  MONTH TO DATE  285                       284      1      230
  SINCE DEC 1    285                       284      1      230
  SINCE JUL 1   1408                      1703   -295     1386

 COOLING
  YESTERDAY        0                         0      0        0
  MONTH TO DATE    0                         0      0        0
  SINCE DEC 1      0                         0      0        0
  SINCE JAN 1    751                       772    -21     1277
..................................................................


WIND (MPH)
  HIGHEST WIND SPEED    18   HIGHEST WIND DIRECTION     N (20)
  HIGHEST GUST SPEED    22   HIGHEST GUST DIRECTION     N (360)
  AVERAGE WIND SPEED     9.9


SKY COVER
  POSSIBLE SUNSHINE  MM
  AVERAGE SKY COVER 0.6


WEATHER CONDITIONS
 THE FOLLOWING WEATHER WAS RECORDED YESTERDAY.
  LIGHT SNOW


RELATIVE HUMIDITY (PERCENT)
 HIGHEST    67           400 AM
 LOWEST     50           100 PM
 AVERAGE    59

..........................................................


THE EPHRATA WA AIRPORT CLIMATE NORMALS FOR TODAY
                         NORMAL    RECORD    YEAR
 MAXIMUM TEMPERATURE (F)   34        54      2015
 MINIMUM TEMPERATURE (F)   22         0      1972


SUNRISE AND SUNSET
DECEMBER  9 2016......SUNRISE   734 AM PST   SUNSET   408 PM PST
DECEMBER 10 2016......SUNRISE   735 AM PST   SUNSET   408 PM PST


-  INDICATES NEGATIVE NUMBERS.
R  INDICATES RECORD WAS SET OR TIED.
MM INDICATES DATA IS MISSING.
T  INDICATES TRACE AMOUNT.




$$
