000
CDUS46 KOTX 250827
CLIEPH


CLIMATE REPORT
NATIONAL WEATHER SERVICE SPOKANE, WA
127 AM PDT WED MAY 25 2016


...................................

...THE EPHRATA WA AIRPORT CLIMATE SUMMARY FOR MAY 24 2016...

CLIMATE NORMAL PERIOD 1981 TO 2010
CLIMATE RECORD PERIOD 9999 TO 9999


WEATHER ITEM   OBSERVED TIME   RECORD YEAR NORMAL DEPARTURE LAST
                VALUE   (LST)  VALUE       VALUE  FROM      YEAR
                                                  NORMAL
..................................................................
TEMPERATURE (F)
 YESTERDAY
  MAXIMUM         75    305 PM  93    2001  75      0       84
                                      1999
  MINIMUM         52    446 AM  33    1989  49      3       54
  AVERAGE         64                        62      2       69

PRECIPITATION (IN)
  YESTERDAY        0.01          0.39 1997   0.02  -0.01     0.00
  MONTH TO DATE    0.53                      0.46   0.07     0.91
  SINCE OCT 1      7.42                      6.10   1.32     6.58
  SINCE JAN 1      4.70                      3.27   1.43     3.79

SNOWFALL (IN)
  YESTERDAY       MM

DEGREE DAYS
 HEATING
  YESTERDAY        1                         5     -4        0
  MONTH TO DATE   66                       183   -117       74
  SINCE MAR 1    887                      1307   -420      983
  SINCE JUL 1   4840                      5880  -1040     4677

 COOLING
  YESTERDAY        0                         2     -2        4
  MONTH TO DATE   26                        22      4       42
  SINCE MAR 1     31                        24      7       42
  SINCE JAN 1     31                        24      7       42
..................................................................


WIND (MPH)
  HIGHEST WIND SPEED    18   HIGHEST WIND DIRECTION    NW (310)
  HIGHEST GUST SPEED    21   HIGHEST GUST DIRECTION    NW (310)
  AVERAGE WIND SPEED     6.0


SKY COVER
  POSSIBLE SUNSHINE  MM
  AVERAGE SKY COVER 0.5


WEATHER CONDITIONS
 THE FOLLOWING WEATHER WAS RECORDED YESTERDAY.
  LIGHT RAIN


RELATIVE HUMIDITY (PERCENT)
 HIGHEST    71           500 AM
 LOWEST     33           300 PM
 AVERAGE    52

..........................................................


THE EPHRATA WA AIRPORT CLIMATE NORMALS FOR TODAY
                         NORMAL    RECORD    YEAR
 MAXIMUM TEMPERATURE (F)   75        96      1958
 MINIMUM TEMPERATURE (F)   49        35      1984


SUNRISE AND SUNSET
MAY 25 2016...........SUNRISE   510 AM PDT   SUNSET   840 PM PDT
MAY 26 2016...........SUNRISE   510 AM PDT   SUNSET   841 PM PDT


-  INDICATES NEGATIVE NUMBERS.
R  INDICATES RECORD WAS SET OR TIED.
MM INDICATES DATA IS MISSING.
T  INDICATES TRACE AMOUNT.




$$
