000
CDUS41 KCLE 200528
CLIERI


CLIMATE REPORT
NATIONAL WEATHER SERVICE CLEVELAND OH
1228 AM EST SAT JAN 20 2018


...................................

...THE ERIE PA CLIMATE SUMMARY FOR JANUARY 19 2018...

CLIMATE NORMAL PERIOD 1981 TO 2010
CLIMATE RECORD PERIOD 1873 TO 2018


WEATHER ITEM   OBSERVED TIME   RECORD YEAR NORMAL DEPARTURE LAST
                VALUE   (LST)  VALUE       VALUE  FROM      YEAR
                                                  NORMAL
..................................................................
TEMPERATURE (F)
 YESTERDAY
  MAXIMUM         39    453 PM  65    1907  33      6       37
  MINIMUM         23    810 AM -18    1994  20      3       30
  AVERAGE         31                        27      4       34

PRECIPITATION (IN)
  YESTERDAY        0.00                      0.10  -0.10     0.00
  MONTH TO DATE    1.66                      1.93  -0.27     3.47
  SINCE DEC 1      9.21                      5.67   3.54     7.35
  SINCE JAN 1      1.66                      1.93  -0.27     3.47

SNOWFALL (IN)
  YESTERDAY        0.0                       0.9   -0.9      0.0
  MONTH TO DATE   16.7                      19.2   -2.5     20.2
  SINCE DEC 1    137.6                      46.7   90.9     42.4
  SINCE JUL 1    138.1                      55.4   82.7     44.8
  SNOW DEPTH       2

DEGREE DAYS
 HEATING
  YESTERDAY       34                        38     -4       31
  MONTH TO DATE  837                       714    123      644
  SINCE DEC 1   1966                      1726    240     1637
  SINCE JUL 1   2963                      2882     81     2417

 COOLING
  YESTERDAY        0                         0      0        0
  MONTH TO DATE    0                         0      0        0
  SINCE DEC 1      0                         0      0        0
  SINCE JAN 1      0                         0      0        0
..................................................................


WIND (MPH)
  HIGHEST WIND SPEED    30   HIGHEST WIND DIRECTION     S (190)
  HIGHEST GUST SPEED    39   HIGHEST GUST DIRECTION     S (180)
  AVERAGE WIND SPEED    18.1


SKY COVER
  POSSIBLE SUNSHINE  MM
  AVERAGE SKY COVER 0.0


WEATHER CONDITIONS
 THE FOLLOWING WEATHER WAS RECORDED YESTERDAY.
  NO SIGNIFICANT WEATHER WAS OBSERVED.


RELATIVE HUMIDITY (PERCENT)
 HIGHEST    60           300 AM
 LOWEST     48           400 PM
 AVERAGE    54

..........................................................


THE ERIE PA CLIMATE NORMALS FOR TODAY
                         NORMAL    RECORD    YEAR
 MAXIMUM TEMPERATURE (F)   33        65      1907
                                             1906
 MINIMUM TEMPERATURE (F)   20       -15      1985


SUNRISE AND SUNSET
JANUARY 20 2018.......SUNRISE   744 AM EST   SUNSET   520 PM EST
JANUARY 21 2018.......SUNRISE   743 AM EST   SUNSET   521 PM EST


-  INDICATES NEGATIVE NUMBERS.
R  INDICATES RECORD WAS SET OR TIED.
MM INDICATES DATA IS MISSING.
T  INDICATES TRACE AMOUNT.




$$
