000
CDUS46 KPQR 292328
CLIEUG


CLIMATE REPORT
NATIONAL WEATHER SERVICE PORTLAND OREGON
428 PM PDT SAT APR 29 2017


...................................

...THE EUGENE OR CLIMATE SUMMARY FOR APRIL 29 2017...
VALID TODAY AS OF 0400 PM LOCAL TIME.

CLIMATE NORMAL PERIOD 1981 TO 2010
CLIMATE RECORD PERIOD 1892 TO 2017


WEATHER ITEM   OBSERVED TIME   RECORD YEAR NORMAL DEPARTURE LAST
                VALUE   (LST)  VALUE       VALUE  FROM      YEAR
                                                  NORMAL
..................................................................
TEMPERATURE (F)
 TODAY
  MAXIMUM         67    258 PM  86    1957  64      3       61
  MINIMUM         34    529 AM  28    1954  41     -7       47
  AVERAGE         51                        52     -1       54

PRECIPITATION (IN)
  TODAY            0.00          0.94 1992   0.09  -0.09     0.06
  MONTH TO DATE    3.63                      3.25   0.38     3.03
  SINCE OCT 1     42.42                     39.34   3.08    37.47
  SINCE JAN 1     22.83                     20.54   2.29    18.63

SNOWFALL (IN)
  TODAY            0.0
  MONTH TO DATE    0.0
  SINCE MAR 1      T
  SINCE JUL 1      5.1

DEGREE DAYS
 HEATING
  TODAY           14                        13      1       11
  MONTH TO DATE  433                       433      0      277
  SINCE MAR 1    957                      1002    -45      767
  SINCE JUL 1   4158                      4329   -171     3572

 COOLING
  TODAY            0                         0      0        0
  MONTH TO DATE    0                         0      0        0
  SINCE MAR 1      0                         0      0        0
  SINCE JAN 1      0                         0      0        0
..................................................................


WIND (MPH)
  HIGHEST WIND SPEED     6   HIGHEST WIND DIRECTION     S (200)
  HIGHEST GUST SPEED     8   HIGHEST GUST DIRECTION     S (190)
  AVERAGE WIND SPEED     1.9


SKY COVER
  POSSIBLE SUNSHINE  MM
  AVERAGE SKY COVER 0.4


WEATHER CONDITIONS
 THE FOLLOWING WEATHER WAS RECORDED TODAY.
  FOG


RELATIVE HUMIDITY (PERCENT)
 HIGHEST   100           400 AM
 LOWEST     34           200 PM
 AVERAGE    67

..........................................................


THE EUGENE OR CLIMATE NORMALS FOR TOMORROW
                         NORMAL    RECORD    YEAR
 MAXIMUM TEMPERATURE (F)   64        82      2014
 MINIMUM TEMPERATURE (F)   41        29      1972


SUNRISE AND SUNSET
APRIL 29 2017.........SUNRISE   607 AM PDT   SUNSET   814 PM PDT
APRIL 30 2017.........SUNRISE   605 AM PDT   SUNSET   816 PM PDT


-  INDICATES NEGATIVE NUMBERS.
R  INDICATES RECORD WAS SET OR TIED.
MM INDICATES DATA IS MISSING.
T  INDICATES TRACE AMOUNT.




$$
