000
CDUS46 KPQR 221149
CLIEUG


CLIMATE REPORT
NATIONAL WEATHER SERVICE PORTLAND OREGON
449 AM PDT SUN OCT 22 2017


...................................

...THE EUGENE OR CLIMATE SUMMARY FOR OCTOBER 21 2017...

CLIMATE NORMAL PERIOD 1981 TO 2010
CLIMATE RECORD PERIOD 1892 TO 2017


WEATHER ITEM   OBSERVED TIME   RECORD YEAR NORMAL DEPARTURE LAST
                VALUE   (LST)  VALUE       VALUE  FROM      YEAR
                                                  NORMAL
..................................................................
TEMPERATURE (F)
 YESTERDAY
  MAXIMUM         59   1035 PM  79    1944  62     -3       62
  MINIMUM         45    421 AM  26    1949  40      5       50
  AVERAGE         52                        51      1       56

PRECIPITATION (IN)
  YESTERDAY        0.67          1.39 1934   0.12   0.55     0.13
  MONTH TO DATE    2.85                      1.73   1.12     7.48
  SINCE OCT 1      2.85                      1.73   1.12     7.48
  SINCE JAN 1     29.51                     29.03   0.48    29.22

SNOWFALL (IN)
  YESTERDAY       MM
  MONTH TO DATE    0.0
  SINCE SEP 1      0.0
  SINCE JUL 1      0.0

DEGREE DAYS
 HEATING
  YESTERDAY       13                        14     -1        9
  MONTH TO DATE  290                       229     61      183
  SINCE SEP 1    405                       350     55      288
  SINCE JUL 1    421                       417      4      311

 COOLING
  YESTERDAY        0                         0      0        0
  MONTH TO DATE    0                         0      0        2
  SINCE SEP 1     74                        30     44       12
  SINCE JAN 1    376                       238    138      325
..................................................................


WIND (MPH)
  HIGHEST WIND SPEED    24   HIGHEST WIND DIRECTION     S (180)
  HIGHEST GUST SPEED    32   HIGHEST GUST DIRECTION     S (190)
  AVERAGE WIND SPEED    16.6


SKY COVER
  POSSIBLE SUNSHINE  MM
  AVERAGE SKY COVER 1.0


WEATHER CONDITIONS
 THE FOLLOWING WEATHER WAS RECORDED YESTERDAY.
  RAIN
  LIGHT RAIN
  FOG


RELATIVE HUMIDITY (PERCENT)
 HIGHEST   100           400 AM
 LOWEST     89          1000 AM
 AVERAGE    95

..........................................................


THE EUGENE OR CLIMATE NORMALS FOR TODAY
                         NORMAL    RECORD    YEAR
 MAXIMUM TEMPERATURE (F)   61        78      1937
 MINIMUM TEMPERATURE (F)   40        25      1980


SUNRISE AND SUNSET
OCTOBER 22 2017.......SUNRISE   737 AM PDT   SUNSET   617 PM PDT
OCTOBER 23 2017.......SUNRISE   738 AM PDT   SUNSET   615 PM PDT


-  INDICATES NEGATIVE NUMBERS.
R  INDICATES RECORD WAS SET OR TIED.
MM INDICATES DATA IS MISSING.
T  INDICATES TRACE AMOUNT.




$$
