000
CDUS46 KPQR 241153
CLIEUG


CLIMATE REPORT
NATIONAL WEATHER SERVICE PORTLAND OREGON
353 AM PST TUE JAN 24 2017


...................................

...THE EUGENE OR CLIMATE SUMMARY FOR JANUARY 23 2017...

CLIMATE NORMAL PERIOD 1981 TO 2010
CLIMATE RECORD PERIOD 1892 TO 2017


WEATHER ITEM   OBSERVED TIME   RECORD YEAR NORMAL DEPARTURE LAST
                VALUE   (LST)  VALUE       VALUE  FROM      YEAR
                                                  NORMAL
..................................................................
TEMPERATURE (F)
 YESTERDAY
  MAXIMUM         52    343 PM  63    1919  48      4       51
  MINIMUM         31   1159 PM   8    1962  35     -4       41
  AVERAGE         42                        41      1       46

PRECIPITATION (IN)
  YESTERDAY        0.00          2.13 1903   0.20  -0.20     0.10
  MONTH TO DATE    4.00                      5.28  -1.28     5.74
  SINCE OCT 1     23.59                     24.08  -0.49    24.58
  SINCE JAN 1      4.00                      5.28  -1.28     5.74

SNOWFALL (IN)
  YESTERDAY        0.0
  MONTH TO DATE    5.1
  SINCE DEC 1      5.1
  SINCE JUL 1      5.1

DEGREE DAYS
 HEATING
  YESTERDAY       23                        24     -1       19
  MONTH TO DATE  691                       565    126      534
  SINCE DEC 1   1562                      1349    213     1182
  SINCE JUL 1   2395                      2522   -127     2163

 COOLING
  YESTERDAY        0                         0      0        0
  MONTH TO DATE    0                         0      0        0
  SINCE DEC 1      0                         0      0        0
  SINCE JAN 1      0                         0      0        0
..................................................................


WIND (MPH)
  HIGHEST WIND SPEED    13   HIGHEST WIND DIRECTION     N (10)
  HIGHEST GUST SPEED    15   HIGHEST GUST DIRECTION     S (160)
  AVERAGE WIND SPEED     6.6


SKY COVER
  POSSIBLE SUNSHINE  MM
  AVERAGE SKY COVER 0.4


WEATHER CONDITIONS
 THE FOLLOWING WEATHER WAS RECORDED YESTERDAY.
  NO SIGNIFICANT WEATHER WAS OBSERVED.


RELATIVE HUMIDITY (PERCENT)
 HIGHEST    96           500 AM
 LOWEST     63           400 PM
 AVERAGE    80

..........................................................


THE EUGENE OR CLIMATE NORMALS FOR TODAY
                         NORMAL    RECORD    YEAR
 MAXIMUM TEMPERATURE (F)   48        68      2015
 MINIMUM TEMPERATURE (F)   35         9      1949
                                             1943


SUNRISE AND SUNSET
JANUARY 24 2017.......SUNRISE   738 AM PST   SUNSET   513 PM PST
JANUARY 25 2017.......SUNRISE   737 AM PST   SUNSET   514 PM PST


-  INDICATES NEGATIVE NUMBERS.
R  INDICATES RECORD WAS SET OR TIED.
MM INDICATES DATA IS MISSING.
T  INDICATES TRACE AMOUNT.




$$
