000
CDUS46 KPQR 300227
CLIEUG


CLIMATE REPORT
NATIONAL WEATHER SERVICE PORTLAND OREGON
726 PM PDT FRI MAY 29 2015


...................................

...THE EUGENE OR CLIMATE SUMMARY FOR MAY 29 2015...
VALID TODAY AS OF 0700 PM LOCAL TIME.

CLIMATE NORMAL PERIOD 1981 TO 2010
CLIMATE RECORD PERIOD 1892 TO 2015


WEATHER ITEM   OBSERVED TIME   RECORD YEAR NORMAL DEPARTURE LAST
                VALUE   (LST)  VALUE       VALUE  FROM      YEAR
                                                  NORMAL
..................................................................
TEMPERATURE (F)
 TODAY
  MAXIMUM         81    312 PM  89    1931  69     12       68
  MINIMUM         51    455 AM  31    2001  45      6       38
  AVERAGE         66                        57      9       53

PRECIPITATION (IN)
  TODAY            0.00          1.46 1932   0.09  -0.09     0.00
  MONTH TO DATE    0.79                      2.57  -1.78     1.64
  SINCE OCT 1     29.03                     41.99 -12.96    25.34
  SINCE JAN 1     11.98                     23.19 -11.21    21.15

SNOWFALL (IN)
  TODAY            0.0
  MONTH TO DATE    0.0
  SINCE MAR 1      0.0
  SINCE JUL 1      0.0

DEGREE DAYS
 HEATING
  TODAY            0                         8     -8       12
  MONTH TO DATE  210                       290    -80      197
  SINCE MAR 1   1093                      1305   -212     1058
  SINCE JUL 1   3655                      4632   -977     4625

 COOLING
  TODAY            1                         0      1        0
  MONTH TO DATE    1                         0      1        3
  SINCE MAR 1      1                         0      1        3
  SINCE JAN 1      1                         0      1        3
..................................................................


WIND (MPH)
  HIGHEST WIND SPEED    10   HIGHEST WIND DIRECTION     N (20)
  HIGHEST GUST SPEED    15   HIGHEST GUST DIRECTION    SE (150)
  AVERAGE WIND SPEED     5.6


SKY COVER
  POSSIBLE SUNSHINE  MM
  AVERAGE SKY COVER 0.5


WEATHER CONDITIONS
 THE FOLLOWING WEATHER WAS RECORDED TODAY.
  NO SIGNIFICANT WEATHER WAS OBSERVED.


RELATIVE HUMIDITY (PERCENT)
 HIGHEST    96           400 AM
 LOWEST     48           200 PM
 AVERAGE    72

..........................................................


THE EUGENE OR CLIMATE NORMALS FOR TOMORROW
                         NORMAL    RECORD    YEAR
 MAXIMUM TEMPERATURE (F)   69        92      1931
 MINIMUM TEMPERATURE (F)   45        33      1920


SUNRISE AND SUNSET
MAY 29 2015...........SUNRISE   534 AM PDT   SUNSET   847 PM PDT
MAY 30 2015...........SUNRISE   534 AM PDT   SUNSET   847 PM PDT


-  INDICATES NEGATIVE NUMBERS.
R  INDICATES RECORD WAS SET OR TIED.
MM INDICATES DATA IS MISSING.
T  INDICATES TRACE AMOUNT.




$$
