000
CDUS46 KPQR 230221
CLIEUG


CLIMATE REPORT
NATIONAL WEATHER SERVICE PORTLAND OREGON
721 PM PDT WED MAR 22 2017


...................................

...THE EUGENE OR CLIMATE SUMMARY FOR MARCH 22 2017...
VALID TODAY AS OF 0700 PM LOCAL TIME.

CLIMATE NORMAL PERIOD 1981 TO 2010
CLIMATE RECORD PERIOD 1892 TO 2017


WEATHER ITEM   OBSERVED TIME   RECORD YEAR NORMAL DEPARTURE LAST
                VALUE   (LST)  VALUE       VALUE  FROM      YEAR
                                                  NORMAL
..................................................................
TEMPERATURE (F)
 TODAY
  MAXIMUM         54    313 PM  75    1926  57     -3       57
                                      1915
  MINIMUM         44    725 AM  26    1913  38      6       40
                                      1898
  AVERAGE         49                        48      1       49

PRECIPITATION (IN)
  TODAY            0.05          1.10 1976   0.15  -0.10     0.52
  MONTH TO DATE    3.75                      3.64   0.11     5.30
  SINCE OCT 1     36.72                     34.74   1.98    33.98
  SINCE JAN 1     17.13                     15.94   1.19    15.14

SNOWFALL (IN)
  TODAY            0.0
  MONTH TO DATE    T
  SINCE MAR 1      T
  SINCE JUL 1      5.1

DEGREE DAYS
 HEATING
  TODAY           16                        18     -2       16
  MONTH TO DATE  380                       415    -35      353
  SINCE MAR 1    380                       415    -35      353
  SINCE JUL 1   3581                      3742   -161     3158

 COOLING
  TODAY            0                         0      0        0
  MONTH TO DATE    0                         0      0        0
  SINCE MAR 1      0                         0      0        0
  SINCE JAN 1      0                         0      0        0
..................................................................


WIND (MPH)
  HIGHEST WIND SPEED    22   HIGHEST WIND DIRECTION    SW (210)
  HIGHEST GUST SPEED    28   HIGHEST GUST DIRECTION    SW (210)
  AVERAGE WIND SPEED    11.3


SKY COVER
  POSSIBLE SUNSHINE  MM
  AVERAGE SKY COVER 0.8


WEATHER CONDITIONS
 THE FOLLOWING WEATHER WAS RECORDED TODAY.
  LIGHT RAIN
  FOG


RELATIVE HUMIDITY (PERCENT)
 HIGHEST    93           100 AM
 LOWEST     63           500 PM
 AVERAGE    78

..........................................................


THE EUGENE OR CLIMATE NORMALS FOR TOMORROW
                         NORMAL    RECORD    YEAR
 MAXIMUM TEMPERATURE (F)   57        75      1915
 MINIMUM TEMPERATURE (F)   38        27      1913


SUNRISE AND SUNSET
MARCH 22 2017.........SUNRISE   712 AM PDT   SUNSET   728 PM PDT
MARCH 23 2017.........SUNRISE   710 AM PDT   SUNSET   729 PM PDT


-  INDICATES NEGATIVE NUMBERS.
R  INDICATES RECORD WAS SET OR TIED.
MM INDICATES DATA IS MISSING.
T  INDICATES TRACE AMOUNT.




$$
