000
CDUS46 KPQR 160228
CLIEUG


CLIMATE REPORT
NATIONAL WEATHER SERVICE PORTLAND OREGON
628 PM PST FRI DEC 15 2017


...................................

...THE EUGENE OR CLIMATE SUMMARY FOR DECEMBER 15 2017...
VALID TODAY AS OF 0600 PM LOCAL TIME.

CLIMATE NORMAL PERIOD 1981 TO 2010
CLIMATE RECORD PERIOD 1892 TO 2017


WEATHER ITEM   OBSERVED TIME   RECORD YEAR NORMAL DEPARTURE LAST
                VALUE   (LST)  VALUE       VALUE  FROM      YEAR
                                                  NORMAL
..................................................................
TEMPERATURE (F)
 TODAY
  MAXIMUM         40    403 PM  65    1941  45     -5       32
  MINIMUM         26    722 AM  10    1932  34     -8       29
  AVERAGE         33                        39     -6       31

PRECIPITATION (IN)
  TODAY            T             3.02 1982   0.25  -0.25     0.00
  MONTH TO DATE    0.58                      4.07  -3.49     4.22
  SINCE OCT 1     12.12                     15.04  -2.92    18.71
  SINCE JAN 1     38.78                     42.34  -3.56    40.45

SNOWFALL (IN)
  TODAY           MM
  MONTH TO DATE    0.0
  SINCE DEC 1      0.0
  SINCE JUL 1      0.0

DEGREE DAYS
 HEATING
  TODAY           32                        26      6       34
  MONTH TO DATE  457                       371     86      401
  SINCE DEC 1    457                       371     86      401
  SINCE JUL 1   1586                      1544     42     1234

 COOLING
  TODAY            0                         0      0        0
  MONTH TO DATE    0                         0      0        0
  SINCE DEC 1      0                         0      0        0
  SINCE JAN 1    376                       239    137      325
..................................................................


WIND (MPH)
  HIGHEST WIND SPEED    12   HIGHEST WIND DIRECTION    NW (300)
  HIGHEST GUST SPEED    12   HIGHEST GUST DIRECTION    NW (300)
  AVERAGE WIND SPEED     2.8


SKY COVER
  POSSIBLE SUNSHINE  MM
  AVERAGE SKY COVER 0.6


WEATHER CONDITIONS
 THE FOLLOWING WEATHER WAS RECORDED TODAY.
  LIGHT RAIN
  FOG


RELATIVE HUMIDITY (PERCENT)
 HIGHEST   100          1200 AM
 LOWEST     92          1100 AM
 AVERAGE    96

..........................................................


THE EUGENE OR CLIMATE NORMALS FOR TOMORROW
                         NORMAL    RECORD    YEAR
 MAXIMUM TEMPERATURE (F)   45        61      1974
 MINIMUM TEMPERATURE (F)   34        10      2008


SUNRISE AND SUNSET
DECEMBER 15 2017......SUNRISE   741 AM PST   SUNSET   435 PM PST
DECEMBER 16 2017......SUNRISE   742 AM PST   SUNSET   435 PM PST


-  INDICATES NEGATIVE NUMBERS.
R  INDICATES RECORD WAS SET OR TIED.
MM INDICATES DATA IS MISSING.
T  INDICATES TRACE AMOUNT.




$$
