000
CDUS46 KPQR 191144
CLIEUG


CLIMATE REPORT
NATIONAL WEATHER SERVICE PORTLAND OREGON
443 AM PDT SAT AUG 19 2017


...................................

...THE EUGENE OR CLIMATE SUMMARY FOR AUGUST 18 2017...

CLIMATE NORMAL PERIOD 1981 TO 2010
CLIMATE RECORD PERIOD 1892 TO 2017


WEATHER ITEM   OBSERVED TIME   RECORD YEAR NORMAL DEPARTURE LAST
                VALUE   (LST)  VALUE       VALUE  FROM      YEAR
                                                  NORMAL
..................................................................
TEMPERATURE (F)
 YESTERDAY
  MAXIMUM         87    427 PM  98    1950  83      4       97
  MINIMUM         50    546 AM  38    1914  51     -1       51
  AVERAGE         69                        67      2       74

PRECIPITATION (IN)
  YESTERDAY        0.00          0.46 1979   0.02  -0.02     0.00
                                      1926
  MONTH TO DATE    0.14                      0.26  -0.12      T
  SINCE OCT 1     45.20                     44.46   0.74    39.80
  SINCE JAN 1     25.61                     25.66  -0.05    20.96

SNOWFALL (IN)
  YESTERDAY        0.0
  MONTH TO DATE    0.0
  SINCE JUN 1      0.0
  SINCE JUL 1      0.0

DEGREE DAYS
 HEATING
  YESTERDAY        0                         1     -1        0
  MONTH TO DATE   10                        18     -8       11
  SINCE JUN 1    140                       211    -71      121
  SINCE JUL 1     15                        54    -39       21

 COOLING
  YESTERDAY        4                         3      1        9
  MONTH TO DATE  124                        63     61       83
  SINCE JUN 1    240                       175     65      233
  SINCE JAN 1    253                       180     73      236
..................................................................


WIND (MPH)
  HIGHEST WIND SPEED    17   HIGHEST WIND DIRECTION     N (360)
  HIGHEST GUST SPEED    20   HIGHEST GUST DIRECTION    NE (40)
  AVERAGE WIND SPEED     7.7


SKY COVER
  POSSIBLE SUNSHINE  MM
  AVERAGE SKY COVER 0.1


WEATHER CONDITIONS
 THE FOLLOWING WEATHER WAS RECORDED YESTERDAY.
  NO SIGNIFICANT WEATHER WAS OBSERVED.


RELATIVE HUMIDITY (PERCENT)
 HIGHEST    96           600 AM
 LOWEST     26           400 PM
 AVERAGE    61

..........................................................


THE EUGENE OR CLIMATE NORMALS FOR TODAY
                         NORMAL    RECORD    YEAR
 MAXIMUM TEMPERATURE (F)   83       104      2016
 MINIMUM TEMPERATURE (F)   51        40      1916


SUNRISE AND SUNSET
AUGUST 19 2017........SUNRISE   621 AM PDT   SUNSET   810 PM PDT
AUGUST 20 2017........SUNRISE   623 AM PDT   SUNSET   809 PM PDT


-  INDICATES NEGATIVE NUMBERS.
R  INDICATES RECORD WAS SET OR TIED.
MM INDICATES DATA IS MISSING.
T  INDICATES TRACE AMOUNT.




$$
