000
CDUS46 KPQR 051141
CLIEUG


CLIMATE REPORT
NATIONAL WEATHER SERVICE PORTLAND OREGON
440 AM PDT SAT SEP 5 2015


...................................

...THE EUGENE OR CLIMATE SUMMARY FOR SEPTEMBER 4 2015...

CLIMATE NORMAL PERIOD 1981 TO 2010
CLIMATE RECORD PERIOD 1892 TO 2015


WEATHER ITEM   OBSERVED TIME   RECORD YEAR NORMAL DEPARTURE LAST
                VALUE   (LST)  VALUE       VALUE  FROM      YEAR
                                                  NORMAL
..................................................................
TEMPERATURE (F)
 YESTERDAY
  MAXIMUM         69   1206 PM  97    2003  80    -11       87
                                      1955
  MINIMUM         42    508 AM  40    1980  49     -7       48
  AVERAGE         56                        65     -9       68

PRECIPITATION (IN)
  YESTERDAY        0.05          0.43 1996   0.04   0.01     0.00
  MONTH TO DATE    0.25                      0.13   0.12     0.00
  SINCE OCT 1     29.94                     44.94 -15.00    27.19
  SINCE JAN 1     12.89                     26.14 -13.25    23.00

SNOWFALL (IN)
  YESTERDAY       MM
  MONTH TO DATE    0.0
  SINCE SEP 1      0.0
  SINCE JUL 1      0.0

DEGREE DAYS
 HEATING
  YESTERDAY        9                         2      7        0
  MONTH TO DATE   19                         8     11        5
  SINCE SEP 1     19                         8     11        5
  SINCE JUL 1     26                        75    -49       12

 COOLING
  YESTERDAY        0                         2     -2        3
  MONTH TO DATE    3                         8     -5        7
  SINCE SEP 1      3                         8     -5        7
  SINCE JAN 1    495                       216    279      415
..................................................................


WIND (MPH)
  HIGHEST WIND SPEED    20   HIGHEST WIND DIRECTION     W (280)
  HIGHEST GUST SPEED    24   HIGHEST GUST DIRECTION     W (280)
  AVERAGE WIND SPEED     4.5


SKY COVER
  POSSIBLE SUNSHINE  MM
  AVERAGE SKY COVER 0.5


WEATHER CONDITIONS
 THE FOLLOWING WEATHER WAS RECORDED YESTERDAY.
  THUNDERSTORM
  LIGHT RAIN
  FOG


RELATIVE HUMIDITY (PERCENT)
 HIGHEST    96           500 AM
 LOWEST     44          1200 PM
 AVERAGE    70

..........................................................


THE EUGENE OR CLIMATE NORMALS FOR TODAY
                         NORMAL    RECORD    YEAR
 MAXIMUM TEMPERATURE (F)   80       101      1944
 MINIMUM TEMPERATURE (F)   49        41      2010


SUNRISE AND SUNSET
SEPTEMBER  5 2015.....SUNRISE   640 AM PDT   SUNSET   742 PM PDT
SEPTEMBER  6 2015.....SUNRISE   641 AM PDT   SUNSET   740 PM PDT


-  INDICATES NEGATIVE NUMBERS.
R  INDICATES RECORD WAS SET OR TIED.
MM INDICATES DATA IS MISSING.
T  INDICATES TRACE AMOUNT.




$$
