000
CDUS43 KPAH 230631
CLIEVV


CLIMATE REPORT
NATIONAL WEATHER SERVICE PADUCAH KY
1228 AM CST SUN NOV 23 2014


...................................

...THE EVANSVILLE IN CLIMATE SUMMARY FOR NOVEMBER 22 2014...

CLIMATE NORMAL PERIOD 1981 TO 2010
CLIMATE RECORD PERIOD 1896 TO 2014


WEATHER ITEM   OBSERVED TIME   RECORD YEAR NORMAL DEPARTURE LAST
                VALUE   (LST)  VALUE       VALUE  FROM      YEAR
                                                  NORMAL
..................................................................
TEMPERATURE (F)
 YESTERDAY
  MAXIMUM         64    224 PM  78    1900  53     11       55
  MINIMUM         40    301 AM  10    1964  34      6       39
  AVERAGE         52                        44      8       47

PRECIPITATION (IN)
  YESTERDAY        0.01          1.53 1899   0.15  -0.14     0.03
  MONTH TO DATE    0.93                      3.13  -2.20     2.02
  SINCE SEP 1      7.68                      9.43  -1.75    10.90
  SINCE JAN 1     41.86                     40.35   1.51    46.23

SNOWFALL (IN)
  YESTERDAY        0.0           T    1975   0.0    0.0      0.0
  MONTH TO DATE    2.2                       0.0    2.2       T
  SINCE SEP 1      2.2                       0.2    2.0       T
  SINCE JUL 1      2.2                       0.2    2.0       T
  SNOW DEPTH       0

DEGREE DAYS
 HEATING
  YESTERDAY       13                        21     -8       18
  MONTH TO DATE  571                       372    199      389
  SINCE SEP 1    825                       674    151      648
  SINCE JUL 1    825                       675    150      648

 COOLING
  YESTERDAY        0                         0      0        0
  MONTH TO DATE    0                         0      0        0
  SINCE SEP 1    197                       196      1      272
  SINCE JAN 1   1477                      1395     82     1464
..................................................................


WIND (MPH)
  HIGHEST WIND SPEED    25   HIGHEST WIND DIRECTION     S (200)
  HIGHEST GUST SPEED    35   HIGHEST GUST DIRECTION    SW (210)
  AVERAGE WIND SPEED     9.4


SKY COVER
  AVERAGE SKY COVER 0.6


WEATHER CONDITIONS
 THE FOLLOWING WEATHER WAS RECORDED YESTERDAY.
  LIGHT RAIN


RELATIVE HUMIDITY (PERCENT)
 HIGHEST    62
 LOWEST     40
 AVERAGE    51

..........................................................


THE EVANSVILLE IN CLIMATE NORMALS FOR TODAY
                         NORMAL    RECORD    YEAR
 MAXIMUM TEMPERATURE (F)   53        76      1931
 MINIMUM TEMPERATURE (F)   34        13      1950


SUNRISE AND SUNSET
NOVEMBER 23 2014......SUNRISE   639 AM CST   SUNSET   433 PM CST
NOVEMBER 24 2014......SUNRISE   640 AM CST   SUNSET   433 PM CST


-  INDICATES NEGATIVE NUMBERS.
R  INDICATES RECORD WAS SET OR TIED.
MM INDICATES DATA IS MISSING.
T  INDICATES TRACE AMOUNT.




$$
