000
CDUS43 KPAH 262127
CLIEVV


CLIMATE REPORT
NATIONAL WEATHER SERVICE PADUCAH KY
425 PM CDT MON JUN 26 2017

...................................

...THE EVANSVILLE IN CLIMATE SUMMARY FOR JUNE 26 2017...
VALID TODAY AS OF 0400 PM LOCAL TIME.

CLIMATE NORMAL PERIOD 1981 TO 2010
CLIMATE RECORD PERIOD 1896 TO 2017

WEATHER ITEM   OBSERVED TIME   RECORD YEAR NORMAL DEPARTURE LAST
                VALUE   (LST)  VALUE       VALUE  FROM      YEAR
                                                  NORMAL
..................................................................
TEMPERATURE (F)
 TODAY
  MAXIMUM         79    258 PM 104    1954  88     -9       96
  MINIMUM         53    443 AM  51    1979  67    -14       72
  AVERAGE         66                        77    -11       84

PRECIPITATION (IN)
  TODAY            0.00          3.15 1943   0.11  -0.11     2.92
  MONTH TO DATE    3.55                      3.34   0.21     4.31
  SINCE JUN 1      3.55                      3.34   0.21     4.31
  SINCE JAN 1     24.55                     23.58   0.97    26.06

SNOWFALL (IN)
  TODAY            0.0                                       0.0
  MONTH TO DATE    0.0                                       0.0
  SINCE JUL 1      1.4                                      14.2
  SNOW DEPTH       0
..................................................................

WIND (MPH)
  HIGHEST WIND SPEED    13   HIGHEST WIND DIRECTION    NW (300)
  HIGHEST GUST SPEED    18   HIGHEST GUST DIRECTION     N (360)
..........................................................

THE EVANSVILLE IN CLIMATE NORMALS FOR TOMORROW
                         NORMAL    RECORD    YEAR
 MAXIMUM TEMPERATURE (F)   88       102      1978
 MINIMUM TEMPERATURE (F)   67        54      1979

SUNRISE AND SUNSET
JUNE 26 2017..........SUNRISE   529 AM CDT   SUNSET   817 PM CDT
JUNE 27 2017..........SUNRISE   530 AM CDT   SUNSET   817 PM CDT

-  INDICATES NEGATIVE NUMBERS.
R  INDICATES RECORD WAS SET OR TIED.
MM INDICATES DATA IS MISSING.
T  INDICATES TRACE AMOUNT.

$$
