000
CDUS43 KPAH 160628
CLIEVV


CLIMATE REPORT
NATIONAL WEATHER SERVICE PADUCAH KY
127 AM CDT TUE SEP 16 2014


...................................

...THE EVANSVILLE IN CLIMATE SUMMARY FOR SEPTEMBER 15 2014...

CLIMATE NORMAL PERIOD 1981 TO 2010
CLIMATE RECORD PERIOD 1896 TO 2014


WEATHER ITEM   OBSERVED TIME   RECORD YEAR NORMAL DEPARTURE LAST
                VALUE   (LST)  VALUE       VALUE  FROM      YEAR
                                                  NORMAL
..................................................................
TEMPERATURE (F)
 YESTERDAY
  MAXIMUM         76    258 PM  99    1939  82     -6       81
  MINIMUM         51    550 AM  41    1996  57     -6       49
  AVERAGE         64                        69     -5       65

PRECIPITATION (IN)
  YESTERDAY        T             1.41 1911   0.10  -0.10     0.00
  MONTH TO DATE    1.64                      1.52   0.12     1.20
  SINCE SEP 1      1.64                      1.52   0.12     1.20
  SINCE JAN 1     35.82                     32.44   3.38    36.53

SNOWFALL (IN)
  YESTERDAY        0.0           0.0    MM   0.0    0.0      0.0
  MONTH TO DATE    0.0                       0.0    0.0      0.0
  SINCE SEP 1      0.0                       0.0    0.0      0.0
  SINCE JUL 1      0.0                       0.0    0.0      0.0
  SNOW DEPTH       0

DEGREE DAYS
 HEATING
  YESTERDAY        1                         1      0        0
  MONTH TO DATE   15                         5     10        4
  SINCE SEP 1     15                         5     10        4
  SINCE JUL 1     15                         6      9        4

 COOLING
  YESTERDAY        0                         5     -5        0
  MONTH TO DATE  108                       113     -5      149
  SINCE SEP 1    108                       113     -5      149
  SINCE JAN 1   1388                      1312     76     1341
..................................................................


WIND (MPH)
  HIGHEST WIND SPEED    10   HIGHEST WIND DIRECTION    NW (320)
  HIGHEST GUST SPEED    16   HIGHEST GUST DIRECTION    NW (320)
  AVERAGE WIND SPEED     3.7


SKY COVER
  AVERAGE SKY COVER 0.5


WEATHER CONDITIONS
 THE FOLLOWING WEATHER WAS RECORDED YESTERDAY.
  LIGHT RAIN
  FOG


RELATIVE HUMIDITY (PERCENT)
 HIGHEST    96
 LOWEST     46
 AVERAGE    71

..........................................................


THE EVANSVILLE IN CLIMATE NORMALS FOR TODAY
                         NORMAL    RECORD    YEAR
 MAXIMUM TEMPERATURE (F)   81        97      1954
                                             1897
 MINIMUM TEMPERATURE (F)   57        42      1966


SUNRISE AND SUNSET
SEPTEMBER 16 2014.....SUNRISE   633 AM CDT   SUNSET   657 PM CDT
SEPTEMBER 17 2014.....SUNRISE   634 AM CDT   SUNSET   655 PM CDT


-  INDICATES NEGATIVE NUMBERS.
R  INDICATES RECORD WAS SET OR TIED.
MM INDICATES DATA IS MISSING.
T  INDICATES TRACE AMOUNT.




$$
