000
CDUS45 KSLC 271237
CLIEVW


CLIMATE REPORT
NATIONAL WEATHER SERVICE SALT LAKE CITY UT
537 AM MST SAT DEC 27 2014


...................................

...THE EVANSTON WY CLIMATE SUMMARY FOR DECEMBER 26 2014...

CLIMATE NORMAL PERIOD 1981 TO 2010
CLIMATE RECORD PERIOD 9999 TO 9999


WEATHER ITEM   OBSERVED TIME   RECORD YEAR NORMAL DEPARTURE LAST
                VALUE   (LST)  VALUE       VALUE  FROM      YEAR
                                                  NORMAL
..................................................................
TEMPERATURE (F)
 YESTERDAY
  MAXIMUM         21    119 PM  MM      MM  28     -7       32
  MINIMUM          5    956 PM  MM      MM  13     -8       13
  AVERAGE         13                        20     -7       23

PRECIPITATION (IN)
  YESTERDAY        0.01         MM      MM   0.02  -0.01     0.00
  MONTH TO DATE    0.18                      0.49  -0.31     0.06
  SINCE OCT 1      0.88                      2.70  -1.82     1.20
  SINCE JAN 1     10.01                     12.04  -2.03     5.26

DEGREE DAYS
 HEATING
  YESTERDAY       52                        45      7       42
  MONTH TO DATE  860                      1150   -290     1217
  SINCE DEC 1    860                      1150   -290     1217
  SINCE JUL 1   2656                      3259   -603     3112

 COOLING
  YESTERDAY        0                         0      0        0
  MONTH TO DATE    0                         0      0        0
  SINCE DEC 1      0                         0      0        0
  SINCE JAN 1    219                       162     57      348
..................................................................


WIND (MPH)
  RESULTANT WIND SPEED   3   RESULTANT WIND DIRECTION   N (20)
  HIGHEST WIND SPEED    17   HIGHEST WIND DIRECTION     E (80)
  HIGHEST GUST SPEED    21   HIGHEST GUST DIRECTION     E (90)
  AVERAGE WIND SPEED     6.7


SKY COVER
  POSSIBLE SUNSHINE  MM
  AVERAGE SKY COVER 0.9


WEATHER CONDITIONS
 THE FOLLOWING WEATHER WAS RECORDED YESTERDAY.
  LIGHT SNOW
  FOG
  HAZE


RELATIVE HUMIDITY (PERCENT)
 HIGHEST    92           800 AM
 LOWEST     67           200 PM
 AVERAGE    80

..........................................................


THE EVANSTON WY CLIMATE NORMALS FOR TODAY
                         NORMAL    RECORD    YEAR
 MAXIMUM TEMPERATURE (F)   28        MM        MM
 MINIMUM TEMPERATURE (F)   13        MM        MM


SUNRISE AND SUNSET
DECEMBER 27 2014......SUNRISE   749 AM MST   SUNSET   502 PM MST
DECEMBER 28 2014......SUNRISE   749 AM MST   SUNSET   502 PM MST


-  INDICATES NEGATIVE NUMBERS.
R  INDICATES RECORD WAS SET OR TIED.
MM INDICATES DATA IS MISSING.
T  INDICATES TRACE AMOUNT.




$$
