000
CDUS45 KSLC 070017
CLIEVW


CLIMATE REPORT
NATIONAL WEATHER SERVICE SALT LAKE CITY UT
616 PM MDT MON JUL 6 2015


...................................

...THE EVANSTON WY CLIMATE SUMMARY FOR JULY 6 2015...
VALID TODAY AS OF 0500 PM LOCAL TIME.

CLIMATE NORMAL PERIOD 1981 TO 2010
CLIMATE RECORD PERIOD 9999 TO 9999


WEATHER ITEM   OBSERVED TIME   RECORD YEAR NORMAL DEPARTURE LAST
                VALUE   (LST)  VALUE       VALUE  FROM      YEAR
                                                  NORMAL
..................................................................
TEMPERATURE (F)
 TODAY
  MAXIMUM         80        MM  MM      MM  79      1       89
  MINIMUM         52        MM  MM      MM  51      1       56
  AVERAGE         66                        65      1       73

PRECIPITATION (IN)
  TODAY            0.00         MM      MM   0.03  -0.03     0.00
  MONTH TO DATE    0.35                      0.25   0.10     0.00
  SINCE OCT 1      8.38                      9.21  -0.83     3.57
  SINCE JAN 1      7.50                      6.42   1.08     2.37

DEGREE DAYS
 HEATING
  TODAY            0                         2     -2        0
  MONTH TO DATE    1                        15    -14        4
  SINCE JUN 1     75                       245   -170      227
  SINCE JUL 1      1                        15    -14        4

 COOLING
  TODAY            1                         2     -1        8
  MONTH TO DATE   36                         7     29       32
  SINCE JUN 1    106                        20     86       33
  SINCE JAN 1    106                        21     85       38
..................................................................


WIND (MPH)
  RESULTANT WIND SPEED   2   RESULTANT WIND DIRECTION   E (100)
  HIGHEST WIND SPEED    22   HIGHEST WIND DIRECTION     W (270)
  HIGHEST GUST SPEED    28   HIGHEST GUST DIRECTION     W (270)
  AVERAGE WIND SPEED     8.5


SKY COVER
  POSSIBLE SUNSHINE  MM
  AVERAGE SKY COVER 0.2


WEATHER CONDITIONS
 THE FOLLOWING WEATHER WAS RECORDED TODAY.
  THUNDERSTORM


RELATIVE HUMIDITY (PERCENT)
 HIGHEST    96           400 AM
 LOWEST     30           300 PM
 AVERAGE    63

..........................................................


THE EVANSTON WY CLIMATE NORMALS FOR TOMORROW
                         NORMAL    RECORD    YEAR
 MAXIMUM TEMPERATURE (F)   79        MM        MM
 MINIMUM TEMPERATURE (F)   51        MM        MM


SUNRISE AND SUNSET
JULY  6 2015..........SUNRISE   558 AM MDT   SUNSET   900 PM MDT
JULY  7 2015..........SUNRISE   558 AM MDT   SUNSET   900 PM MDT


-  INDICATES NEGATIVE NUMBERS.
R  INDICATES RECORD WAS SET OR TIED.
MM INDICATES DATA IS MISSING.
T  INDICATES TRACE AMOUNT.




$$
