000
CDUS45 KSLC 211228
CLIEVW


CLIMATE REPORT
NATIONAL WEATHER SERVICE SALT LAKE CITY UT
627 AM MDT THU AUG 21 2014


...................................

...THE EVANSTON WY CLIMATE SUMMARY FOR AUGUST 20 2014...

CLIMATE NORMAL PERIOD 1981 TO 2010
CLIMATE RECORD PERIOD 9999 TO 9999


WEATHER ITEM   OBSERVED TIME   RECORD YEAR NORMAL DEPARTURE LAST
                VALUE   (LST)  VALUE       VALUE  FROM      YEAR
                                                  NORMAL
..................................................................
TEMPERATURE (F)
 YESTERDAY
  MAXIMUM         74    332 PM  MM      MM  78     -4       82
  MINIMUM         50   1041 PM  MM      MM  50      0       58
  AVERAGE         62                        64     -2       70

PRECIPITATION (IN)
  YESTERDAY        0.34         MM      MM   0.02   0.32     0.06
  MONTH TO DATE    1.10                      0.62   0.48     0.14
  SINCE OCT 1      5.66                     10.48  -4.82     4.58
  SINCE JAN 1      4.46                      7.69  -3.23     2.35

DEGREE DAYS
 HEATING
  YESTERDAY        3                         2      1        0
  MONTH TO DATE   19                        28     -9        1
  SINCE JUN 1    261                       294    -33      138
  SINCE JUL 1     38                        64    -26        5

 COOLING
  YESTERDAY        0                         1     -1        5
  MONTH TO DATE   39                        50    -11       79
  SINCE JUN 1    201                       145     56      299
  SINCE JAN 1    206                       146     60      299
..................................................................


WIND (MPH)
  RESULTANT WIND SPEED   9   RESULTANT WIND DIRECTION  SW (240)
  HIGHEST WIND SPEED    32   HIGHEST WIND DIRECTION    NW (320)
  HIGHEST GUST SPEED    41   HIGHEST GUST DIRECTION    NW (310)
  AVERAGE WIND SPEED    11.7


SKY COVER
  POSSIBLE SUNSHINE  MM
  AVERAGE SKY COVER 0.6


WEATHER CONDITIONS
 THE FOLLOWING WEATHER WAS RECORDED YESTERDAY.
  THUNDERSTORM
  RAIN
  LIGHT RAIN
  FOG


RELATIVE HUMIDITY (PERCENT)
 HIGHEST   100           500 AM
 LOWEST     31           400 PM
 AVERAGE    66

..........................................................


THE EVANSTON WY CLIMATE NORMALS FOR TODAY
                         NORMAL    RECORD    YEAR
 MAXIMUM TEMPERATURE (F)   78        MM        MM
 MINIMUM TEMPERATURE (F)   50        MM        MM


SUNRISE AND SUNSET
AUGUST 21 2014........SUNRISE   640 AM MDT   SUNSET   814 PM MDT
AUGUST 22 2014........SUNRISE   641 AM MDT   SUNSET   813 PM MDT


-  INDICATES NEGATIVE NUMBERS.
R  INDICATES RECORD WAS SET OR TIED.
MM INDICATES DATA IS MISSING.
T  INDICATES TRACE AMOUNT.




$$
