824
CDUS45 KSLC 211236
CLIEVW


CLIMATE REPORT
NATIONAL WEATHER SERVICE SALT LAKE CITY UT
536 AM MST SAT JAN 21 2017


...................................

...THE EVANSTON WY CLIMATE SUMMARY FOR JANUARY 20 2017...

CLIMATE NORMAL PERIOD 1981 TO 2010
CLIMATE RECORD PERIOD 9999 TO 9999


WEATHER ITEM   OBSERVED TIME   RECORD YEAR NORMAL DEPARTURE LAST
                VALUE   (LST)  VALUE       VALUE  FROM      YEAR
                                                  NORMAL
..................................................................
TEMPERATURE (F)
 YESTERDAY
  MAXIMUM         28    413 PM  MM      MM  29     -1       31
  MINIMUM         15   1159 PM  MM      MM  14      1       14
  AVERAGE         22                        22      0       23

PRECIPITATION (IN)
  YESTERDAY        0.00         MM      MM   0.02  -0.02     0.02
  MONTH TO DATE    0.67                      0.36   0.31     0.10
  SINCE OCT 1      2.25                      3.15  -0.90     1.09
  SINCE JAN 1      0.67                      0.36   0.31     0.10

DEGREE DAYS
 HEATING
  YESTERDAY       43                        43      0       42
  MONTH TO DATE  956                       870     86      924
  SINCE DEC 1   2324                      2240     84     2284
  SINCE JUL 1   3975                      4349   -374     3973

 COOLING
  YESTERDAY        0                         0      0        0
  MONTH TO DATE    0                         0      0        0
  SINCE DEC 1      0                         0      0        0
  SINCE JAN 1      0                         0      0        0
..................................................................


WIND (MPH)
  RESULTANT WIND SPEED   2   RESULTANT WIND DIRECTION  SE (140)
  HIGHEST WIND SPEED    15   HIGHEST WIND DIRECTION     E (90)
  HIGHEST GUST SPEED    18   HIGHEST GUST DIRECTION     E (100)
  AVERAGE WIND SPEED     6.8


SKY COVER
  POSSIBLE SUNSHINE  MM
  AVERAGE SKY COVER 0.7


WEATHER CONDITIONS
 THE FOLLOWING WEATHER WAS RECORDED YESTERDAY.
  FOG
  FOG W/VISIBILITY <= 1/4 MILE
  HAZE


RELATIVE HUMIDITY (PERCENT)
 HIGHEST    92          1200 AM
 LOWEST     68           100 PM
 AVERAGE    80

..........................................................


THE EVANSTON WY CLIMATE NORMALS FOR TODAY
                         NORMAL    RECORD    YEAR
 MAXIMUM TEMPERATURE (F)   29        MM        MM
 MINIMUM TEMPERATURE (F)   14        MM        MM


SUNRISE AND SUNSET
JANUARY 21 2017.......SUNRISE   744 AM MST   SUNSET   527 PM MST
JANUARY 22 2017.......SUNRISE   743 AM MST   SUNSET   529 PM MST


-  INDICATES NEGATIVE NUMBERS.
R  INDICATES RECORD WAS SET OR TIED.
MM INDICATES DATA IS MISSING.
T  INDICATES TRACE AMOUNT.




$$
