000
CDUS45 KSLC 201226
CLIEVW


CLIMATE REPORT
NATIONAL WEATHER SERVICE SALT LAKE CITY UT
626 AM MDT WED SEP 20 2017


...................................

...THE EVANSTON WY CLIMATE SUMMARY FOR SEPTEMBER 19 2017...

CLIMATE NORMAL PERIOD 1981 TO 2010
CLIMATE RECORD PERIOD 9999 TO 9999


WEATHER ITEM   OBSERVED TIME   RECORD YEAR NORMAL DEPARTURE LAST
                VALUE   (LST)  VALUE       VALUE  FROM      YEAR
                                                  NORMAL
..................................................................
TEMPERATURE (F)
 YESTERDAY
  MAXIMUM         48    448 PM  MM      MM  67    -19       79
  MINIMUM         34   1154 PM  MM      MM  41     -7       MM
  AVERAGE         41                        54    -13       MM

PRECIPITATION (IN)
  YESTERDAY        T            MM      MM   0.04  -0.04     0.00
  MONTH TO DATE    T                         0.78  -0.78     0.61
  SINCE OCT 1      6.94                     11.60  -4.66     5.47
  SINCE JAN 1      5.36                      8.81  -3.45     4.48

DEGREE DAYS
 HEATING
  YESTERDAY       24                        11     13       MM
  MONTH TO DATE   95                       151    -56      134
  SINCE SEP 1     95                       151    -56      134
  SINCE JUL 1    119                       254   -135      193

 COOLING
  YESTERDAY        0                         0      0       MM
  MONTH TO DATE   37                         0     37        6
  SINCE SEP 1     37                         0     37        6
  SINCE JAN 1    333                       157    176      292
..................................................................


WIND (MPH)
  RESULTANT WIND SPEED   8   RESULTANT WIND DIRECTION   W (260)
  HIGHEST WIND SPEED    24   HIGHEST WIND DIRECTION     W (260)
  HIGHEST GUST SPEED    30   HIGHEST GUST DIRECTION     W (270)
  AVERAGE WIND SPEED    11.0


SKY COVER
  POSSIBLE SUNSHINE  MM
  AVERAGE SKY COVER 0.7


WEATHER CONDITIONS
 THE FOLLOWING WEATHER WAS RECORDED YESTERDAY.
  RAIN
  LIGHT RAIN
  LIGHT SNOW
  FOG


RELATIVE HUMIDITY (PERCENT)
 HIGHEST   100           200 AM
 LOWEST     53           500 PM
 AVERAGE    77

..........................................................


THE EVANSTON WY CLIMATE NORMALS FOR TODAY
                         NORMAL    RECORD    YEAR
 MAXIMUM TEMPERATURE (F)   67        MM        MM
 MINIMUM TEMPERATURE (F)   41        MM        MM


SUNRISE AND SUNSET
SEPTEMBER 20 2017.....SUNRISE   710 AM MDT   SUNSET   724 PM MDT
SEPTEMBER 21 2017.....SUNRISE   711 AM MDT   SUNSET   722 PM MDT


-  INDICATES NEGATIVE NUMBERS.
R  INDICATES RECORD WAS SET OR TIED.
MM INDICATES DATA IS MISSING.
T  INDICATES TRACE AMOUNT.




$$
