000
CDUS45 KSLC 050019
CLIEVW


CLIMATE REPORT
NATIONAL WEATHER SERVICE SALT LAKE CITY UT
518 PM MST WED MAR 4 2015


...................................

...THE EVANSTON WY CLIMATE SUMMARY FOR MARCH 4 2015...
VALID TODAY AS OF 0500 PM LOCAL TIME.

CLIMATE NORMAL PERIOD 1981 TO 2010
CLIMATE RECORD PERIOD 9999 TO 9999


WEATHER ITEM   OBSERVED TIME   RECORD YEAR NORMAL DEPARTURE LAST
                VALUE   (LST)  VALUE       VALUE  FROM      YEAR
                                                  NORMAL
..................................................................
TEMPERATURE (F)
 TODAY
  MAXIMUM         28    300 PM  MM      MM  36     -8       36
  MINIMUM          8    100 AM  MM      MM  18    -10       25
  AVERAGE         18                        27     -9       31

PRECIPITATION (IN)
  TODAY            0.00         MM      MM   0.02  -0.02     0.02
  MONTH TO DATE    0.20                      0.09   0.11     0.06
  SINCE OCT 1      2.09                      4.03  -1.94     1.29
  SINCE JAN 1      1.21                      1.24  -0.03     0.09

DEGREE DAYS
 HEATING
  TODAY           47                        38      9       34
  MONTH TO DATE  170                       154     16      123
  SINCE MAR 1    170                       154     16      123
  SINCE JUL 1   5142                      6162  -1020     5773

 COOLING
  TODAY            0                         0      0        0
  MONTH TO DATE    0                         0      0        0
  SINCE MAR 1      0                         0      0        0
  SINCE JAN 1      0                         0      0        0
..................................................................


WIND (MPH)
  RESULTANT WIND SPEED  10   RESULTANT WIND DIRECTION  SW (240)
  HIGHEST WIND SPEED    15   HIGHEST WIND DIRECTION    SW (230)
  HIGHEST GUST SPEED    MM   HIGHEST GUST DIRECTION    MM
  AVERAGE WIND SPEED    10.2


SKY COVER
  POSSIBLE SUNSHINE  MM
  AVERAGE SKY COVER 0.3


WEATHER CONDITIONS
 THE FOLLOWING WEATHER WAS RECORDED TODAY.
  NO SIGNIFICANT WEATHER WAS OBSERVED.


RELATIVE HUMIDITY (PERCENT)
 HIGHEST    92           500 AM
 LOWEST     50           200 PM
 AVERAGE    71

..........................................................


THE EVANSTON WY CLIMATE NORMALS FOR TOMORROW
                         NORMAL    RECORD    YEAR
 MAXIMUM TEMPERATURE (F)   36        MM        MM
 MINIMUM TEMPERATURE (F)   19        MM        MM


SUNRISE AND SUNSET
MARCH  4 2015.........SUNRISE   654 AM MST   SUNSET   618 PM MST
MARCH  5 2015.........SUNRISE   652 AM MST   SUNSET   619 PM MST


-  INDICATES NEGATIVE NUMBERS.
R  INDICATES RECORD WAS SET OR TIED.
MM INDICATES DATA IS MISSING.
T  INDICATES TRACE AMOUNT.




$$
