000
CDUS45 KSLC 261229
CLIEVW


CLIMATE REPORT
NATIONAL WEATHER SERVICE SALT LAKE CITY UT
629 AM MDT TUE MAY 26 2015


...................................

...THE EVANSTON WY CLIMATE SUMMARY FOR MAY 25 2015...

CLIMATE NORMAL PERIOD 1981 TO 2010
CLIMATE RECORD PERIOD 9999 TO 9999


WEATHER ITEM   OBSERVED TIME   RECORD YEAR NORMAL DEPARTURE LAST
                VALUE   (LST)  VALUE       VALUE  FROM      YEAR
                                                  NORMAL
..................................................................
TEMPERATURE (F)
 YESTERDAY
  MAXIMUM         55    234 PM  MM      MM  64     -9       71
  MINIMUM         41    614 AM  MM      MM  39      2       42
  AVERAGE         48                        51     -3       57

PRECIPITATION (IN)
  YESTERDAY        0.18         MM      MM   0.04   0.14     0.00
  MONTH TO DATE    3.93                      1.45   2.48     0.84
  SINCE OCT 1      6.83                      7.40  -0.57     2.37
  SINCE JAN 1      5.95                      4.61   1.34     1.17

DEGREE DAYS
 HEATING
  YESTERDAY       17                        14      3        8
  MONTH TO DATE  443                       429     14      389
  SINCE MAR 1   1896                      2258   -362     2078
  SINCE JUL 1   6868                      8266  -1398     7728

 COOLING
  YESTERDAY        0                         0      0        0
  MONTH TO DATE    0                         0      0        0
  SINCE MAR 1      0                         0      0        0
  SINCE JAN 1      0                         0      0        0
..................................................................


WIND (MPH)
  RESULTANT WIND SPEED   3   RESULTANT WIND DIRECTION   S (200)
  HIGHEST WIND SPEED    20   HIGHEST WIND DIRECTION     N (10)
  HIGHEST GUST SPEED    24   HIGHEST GUST DIRECTION     N (20)
  AVERAGE WIND SPEED     6.9


SKY COVER
  POSSIBLE SUNSHINE  MM
  AVERAGE SKY COVER 0.7


WEATHER CONDITIONS
 THE FOLLOWING WEATHER WAS RECORDED YESTERDAY.
  THUNDERSTORM
  RAIN
  LIGHT RAIN
  FOG


RELATIVE HUMIDITY (PERCENT)
 HIGHEST    96          1200 AM
 LOWEST     59           300 PM
 AVERAGE    78

..........................................................


THE EVANSTON WY CLIMATE NORMALS FOR TODAY
                         NORMAL    RECORD    YEAR
 MAXIMUM TEMPERATURE (F)   64        MM        MM
 MINIMUM TEMPERATURE (F)   39        MM        MM


SUNRISE AND SUNSET
MAY 26 2015...........SUNRISE   557 AM MDT   SUNSET   846 PM MDT
MAY 27 2015...........SUNRISE   556 AM MDT   SUNSET   847 PM MDT


-  INDICATES NEGATIVE NUMBERS.
R  INDICATES RECORD WAS SET OR TIED.
MM INDICATES DATA IS MISSING.
T  INDICATES TRACE AMOUNT.




$$
