000
CDUS42 KMHX 120528
CLIEWN


CLIMATE REPORT
NATIONAL WEATHER SERVICE NEWPORT/MOREHEAD CITY NC
1227 AM EST TUE DEC 12 2017


...................................

...THE NEW BERN NC CLIMATE SUMMARY FOR DECEMBER 11 2017...

CLIMATE NORMAL PERIOD 1981 TO 2010
CLIMATE RECORD PERIOD 1948 TO 2017


WEATHER ITEM   OBSERVED TIME   RECORD YEAR NORMAL DEPARTURE LAST
                VALUE   (LST)  VALUE       VALUE  FROM      YEAR
                                                  NORMAL
..................................................................
TEMPERATURE (F)
 YESTERDAY
  MAXIMUM         55    232 PM  75    1971  59     -4       57
  MINIMUM         29    715 AM  18    1968  37     -8       21
  AVERAGE         42                        48     -6       39

PRECIPITATION (IN)
  YESTERDAY        0.00          2.43 1967   0.10  -0.10     0.00
  MONTH TO DATE    2.67                      1.21   1.46     1.90
  SINCE DEC 1      2.67                      1.21   1.46     1.90
  SINCE JAN 1     49.71                     50.56  -0.85    63.71

SNOWFALL (IN)
  YESTERDAY        0.0
  MONTH TO DATE    0.0
  SINCE NOV 1      0.0
  SINCE JUL 1      0.0
  SNOW DEPTH       0

DEGREE DAYS
 HEATING
  YESTERDAY       23                        17      6       26
  MONTH TO DATE  191                       176     15      195
  SINCE DEC 1    191                       176     15      195
  SINCE JUL 1    630                       603     27      590

 COOLING
  YESTERDAY        0                         0      0        0
  MONTH TO DATE    0                         0      0        0
  SINCE DEC 1      0                         0      0        0
  SINCE JAN 1   2150                      1900    250     2260
..................................................................


WIND (MPH)
  HIGHEST WIND SPEED     8   HIGHEST WIND DIRECTION     W (250)
  HIGHEST GUST SPEED    11   HIGHEST GUST DIRECTION    SW (210)
  AVERAGE WIND SPEED     3.0


SKY COVER
  POSSIBLE SUNSHINE  MM
  AVERAGE SKY COVER 0.0


WEATHER CONDITIONS
 THE FOLLOWING WEATHER WAS RECORDED YESTERDAY.
  NO SIGNIFICANT WEATHER WAS OBSERVED.


RELATIVE HUMIDITY (PERCENT)
 HIGHEST   100           900 PM
 LOWEST     38           300 PM
 AVERAGE    69

..........................................................


THE NEW BERN NC CLIMATE NORMALS FOR TODAY
                         NORMAL    RECORD    YEAR
 MAXIMUM TEMPERATURE (F)   58        80      1961
 MINIMUM TEMPERATURE (F)   37        16      1962


SUNRISE AND SUNSET
DECEMBER 12 2017......SUNRISE   707 AM EST   SUNSET   457 PM EST
DECEMBER 13 2017......SUNRISE   708 AM EST   SUNSET   457 PM EST


-  INDICATES NEGATIVE NUMBERS.
R  INDICATES RECORD WAS SET OR TIED.
MM INDICATES DATA IS MISSING.
T  INDICATES TRACE AMOUNT.




$$
