000
CDUS42 KMHX 270527
CLIEWN


CLIMATE REPORT
NATIONAL WEATHER SERVICE NEWPORT/MOREHEAD CITY NC
127 AM EDT TUE SEP 27 2016


...................................

...THE NEW BERN NC CLIMATE SUMMARY FOR SEPTEMBER 26 2016...

CLIMATE NORMAL PERIOD 1981 TO 2010
CLIMATE RECORD PERIOD 1948 TO 2016


WEATHER ITEM   OBSERVED TIME   RECORD YEAR NORMAL DEPARTURE LAST
                VALUE   (LST)  VALUE       VALUE  FROM      YEAR
                                                  NORMAL
..................................................................
TEMPERATURE (F)
 YESTERDAY
  MAXIMUM         80    322 PM  93    1986  80      0       73
  MINIMUM         64    548 AM  46    1967  62      2       69
  AVERAGE         72                        71      1       71

PRECIPITATION (IN)
  YESTERDAY        0.00          1.75 1982   0.19  -0.19     0.58
  MONTH TO DATE   10.83                      5.17   5.66     4.44
  SINCE SEP 1     10.83                      5.17   5.66     4.44
  SINCE JAN 1     54.20                     41.97  12.23    45.66

SNOWFALL (IN)
  YESTERDAY        0.0
  MONTH TO DATE    0.0
  SINCE NOV 1      T
  SINCE JUL 1      0.0
  SNOW DEPTH       0

DEGREE DAYS
 HEATING
  YESTERDAY        0                         1     -1        0
  MONTH TO DATE    0                         1     -1        0
  SINCE SEP 1      0                         1     -1        0
  SINCE JUL 1      0                         1     -1        0

 COOLING
  YESTERDAY        7                         6      1        6
  MONTH TO DATE  326                       250     76      289
  SINCE SEP 1    326                       250     76      289
  SINCE JAN 1   2081                      1779    302     2010
..................................................................


WIND (MPH)
  HIGHEST WIND SPEED    10   HIGHEST WIND DIRECTION    NE (40)
  HIGHEST GUST SPEED    13   HIGHEST GUST DIRECTION     S (160)
  AVERAGE WIND SPEED     3.8


SKY COVER
  POSSIBLE SUNSHINE  MM
  AVERAGE SKY COVER 0.5


WEATHER CONDITIONS
 THE FOLLOWING WEATHER WAS RECORDED YESTERDAY.
  NO SIGNIFICANT WEATHER WAS OBSERVED.


RELATIVE HUMIDITY (PERCENT)
 HIGHEST    90          1100 PM
 LOWEST     58          1200 PM
 AVERAGE    74

..........................................................


THE NEW BERN NC CLIMATE NORMALS FOR TODAY
                         NORMAL    RECORD    YEAR
 MAXIMUM TEMPERATURE (F)   80        94      1986
 MINIMUM TEMPERATURE (F)   61        48      2001


SUNRISE AND SUNSET
SEPTEMBER 27 2016.....SUNRISE   700 AM EDT   SUNSET   657 PM EDT
SEPTEMBER 28 2016.....SUNRISE   701 AM EDT   SUNSET   656 PM EDT


-  INDICATES NEGATIVE NUMBERS.
R  INDICATES RECORD WAS SET OR TIED.
MM INDICATES DATA IS MISSING.
T  INDICATES TRACE AMOUNT.




$$
