000
CDUS42 KMHX 280640
CLIEWN


CLIMATE REPORT
NATIONAL WEATHER SERVICE NEWPORT/MOREHEAD CITY NC
139 AM EST FRI NOV 28 2014


...................................

...THE NEW BERN NC CLIMATE SUMMARY FOR NOVEMBER 27 2014...

CLIMATE NORMAL PERIOD 1981 TO 2010
CLIMATE RECORD PERIOD 1948 TO 2014


WEATHER ITEM   OBSERVED TIME   RECORD YEAR NORMAL DEPARTURE LAST
                VALUE   (LST)  VALUE       VALUE  FROM      YEAR
                                                  NORMAL
..................................................................
TEMPERATURE (F)
 YESTERDAY
  MAXIMUM         57    114 PM  84    1973  63     -6       72
  MINIMUM         37    609 AM  25    2008  41     -4       36
  AVERAGE         47                        52     -5       54

PRECIPITATION (IN)
  YESTERDAY        T             1.83 1992   0.12  -0.12     1.34
  MONTH TO DATE    3.79                      3.04   0.75     4.45
  SINCE SEP 1     13.70                     12.19   1.51    10.91
  SINCE JAN 1     50.71                     48.99   1.72    40.28

SNOWFALL (IN)
  YESTERDAY       MM
  MONTH TO DATE    0.0
  SINCE NOV 1      0.0
  SINCE JUL 1      0.0
  SNOW DEPTH       0

DEGREE DAYS
 HEATING
  YESTERDAY       18                        13      5       11
  MONTH TO DATE  330                       268     62      278
  SINCE SEP 1    385                       385      0      354
  SINCE JUL 1    385                       385      0      354

 COOLING
  YESTERDAY        0                         0      0        0
  MONTH TO DATE   14                        14      0       16
  SINCE SEP 1    482                       370    112      389
  SINCE JAN 1   2193                      1899    294     2006
..................................................................


WIND (MPH)
  HIGHEST WIND SPEED    20   HIGHEST WIND DIRECTION    NW (320)
  HIGHEST GUST SPEED    25   HIGHEST GUST DIRECTION    NW (300)
  AVERAGE WIND SPEED     6.8


SKY COVER
  POSSIBLE SUNSHINE  MM
  AVERAGE SKY COVER 0.4


WEATHER CONDITIONS
 THE FOLLOWING WEATHER WAS RECORDED YESTERDAY.
  LIGHT RAIN


RELATIVE HUMIDITY (PERCENT)
 HIGHEST    92           200 AM
 LOWEST     55          1100 AM
 AVERAGE    74

..........................................................


THE NEW BERN NC CLIMATE NORMALS FOR TODAY
                         NORMAL    RECORD    YEAR
 MAXIMUM TEMPERATURE (F)   63        81      2001
 MINIMUM TEMPERATURE (F)   40        26      2002


SUNRISE AND SUNSET
NOVEMBER 28 2014......SUNRISE   655 AM EST   SUNSET   457 PM EST
NOVEMBER 29 2014......SUNRISE   656 AM EST   SUNSET   457 PM EST


-  INDICATES NEGATIVE NUMBERS.
R  INDICATES RECORD WAS SET OR TIED.
MM INDICATES DATA IS MISSING.
T  INDICATES TRACE AMOUNT.




$$
