000
CDUS42 KMHX 130535
CLIEWN


CLIMATE REPORT
NATIONAL WEATHER SERVICE NEWPORT/MOREHEAD CITY NC
134 AM EDT SUN JUL 13 2014


...................................

...THE NEW BERN NC CLIMATE SUMMARY FOR JULY 12 2014...

CLIMATE NORMAL PERIOD 1981 TO 2010
CLIMATE RECORD PERIOD 1948 TO 2014


WEATHER ITEM   OBSERVED TIME   RECORD YEAR NORMAL DEPARTURE LAST
                VALUE   (LST)  VALUE       VALUE  FROM      YEAR
                                                  NORMAL
..................................................................
TEMPERATURE (F)
 YESTERDAY
  MAXIMUM         90    259 PM  98    1993  90      0       80
  MINIMUM         72   1147 PM  61    1963  72      0       73
  AVERAGE         81                        81      0       77

PRECIPITATION (IN)
  YESTERDAY        0.00          1.69 1975   0.20  -0.20     0.71
  MONTH TO DATE    1.73                      2.17  -0.44     1.82
  SINCE JUN 1      5.22                      6.76  -1.54    10.03
  SINCE JAN 1     23.10                     26.15  -3.05    21.38

SNOWFALL (IN)
  YESTERDAY        0.0
  MONTH TO DATE    0.0
  SINCE NOV 1     14.0
  SINCE JUL 1      0.0
  SNOW DEPTH       0

DEGREE DAYS
 HEATING
  YESTERDAY        0                         0      0        0
  MONTH TO DATE    0                         0      0        0
  SINCE JUN 1      0                         1     -1        0
  SINCE JUL 1      0                         0      0        0

 COOLING
  YESTERDAY       16                        16      0       12
  MONTH TO DATE  198                       185     13      194
  SINCE JUN 1    619                       550     69      603
  SINCE JAN 1    980                       793    187      859
..................................................................


WIND (MPH)
  HIGHEST WIND SPEED    10   HIGHEST WIND DIRECTION     S (170)
  HIGHEST GUST SPEED    16   HIGHEST GUST DIRECTION     S (170)
  AVERAGE WIND SPEED     3.0


SKY COVER
  POSSIBLE SUNSHINE  MM
  AVERAGE SKY COVER 0.3


WEATHER CONDITIONS
 THE FOLLOWING WEATHER WAS RECORDED YESTERDAY.
  FOG
  FOG W/VISIBILITY <= 1/4 MILE
  HAZE


RELATIVE HUMIDITY (PERCENT)
 HIGHEST    93          1200 AM
 LOWEST     50           300 PM
 AVERAGE    72

..........................................................


THE NEW BERN NC CLIMATE NORMALS FOR TODAY
                         NORMAL    RECORD    YEAR
 MAXIMUM TEMPERATURE (F)   90       100      1992
 MINIMUM TEMPERATURE (F)   72        57      1978


SUNRISE AND SUNSET
JULY 13 2014..........SUNRISE   604 AM EDT   SUNSET   824 PM EDT
JULY 14 2014..........SUNRISE   605 AM EDT   SUNSET   823 PM EDT


-  INDICATES NEGATIVE NUMBERS.
R  INDICATES RECORD WAS SET OR TIED.
MM INDICATES DATA IS MISSING.
T  INDICATES TRACE AMOUNT.




$$
