000
CDUS42 KMHX 202133
CLIEWN


CLIMATE REPORT
NATIONAL WEATHER SERVICE NEWPORT/MOREHEAD CITY NC
532 PM EDT FRI OCT 20 2017


...................................

...THE NEW BERN NC CLIMATE SUMMARY FOR OCTOBER 20 2017...
VALID TODAY AS OF 0500 PM LOCAL TIME.

CLIMATE NORMAL PERIOD 1981 TO 2010
CLIMATE RECORD PERIOD 1948 TO 2017


WEATHER ITEM   OBSERVED TIME   RECORD YEAR NORMAL DEPARTURE LAST
                VALUE   (LST)  VALUE       VALUE  FROM      YEAR
                                                  NORMAL
..................................................................
TEMPERATURE (F)
 TODAY
  MAXIMUM         80    332 PM  88    1984  74      6       82
  MINIMUM         51    656 AM  33    1981  52     -1       61
  AVERAGE         66                        63      3       72

PRECIPITATION (IN)
  TODAY            0.00          2.84 1958   0.09  -0.09     0.00
  MONTH TO DATE    1.23                      2.23  -1.00     6.40
  SINCE SEP 1      4.48                      8.12  -3.64    17.50
  SINCE JAN 1     43.12                     44.92  -1.80    60.87

SNOWFALL (IN)
  TODAY            0.0
  MONTH TO DATE    0.0
  SINCE NOV 1      T
  SINCE JUL 1      0.0
  SNOW DEPTH       0

DEGREE DAYS
 HEATING
  TODAY            0                         4     -4        0
  MONTH TO DATE   12                        49    -37       13
  SINCE SEP 1     12                        56    -44       13
  SINCE JUL 1     12                        56    -44       13

 COOLING
  TODAY            1                         2     -1        7
  MONTH TO DATE  139                        66     73      111
  SINCE SEP 1    449                       340    109      481
  SINCE JAN 1   2132                      1869    263     2236
..................................................................


WIND (MPH)
  HIGHEST WIND SPEED     7   HIGHEST WIND DIRECTION    NE (40)
  HIGHEST GUST SPEED     9   HIGHEST GUST DIRECTION    NE (50)
  AVERAGE WIND SPEED     2.0


SKY COVER
  POSSIBLE SUNSHINE  MM
  AVERAGE SKY COVER 0.0


WEATHER CONDITIONS
 THE FOLLOWING WEATHER WAS RECORDED TODAY.
  FOG


RELATIVE HUMIDITY (PERCENT)
 HIGHEST   100          1200 AM
 LOWEST     32           200 PM
 AVERAGE    66

..........................................................


THE NEW BERN NC CLIMATE NORMALS FOR TOMORROW
                         NORMAL    RECORD    YEAR
 MAXIMUM TEMPERATURE (F)   73        87      1984
 MINIMUM TEMPERATURE (F)   51        34      1967


SUNRISE AND SUNSET
OCTOBER 20 2017.......SUNRISE   719 AM EDT   SUNSET   627 PM EDT
OCTOBER 21 2017.......SUNRISE   720 AM EDT   SUNSET   625 PM EDT


-  INDICATES NEGATIVE NUMBERS.
R  INDICATES RECORD WAS SET OR TIED.
MM INDICATES DATA IS MISSING.
T  INDICATES TRACE AMOUNT.




$$
