000
CDUS42 KMHX 091245
CLIEWN


CLIMATE REPORT
NATIONAL WEATHER SERVICE NEWPORT/MOREHEAD CITY NC
745 AM EST FRI DEC 9 2016


...................................

...THE NEW BERN NC CLIMATE SUMMARY FOR DECEMBER 8 2016...

CLIMATE NORMAL PERIOD 1981 TO 2010
CLIMATE RECORD PERIOD 1948 TO 2016


WEATHER ITEM   OBSERVED TIME   RECORD YEAR NORMAL DEPARTURE LAST
                VALUE   (LST)  VALUE       VALUE  FROM      YEAR
                                                  NORMAL
..................................................................
TEMPERATURE (F)
 YESTERDAY
  MAXIMUM         57    220 PM  81    1998  59     -2       59
  MINIMUM         42   1159 PM  17    1954  38      4       38
  AVERAGE         50                        49      1       49

PRECIPITATION (IN)
  YESTERDAY        0.00          4.79 1973   0.10  -0.10     0.00
  MONTH TO DATE    1.90                      0.89   1.01     1.85
  SINCE DEC 1      1.90                      0.89   1.01     1.85
  SINCE JAN 1     63.71                     50.24  13.47    61.74

SNOWFALL (IN)
  YESTERDAY        0.0
  MONTH TO DATE    0.0
  SINCE NOV 1      0.0
  SINCE JUL 1      0.0
  SNOW DEPTH       0

DEGREE DAYS
 HEATING
  YESTERDAY       15                        17     -2       16
  MONTH TO DATE  108                       125    -17       96
  SINCE DEC 1    108                       125    -17       96
  SINCE JUL 1    503                       552    -49      379

 COOLING
  YESTERDAY        0                         0      0        0
  MONTH TO DATE    0                         0      0        1
  SINCE DEC 1      0                         0      0        1
  SINCE JAN 1   2260                      1900    360     2167
..................................................................


WIND (MPH)
  HIGHEST WIND SPEED    15   HIGHEST WIND DIRECTION    NW (320)
  HIGHEST GUST SPEED    21   HIGHEST GUST DIRECTION    NW (300)
  AVERAGE WIND SPEED     6.1


SKY COVER
  POSSIBLE SUNSHINE  MM
  AVERAGE SKY COVER 0.6


WEATHER CONDITIONS
 THE FOLLOWING WEATHER WAS RECORDED YESTERDAY.
  FOG


RELATIVE HUMIDITY (PERCENT)
 HIGHEST    93           100 AM
 LOWEST     41           500 PM
 AVERAGE    67

..........................................................


THE NEW BERN NC CLIMATE NORMALS FOR TODAY
                         NORMAL    RECORD    YEAR
 MAXIMUM TEMPERATURE (F)   59        80      1978
 MINIMUM TEMPERATURE (F)   37        17      2006


SUNRISE AND SUNSET
DECEMBER  9 2016......SUNRISE   705 AM EST   SUNSET   456 PM EST
DECEMBER 10 2016......SUNRISE   706 AM EST   SUNSET   457 PM EST


-  INDICATES NEGATIVE NUMBERS.
R  INDICATES RECORD WAS SET OR TIED.
MM INDICATES DATA IS MISSING.
T  INDICATES TRACE AMOUNT.




$$
