000
CDUS42 KMHX 020534
CLIEWN


CLIMATE REPORT
NATIONAL WEATHER SERVICE NEWPORT/MOREHEAD CITY NC
133 AM EDT MON MAY 2 2016


...................................

...THE NEW BERN NC CLIMATE SUMMARY FOR MAY 1 2016...

CLIMATE NORMAL PERIOD 1981 TO 2010
CLIMATE RECORD PERIOD 1948 TO 2016


WEATHER ITEM   OBSERVED TIME   RECORD YEAR NORMAL DEPARTURE LAST
                VALUE   (LST)  VALUE       VALUE  FROM      YEAR
                                                  NORMAL
..................................................................
TEMPERATURE (F)
 YESTERDAY
  MAXIMUM         81    115 PM  94    1986  77      4       66
  MINIMUM         60    623 AM  35    1963  54      6       50
  AVERAGE         71                        66      5       58

PRECIPITATION (IN)
  YESTERDAY        0.01          1.82 1956   0.11  -0.10     0.32
  MONTH TO DATE    0.01                      0.11  -0.10     0.32
  SINCE MAR 1      5.02                      7.67  -2.65     5.94
  SINCE JAN 1     16.04                     15.35   0.69    14.31

SNOWFALL (IN)
  YESTERDAY        0.0
  MONTH TO DATE    0.0
  SINCE NOV 1      T
  SINCE JUL 1      T
  SNOW DEPTH       0

DEGREE DAYS
 HEATING
  YESTERDAY        0                         3     -3        7
  MONTH TO DATE    0                         3     -3        7
  SINCE MAR 1    390                       524   -134      464
  SINCE JUL 1   2078                      2670   -592     2707

 COOLING
  YESTERDAY        6                         3      3        0
  MONTH TO DATE    6                         3      3        0
  SINCE MAR 1    107                        70     37       88
  SINCE JAN 1    107                        73     34       95
..................................................................


WIND (MPH)
  HIGHEST WIND SPEED    17   HIGHEST WIND DIRECTION     S (200)
  HIGHEST GUST SPEED    26   HIGHEST GUST DIRECTION     S (200)
  AVERAGE WIND SPEED     5.7


SKY COVER
  POSSIBLE SUNSHINE  MM
  AVERAGE SKY COVER 0.5


WEATHER CONDITIONS
 THE FOLLOWING WEATHER WAS RECORDED YESTERDAY.
  LIGHT RAIN
  FOG


RELATIVE HUMIDITY (PERCENT)
 HIGHEST    93          1100 PM
 LOWEST     58           100 PM
 AVERAGE    76

..........................................................


THE NEW BERN NC CLIMATE NORMALS FOR TODAY
                         NORMAL    RECORD    YEAR
 MAXIMUM TEMPERATURE (F)   77        92      1962
 MINIMUM TEMPERATURE (F)   55        32      1963


SUNRISE AND SUNSET
MAY  2 2016...........SUNRISE   616 AM EDT   SUNSET   755 PM EDT
MAY  3 2016...........SUNRISE   615 AM EDT   SUNSET   756 PM EDT


-  INDICATES NEGATIVE NUMBERS.
R  INDICATES RECORD WAS SET OR TIED.
MM INDICATES DATA IS MISSING.
T  INDICATES TRACE AMOUNT.




$$
