000
CDUS42 KMHX 300619
CLIEWN


CLIMATE REPORT
NATIONAL WEATHER SERVICE NEWPORT/MOREHEAD CITY NC
218 AM EDT TUE JUN 30 2015


...................................

...THE NEW BERN NC CLIMATE SUMMARY FOR JUNE 29 2015...

CLIMATE NORMAL PERIOD 1981 TO 2010
CLIMATE RECORD PERIOD 1948 TO 2015


WEATHER ITEM   OBSERVED TIME   RECORD YEAR NORMAL DEPARTURE LAST
                VALUE   (LST)  VALUE       VALUE  FROM      YEAR
                                                  NORMAL
..................................................................
TEMPERATURE (F)
 YESTERDAY
  MAXIMUM         87    444 PM 102    1959  89     -2       85
  MINIMUM         66    434 AM  55    1970  70     -4       68
  AVERAGE         77                        80     -3       77

PRECIPITATION (IN)
  YESTERDAY        0.00          5.61 1972   0.17  -0.17     0.00
  MONTH TO DATE    7.77                      4.42   3.35     3.49
  SINCE JUN 1      7.77                      4.42   3.35     3.49
  SINCE JAN 1     24.59                     23.81   0.78    21.37

SNOWFALL (IN)
  YESTERDAY        0.0
  MONTH TO DATE    0.0
  SINCE NOV 1      3.0
  SINCE JUL 1      3.0
  SNOW DEPTH       0

DEGREE DAYS
 HEATING
  YESTERDAY        0                         0      0        0
  MONTH TO DATE    0                         0      0        0
  SINCE JUN 1      0                         0      0        0
  SINCE JUL 1   2719                      2701     18     2637

 COOLING
  YESTERDAY       12                        15     -3       12
  MONTH TO DATE  460                       350    110      409
  SINCE JUN 1    460                       350    110      409
  SINCE JAN 1    758                       593    165      770
..................................................................


WIND (MPH)
  HIGHEST WIND SPEED    14   HIGHEST WIND DIRECTION    SE (140)
  HIGHEST GUST SPEED    19   HIGHEST GUST DIRECTION    SE (130)
  AVERAGE WIND SPEED     4.6


SKY COVER
  POSSIBLE SUNSHINE  MM
  AVERAGE SKY COVER 0.2


WEATHER CONDITIONS
 THE FOLLOWING WEATHER WAS RECORDED YESTERDAY.
  FOG


RELATIVE HUMIDITY (PERCENT)
 HIGHEST    93           200 AM
 LOWEST     48           500 PM
 AVERAGE    71

..........................................................


THE NEW BERN NC CLIMATE NORMALS FOR TODAY
                         NORMAL    RECORD    YEAR
 MAXIMUM TEMPERATURE (F)   89       103      1959
 MINIMUM TEMPERATURE (F)   71        57      1964


SUNRISE AND SUNSET
JUNE 30 2015..........SUNRISE   557 AM EDT   SUNSET   826 PM EDT
JULY  1 2015..........SUNRISE   558 AM EDT   SUNSET   826 PM EDT


-  INDICATES NEGATIVE NUMBERS.
R  INDICATES RECORD WAS SET OR TIED.
MM INDICATES DATA IS MISSING.
T  INDICATES TRACE AMOUNT.




$$
