000
CDUS42 KMHX 190628
CLIEWN


CLIMATE REPORT
NATIONAL WEATHER SERVICE NEWPORT/MOREHEAD CITY NC
128 AM EST THU JAN 19 2017


...................................

...THE NEW BERN NC CLIMATE SUMMARY FOR JANUARY 18 2017...

CLIMATE NORMAL PERIOD 1981 TO 2010
CLIMATE RECORD PERIOD 1948 TO 2017


WEATHER ITEM   OBSERVED TIME   RECORD YEAR NORMAL DEPARTURE LAST
                VALUE   (LST)  VALUE       VALUE  FROM      YEAR
                                                  NORMAL
..................................................................
TEMPERATURE (F)
 YESTERDAY
  MAXIMUM         72    232 PM  74    1990  54     18       42
  MINIMUM         40   1152 PM  14    1959  34      6       26
  AVERAGE         56                        44     12       34

PRECIPITATION (IN)
  YESTERDAY        0.05          0.65 1987   0.12  -0.07     0.00
  MONTH TO DATE    2.91                      2.38   0.53     1.62
  SINCE DEC 1      6.41                      5.78   0.63     8.04
  SINCE JAN 1      2.91                      2.38   0.53     1.62

SNOWFALL (IN)
  YESTERDAY        0.0
  MONTH TO DATE    T
  SINCE NOV 1      T
  SINCE JUL 1      T
  SNOW DEPTH       0

DEGREE DAYS
 HEATING
  YESTERDAY        9                        21    -12       31
  MONTH TO DATE  304                       378    -74      376
  SINCE DEC 1    842                       945   -103      580
  SINCE JUL 1   1237                      1372   -135      863

 COOLING
  YESTERDAY        0                         0      0        0
  MONTH TO DATE    0                         0      0        0
  SINCE DEC 1      0                         3     -3       49
  SINCE JAN 1      0                         0      0        0
..................................................................


WIND (MPH)
  HIGHEST WIND SPEED    23   HIGHEST WIND DIRECTION    NW (310)
  HIGHEST GUST SPEED    35   HIGHEST GUST DIRECTION    NW (320)
  AVERAGE WIND SPEED     8.0


SKY COVER
  POSSIBLE SUNSHINE  MM
  AVERAGE SKY COVER 0.2


WEATHER CONDITIONS
 THE FOLLOWING WEATHER WAS RECORDED YESTERDAY.
  LIGHT RAIN
  FOG


RELATIVE HUMIDITY (PERCENT)
 HIGHEST   100          1100 PM
 LOWEST     31           300 PM
 AVERAGE    66

..........................................................


THE NEW BERN NC CLIMATE NORMALS FOR TODAY
                         NORMAL    RECORD    YEAR
 MAXIMUM TEMPERATURE (F)   54        86      2016
 MINIMUM TEMPERATURE (F)   34         9      1994


SUNRISE AND SUNSET
JANUARY 19 2017.......SUNRISE   714 AM EST   SUNSET   524 PM EST
JANUARY 20 2017.......SUNRISE   714 AM EST   SUNSET   525 PM EST


-  INDICATES NEGATIVE NUMBERS.
R  INDICATES RECORD WAS SET OR TIED.
MM INDICATES DATA IS MISSING.
T  INDICATES TRACE AMOUNT.




$$
