000
CDUS42 KMHX 290525
CLIEWN


CLIMATE REPORT
NATIONAL WEATHER SERVICE NEWPORT/MOREHEAD CITY NC
125 AM EDT SUN MAR 29 2015


...................................

...THE NEW BERN NC CLIMATE SUMMARY FOR MARCH 28 2015...

CLIMATE NORMAL PERIOD 1981 TO 2010
CLIMATE RECORD PERIOD 1948 TO 2015


WEATHER ITEM   OBSERVED TIME   RECORD YEAR NORMAL DEPARTURE LAST
                VALUE   (LST)  VALUE       VALUE  FROM      YEAR
                                                  NORMAL
..................................................................
TEMPERATURE (F)
 YESTERDAY
  MAXIMUM         50    348 PM  84    2007  69    -19       74
                                      1985
  MINIMUM         35    922 PM  28    1966  45    -10       40
  AVERAGE         43                        57    -14       57

PRECIPITATION (IN)
  YESTERDAY        0.00          1.61 2005   0.13  -0.13     0.18
  MONTH TO DATE    3.36                      3.98  -0.62     4.05
  SINCE MAR 1      3.36                      3.98  -0.62     4.05
  SINCE JAN 1     11.73                     11.66   0.07    10.58

SNOWFALL (IN)
  YESTERDAY        0.0
  MONTH TO DATE    0.0
  SINCE NOV 1      3.0
  SINCE JUL 1      3.0
  SNOW DEPTH       0

DEGREE DAYS
 HEATING
  YESTERDAY       22                         9     13        8
  MONTH TO DATE  300                       345    -45      441
  SINCE MAR 1    300                       345    -45      441
  SINCE JUL 1   2543                      2491     52     2515

 COOLING
  YESTERDAY        0                         1     -1        0
  MONTH TO DATE   23                         2     21        1
  SINCE MAR 1     23                         2     21        1
  SINCE JAN 1     30                         5     25        6
..................................................................


WIND (MPH)
  HIGHEST WIND SPEED    18   HIGHEST WIND DIRECTION     N (350)
  HIGHEST GUST SPEED    24   HIGHEST GUST DIRECTION     N (20)
  AVERAGE WIND SPEED    10.2


SKY COVER
  POSSIBLE SUNSHINE  MM
  AVERAGE SKY COVER 0.6


WEATHER CONDITIONS
 THE FOLLOWING WEATHER WAS RECORDED YESTERDAY.
  NO SIGNIFICANT WEATHER WAS OBSERVED.


RELATIVE HUMIDITY (PERCENT)
 HIGHEST    89          1200 AM
 LOWEST     39           400 PM
 AVERAGE    64

..........................................................


THE NEW BERN NC CLIMATE NORMALS FOR TODAY
                         NORMAL    RECORD    YEAR
 MAXIMUM TEMPERATURE (F)   69        88      1985
 MINIMUM TEMPERATURE (F)   46        28      1966


SUNRISE AND SUNSET
MARCH 29 2015.........SUNRISE   700 AM EDT   SUNSET   727 PM EDT
MARCH 30 2015.........SUNRISE   658 AM EDT   SUNSET   728 PM EDT


-  INDICATES NEGATIVE NUMBERS.
R  INDICATES RECORD WAS SET OR TIED.
MM INDICATES DATA IS MISSING.
T  INDICATES TRACE AMOUNT.




$$
