000
CDUS41 KOKX 310625
CLIEWR


CLIMATE REPORT
NATIONAL WEATHER SERVICE NEW YORK NY
225 AM EDT SUN JUL 31 2016


...................................

...THE NEWARK NJ CLIMATE SUMMARY FOR JULY 30 2016...

CLIMATE NORMAL PERIOD 1981 TO 2010
CLIMATE RECORD PERIOD 1929 TO 2016


WEATHER ITEM   OBSERVED TIME   RECORD YEAR NORMAL DEPARTURE LAST
                VALUE   (LST)  VALUE       VALUE  FROM      YEAR
                                                  NORMAL
..................................................................
TEMPERATURE (F)
 YESTERDAY
  MAXIMUM         86   1258 PM 101    1949  86      0       90
  MINIMUM         73    506 AM  57    1956  69      4       76
  AVERAGE         80                        77      3       83

PRECIPITATION (IN)
  YESTERDAY        0.36          3.15 1986   0.17   0.19     0.84
  MONTH TO DATE    5.37                      4.59   0.78     2.69
  SINCE JUN 1      7.77                      8.61  -0.84     8.59
  SINCE JAN 1     22.17                     27.50  -5.33    26.20

SNOWFALL (IN)
  YESTERDAY        0.0           0.0  2002   0.0    0.0      0.0
                                      2001
  MONTH TO DATE    0.0                       0.0    0.0      0.0
  SINCE OCT 1     32.8                      28.5    4.3     46.4
  SINCE JUL 1      0.0                       0.0    0.0      0.0
  SNOW DEPTH       0

DEGREE DAYS
 HEATING
  YESTERDAY        0                         0      0        0
  MONTH TO DATE    0                         0      0        0
  SINCE JUN 1      4                        17    -13       29
  SINCE JUL 1      0                         0      0        0

 COOLING
  YESTERDAY       15                        12      3       18
  MONTH TO DATE  459                       374     85      423
  SINCE JUN 1    709                       613     96      672
  SINCE JAN 1    827                       689    138      832
..................................................................


WIND (MPH)
  HIGHEST WIND SPEED    16   HIGHEST WIND DIRECTION     S (160)
  HIGHEST GUST SPEED    20   HIGHEST GUST DIRECTION     S (160)
  AVERAGE WIND SPEED     5.8


SKY COVER
  AVERAGE SKY COVER 0.8


WEATHER CONDITIONS
 THE FOLLOWING WEATHER WAS RECORDED YESTERDAY.
  HEAVY RAIN
  RAIN
  LIGHT RAIN
  FOG


RELATIVE HUMIDITY (PERCENT)
 HIGHEST   100           800 PM
 LOWEST     65          1100 AM
 AVERAGE    83

..........................................................


THE NEWARK NJ CLIMATE NORMALS FOR TODAY
                         NORMAL    RECORD    YEAR
 MAXIMUM TEMPERATURE (F)   86       103      1954
 MINIMUM TEMPERATURE (F)   69        56      1932


SUNRISE AND SUNSET
JULY 31 2016..........SUNRISE   553 AM EDT   SUNSET   813 PM EDT
AUGUST  1 2016........SUNRISE   554 AM EDT   SUNSET   811 PM EDT


-  INDICATES NEGATIVE NUMBERS.
R  INDICATES RECORD WAS SET OR TIED.
MM INDICATES DATA IS MISSING.
T  INDICATES TRACE AMOUNT.




$$
