000
CDUS41 KOKX 220623
CLIEWR


CLIMATE REPORT
NATIONAL WEATHER SERVICE NEW YORK NY
122 AM EST MON DEC 22 2014


...................................

...THE NEWARK NJ CLIMATE SUMMARY FOR DECEMBER 21 2014...

CLIMATE NORMAL PERIOD 1981 TO 2010
CLIMATE RECORD PERIOD 1929 TO 2014


WEATHER ITEM   OBSERVED TIME   RECORD YEAR NORMAL DEPARTURE LAST
                VALUE   (LST)  VALUE       VALUE  FROM      YEAR
                                                  NORMAL
..................................................................
TEMPERATURE (F)
 YESTERDAY
  MAXIMUM         36    733 PM  64    2013  42     -6       64
  MINIMUM         32    858 AM   0    1942  28      4       42
  AVERAGE         34                        35     -1       53

PRECIPITATION (IN)
  YESTERDAY        T             2.00 1973   0.12  -0.12      T
  MONTH TO DATE    3.34                      2.64   0.70     2.74
  SINCE DEC 1      3.34                      2.64   0.70     2.74
  SINCE JAN 1     47.76                     45.08   2.68    41.06

SNOWFALL (IN)
  YESTERDAY        T             3.3  1962   0.2   -0.2      0.0
  MONTH TO DATE    0.3                       3.1   -2.8      9.4
  SINCE OCT 1      1.7                       3.5   -1.8      9.4
  SINCE JUL 1      1.7                       3.5   -1.8      9.4
  SNOW DEPTH       0

DEGREE DAYS
 HEATING
  YESTERDAY       31                        30      1       12
  MONTH TO DATE  541                       567    -26      600
  SINCE DEC 1    541                       567    -26      600
  SINCE JUL 1   1373                      1435    -62     1470

 COOLING
  YESTERDAY        0                         0      0        0
  MONTH TO DATE    0                         0      0        0
  SINCE DEC 1      0                         0      0        0
  SINCE JAN 1   1175                      1192    -17     1337
..................................................................


WIND (MPH)
  HIGHEST WIND SPEED    13   HIGHEST WIND DIRECTION     N (350)
  HIGHEST GUST SPEED    21   HIGHEST GUST DIRECTION    NW (310)
  AVERAGE WIND SPEED     8.1


SKY COVER
  AVERAGE SKY COVER 1.0


WEATHER CONDITIONS
 THE FOLLOWING WEATHER WAS RECORDED YESTERDAY.
  NO SIGNIFICANT WEATHER WAS OBSERVED.


RELATIVE HUMIDITY (PERCENT)
 HIGHEST    82          1100 PM
 LOWEST     63          1200 AM
 AVERAGE    73

..........................................................


THE NEWARK NJ CLIMATE NORMALS FOR TODAY
                         NORMAL    RECORD    YEAR
 MAXIMUM TEMPERATURE (F)   42        71      2013
 MINIMUM TEMPERATURE (F)   28         7      1989


SUNRISE AND SUNSET
DECEMBER 22 2014......SUNRISE   718 AM EST   SUNSET   433 PM EST
DECEMBER 23 2014......SUNRISE   718 AM EST   SUNSET   434 PM EST


-  INDICATES NEGATIVE NUMBERS.
R  INDICATES RECORD WAS SET OR TIED.
MM INDICATES DATA IS MISSING.
T  INDICATES TRACE AMOUNT.




$$
