000
CDUS43 KIND 260532
CLIEYE


CLIMATE REPORT
NATIONAL WEATHER SERVICE INDIANAPOLIS IN
131 AM EDT TUE SEP 26 2017


...................................

...THE INDIANAPOLIS EAGLE CREEK IN CLIMATE SUMMARY FOR SEPTEMBER 25 2017...

CLIMATE NORMAL PERIOD 1981 TO 2010
CLIMATE RECORD PERIOD 9999 TO 9999


WEATHER ITEM   OBSERVED TIME   NORMAL DEPARTURE LAST
                VALUE   (LST)  VALUE  FROM      YEAR
                                      NORMAL
......................................................
TEMPERATURE (F)
 YESTERDAY
  MAXIMUM         91    310 PM  73     18       86
  MINIMUM         60    635 AM  53      7       62
  AVERAGE         76            63     13       74

PRECIPITATION (IN)
  YESTERDAY        0.00          0.07  -0.07     0.17
  MONTH TO DATE    0.49          1.84  -1.35     3.09
  SINCE SEP 1      0.49          1.84  -1.35     3.09
  SINCE JAN 1     32.63         30.49   2.14    35.12

DEGREE DAYS
 HEATING
  YESTERDAY        0             4     -4        0
  MONTH TO DATE   21            33    -12        0
  SINCE SEP 1     21            33    -12        0
  SINCE JUL 1     21            36    -15        3

 COOLING
  YESTERDAY       11             2      9        9
  MONTH TO DATE  151           114     37      212
  SINCE SEP 1    151           114     37      212
  SINCE JAN 1   1079          1034     45     1401
......................................................


WIND (MPH)
  HIGHEST WIND SPEED     9   HIGHEST WIND DIRECTION     S (200)
  HIGHEST GUST SPEED    13   HIGHEST GUST DIRECTION     S (190)
  AVERAGE WIND SPEED     1.3


SKY COVER
  AVERAGE SKY COVER 0.0


WEATHER CONDITIONS
 THE FOLLOWING WEATHER WAS RECORDED YESTERDAY.
  NO SIGNIFICANT WEATHER WAS OBSERVED.


RELATIVE HUMIDITY (PERCENT)
 HIGHEST    84           200 AM
 LOWEST     32           200 PM
 AVERAGE    58

..........................................................


THE INDIANAPOLIS EAGLE CREEK IN CLIMATE NORMALS FOR TODAY
                         NORMAL
 MAXIMUM TEMPERATURE (F)   73
 MINIMUM TEMPERATURE (F)   52


SUNRISE AND SUNSET
SEPTEMBER 26 2017.....SUNRISE   737 AM EDT   SUNSET   735 PM EDT
SEPTEMBER 27 2017.....SUNRISE   738 AM EDT   SUNSET   734 PM EDT


-  INDICATES NEGATIVE NUMBERS.
R  INDICATES RECORD WAS SET OR TIED.
MM INDICATES DATA IS MISSING.
T  INDICATES TRACE AMOUNT.




$$
