000
CDUS43 KIND 180534
CLIEYE


CLIMATE REPORT
NATIONAL WEATHER SERVICE INDIANAPOLIS IN
134 AM EDT THU SEP 18 2014


...................................

...THE INDIANAPOLIS EAGLE CREEK IN CLIMATE SUMMARY FOR SEPTEMBER 17 2014...

CLIMATE NORMAL PERIOD 1981 TO 2010
CLIMATE RECORD PERIOD 9999 TO 9999


WEATHER ITEM   OBSERVED TIME   NORMAL DEPARTURE LAST
                VALUE   (LST)  VALUE  FROM      YEAR
                                      NORMAL
......................................................
TEMPERATURE (F)
 YESTERDAY
  MAXIMUM         67    520 PM  77    -10       75
  MINIMUM         46    610 AM  57    -11       50
  AVERAGE         57            67    -10       63

PRECIPITATION (IN)
  YESTERDAY        0.00          0.07  -0.07     0.00
  MONTH TO DATE    3.30          1.28   2.02     0.17
  SINCE SEP 1      3.30          1.28   2.02     0.17
  SINCE JAN 1     32.12         29.93   2.19    27.66

DEGREE DAYS
 HEATING
  YESTERDAY        8             2      6        2
  MONTH TO DATE   47            10     37       22
  SINCE SEP 1     47            10     37       22
  SINCE JUL 1     55            13     42       33

 COOLING
  YESTERDAY        0             3     -3        0
  MONTH TO DATE   75            94    -19      117
  SINCE SEP 1     75            94    -19      117
  SINCE JAN 1    868          1014   -146      952
......................................................


WIND (MPH)
  HIGHEST WIND SPEED     8   HIGHEST WIND DIRECTION     S (190)
  HIGHEST GUST SPEED    13   HIGHEST GUST DIRECTION     S (170)
  AVERAGE WIND SPEED     2.2


SKY COVER
  AVERAGE SKY COVER 0.3


WEATHER CONDITIONS
 THE FOLLOWING WEATHER WAS RECORDED YESTERDAY.
  FOG
  FOG W/VISIBILITY <= 1/4 MILE


RELATIVE HUMIDITY (PERCENT)
 HIGHEST    93           200 AM
 LOWEST     48           300 PM
 AVERAGE    71

..........................................................


THE INDIANAPOLIS EAGLE CREEK IN CLIMATE NORMALS FOR TODAY
                         NORMAL
 MAXIMUM TEMPERATURE (F)   77
 MINIMUM TEMPERATURE (F)   56


SUNRISE AND SUNSET
SEPTEMBER 18 2014.....SUNRISE   729 AM EDT   SUNSET   749 PM EDT
SEPTEMBER 19 2014.....SUNRISE   730 AM EDT   SUNSET   747 PM EDT


-  INDICATES NEGATIVE NUMBERS.
R  INDICATES RECORD WAS SET OR TIED.
MM INDICATES DATA IS MISSING.
T  INDICATES TRACE AMOUNT.




$$
