000
CDUS43 KIND 240531
CLIEYE


CLIMATE REPORT
NATIONAL WEATHER SERVICE INDIANAPOLIS IN
130 AM EDT FRI OCT 24 2014


...................................

...THE INDIANAPOLIS EAGLE CREEK IN CLIMATE SUMMARY FOR OCTOBER 23 2014...

CLIMATE NORMAL PERIOD 1981 TO 2010
CLIMATE RECORD PERIOD 9999 TO 9999


WEATHER ITEM   OBSERVED TIME   NORMAL DEPARTURE LAST
                VALUE   (LST)  VALUE  FROM      YEAR
                                      NORMAL
......................................................
TEMPERATURE (F)
 YESTERDAY
  MAXIMUM         60    319 PM  62     -2       47
  MINIMUM         34    704 AM  43     -9       33
  AVERAGE         47            52     -5       40

PRECIPITATION (IN)
  YESTERDAY        0.00          0.10  -0.10     0.24
  MONTH TO DATE    1.94          2.34  -0.40     3.76
  SINCE SEP 1      5.36          4.59   0.77     6.07
  SINCE JAN 1     34.18         33.24   0.94    33.56

DEGREE DAYS
 HEATING
  YESTERDAY       18            13      5       25
  MONTH TO DATE  217           218     -1      207
  SINCE SEP 1    291           276     15      249
  SINCE JUL 1    299           279     20      260

 COOLING
  YESTERDAY        0             0      0        0
  MONTH TO DATE    8            12     -4       28
  SINCE SEP 1    100           135    -35      171
  SINCE JAN 1    893          1055   -162     1006
......................................................


WIND (MPH)
  HIGHEST WIND SPEED     8   HIGHEST WIND DIRECTION    SE (140)
  HIGHEST GUST SPEED    10   HIGHEST GUST DIRECTION    SW (210)
  AVERAGE WIND SPEED     1.0


SKY COVER
  AVERAGE SKY COVER 0.0


WEATHER CONDITIONS
 THE FOLLOWING WEATHER WAS RECORDED YESTERDAY.
  FOG


RELATIVE HUMIDITY (PERCENT)
 HIGHEST    92           100 AM
 LOWEST     47           400 PM
 AVERAGE    70

..........................................................


THE INDIANAPOLIS EAGLE CREEK IN CLIMATE NORMALS FOR TODAY
                         NORMAL
 MAXIMUM TEMPERATURE (F)   61
 MINIMUM TEMPERATURE (F)   43


SUNRISE AND SUNSET
OCTOBER 24 2014.......SUNRISE   805 AM EDT   SUNSET   653 PM EDT
OCTOBER 25 2014.......SUNRISE   806 AM EDT   SUNSET   652 PM EDT


-  INDICATES NEGATIVE NUMBERS.
R  INDICATES RECORD WAS SET OR TIED.
MM INDICATES DATA IS MISSING.
T  INDICATES TRACE AMOUNT.




$$
