000
CDUS43 KIND 250546
CLIEYE


CLIMATE REPORT
NATIONAL WEATHER SERVICE INDIANAPOLIS IN
1243 AM EST THU DEC 25 2014


...................................

...THE INDIANAPOLIS EAGLE CREEK IN CLIMATE SUMMARY FOR DECEMBER 24 2014...

CLIMATE NORMAL PERIOD 1981 TO 2010
CLIMATE RECORD PERIOD 9999 TO 9999


WEATHER ITEM   OBSERVED TIME   NORMAL DEPARTURE LAST
                VALUE   (LST)  VALUE  FROM      YEAR
                                      NORMAL
......................................................
TEMPERATURE (F)
 YESTERDAY
  MAXIMUM         44   1209 AM  36      8       19
  MINIMUM         35   1159 PM  23     12        5
  AVERAGE         40            29     11       12

PRECIPITATION (IN)
  YESTERDAY        0.44          0.14   0.30      T
  MONTH TO DATE    2.31          2.17   0.14     3.50
  SINCE DEC 1      2.31          2.17   0.14     3.50
  SINCE JAN 1     39.72         39.88  -0.16    41.68

DEGREE DAYS
 HEATING
  YESTERDAY       25            36    -11       53
  MONTH TO DATE  729           778    -49      835
  SINCE DEC 1    729           778    -49      835
  SINCE JUL 1   1968          1802    166     2013

 COOLING
  YESTERDAY        0             0      0        0
  MONTH TO DATE    0             0      0        0
  SINCE DEC 1      0             0      0        0
  SINCE JAN 1    893          1058   -165     1006
......................................................


WIND (MPH)
  HIGHEST WIND SPEED    20   HIGHEST WIND DIRECTION     W (280)
  HIGHEST GUST SPEED    27   HIGHEST GUST DIRECTION    NW (320)
  AVERAGE WIND SPEED    10.3


SKY COVER
  AVERAGE SKY COVER 0.7


WEATHER CONDITIONS
 THE FOLLOWING WEATHER WAS RECORDED YESTERDAY.
  MIXED PRECIP
  RAIN
  LIGHT RAIN
  FOG


RELATIVE HUMIDITY (PERCENT)
 HIGHEST   100          1000 AM
 LOWEST     92           100 PM
 AVERAGE    96

..........................................................


THE INDIANAPOLIS EAGLE CREEK IN CLIMATE NORMALS FOR TODAY
                         NORMAL
 MAXIMUM TEMPERATURE (F)   36
 MINIMUM TEMPERATURE (F)   22


SUNRISE AND SUNSET
DECEMBER 25 2014......SUNRISE   805 AM EST   SUNSET   526 PM EST
DECEMBER 26 2014......SUNRISE   805 AM EST   SUNSET   527 PM EST


-  INDICATES NEGATIVE NUMBERS.
R  INDICATES RECORD WAS SET OR TIED.
MM INDICATES DATA IS MISSING.
T  INDICATES TRACE AMOUNT.




$$
