000
CDUS42 KKEY 170535
CLIEYW


CLIMATE REPORT
NATIONAL WEATHER SERVICE KEY WEST, FL
1232 AM EST TUE JAN 17 2017

...................................

...THE KEY WEST CLIMATE SUMMARY FOR JANUARY 16 2017...

CLIMATE NORMAL PERIOD 1981 TO 2010
CLIMATE RECORD PERIOD 1871 TO 2017

WEATHER ITEM   OBSERVED TIME   RECORD YEAR NORMAL DEPARTURE LAST
                VALUE   (LST)  VALUE       VALUE  FROM      YEAR
                                                  NORMAL
..................................................................
TEMPERATURE (F)
 YESTERDAY
  MAXIMUM         81    203 PM  90    1877  74      7       78
  MINIMUM         72    315 AM  48    2006  64      8       66
  AVERAGE         77                        69      8       72

PRECIPITATION (IN)
  YESTERDAY        0.01          1.75 1930   0.07  -0.06     0.04
  MONTH TO DATE    0.31                      1.04  -0.73     1.92
  SINCE DEC 1      2.05                      3.26  -1.21     6.50
  SINCE JAN 1      0.31                      1.04  -0.73     1.92

SNOWFALL (IN)
  YESTERDAY        0.0
  MONTH TO DATE    0.0
  SINCE DEC 1      0.0
  SINCE JUL 1      0.0
  SNOW DEPTH       0

DEGREE DAYS
 HEATING
  YESTERDAY        0                         1     -1        0
  MONTH TO DATE    3                        16    -13        0
  SINCE DEC 1      3                        33    -30        0
  SINCE JUL 1      3                        34    -31        0

 COOLING
  YESTERDAY       12                         5      7        7
  MONTH TO DATE  144                        82     62      121
  SINCE DEC 1    537                       299    238      520
  SINCE JAN 1    144                        82     62      121
..................................................................


WIND (MPH)
  HIGHEST WIND SPEED    20   HIGHEST WIND DIRECTION    SE (120)
  HIGHEST GUST SPEED    27   HIGHEST GUST DIRECTION     E (110)
  AVERAGE WIND SPEED    11.5


SKY COVER
  POSSIBLE SUNSHINE  MM
  AVERAGE SKY COVER 0.5


WEATHER CONDITIONS
 THE FOLLOWING WEATHER WAS RECORDED YESTERDAY.
  LIGHT RAIN


RELATIVE HUMIDITY (PERCENT)
 HIGHEST    84
 LOWEST     58
 AVERAGE    71

..........................................................


THE KEY WEST CLIMATE NORMALS FOR TODAY
                         NORMAL    RECORD    YEAR
 MAXIMUM TEMPERATURE (F)   74        88      1877
 MINIMUM TEMPERATURE (F)   64        53      1983
                                             1981
                                             1977


SUNRISE AND SUNSET
JANUARY 17 2017.......SUNRISE   713 AM EST   SUNSET   602 PM EST
JANUARY 18 2017.......SUNRISE   713 AM EST   SUNSET   603 PM EST


-  INDICATES NEGATIVE NUMBERS.
R  INDICATES RECORD WAS SET OR TIED.
MM INDICATES DATA IS MISSING.
T  INDICATES TRACE AMOUNT.

$$

BWC
