000
CDUS42 KKEY 010549
CLIEYW

CLIMATE REPORT
NATIONAL WEATHER SERVICE KEY WEST, FL
1246 AM EST SUN MAR 1 2015


...................................

...THE KEY WEST CLIMATE SUMMARY FOR FEBRUARY 28 2015...

CLIMATE NORMAL PERIOD 1981 TO 2010
CLIMATE RECORD PERIOD 1871 TO 2015


WEATHER ITEM   OBSERVED TIME   RECORD YEAR NORMAL DEPARTURE LAST
                VALUE   (LST)  VALUE       VALUE  FROM      YEAR
                                                  NORMAL
..................................................................
TEMPERATURE (F)
 YESTERDAY
  MAXIMUM         82    225 PM  85    1958  77      5       74
                                      1956
                                      1874
  MINIMUM         70    204 AM  50    1935  67      3       67
  AVERAGE         76                        72      4       71

PRECIPITATION (IN)
  YESTERDAY        0.00          4.04 1954   0.06  -0.06     0.10
  MONTH TO DATE    2.20                      1.49   0.71     0.92
  SINCE DEC 1      5.48                      5.75  -0.27     8.69
  SINCE JAN 1      3.23                      3.53  -0.30     7.60

SNOWFALL (IN)
  YESTERDAY        0.0
  MONTH TO DATE    0.0
  SINCE DEC 1      0.0
  SINCE JUL 1      0.0
  SNOW DEPTH       0

DEGREE DAYS
 HEATING
  YESTERDAY        0                         0      0        0
  MONTH TO DATE   21                        19      2        0
  SINCE DEC 1     26                        65    -39       22
  SINCE JUL 1     27                        66    -39       22

 COOLING
  YESTERDAY       11                         7      4        6
  MONTH TO DATE  127                       183    -56      269
  SINCE DEC 1    611                       565     46      766
  SINCE JAN 1    358                       348     10      426
..................................................................


WIND (MPH)
  HIGHEST WIND SPEED    16   HIGHEST WIND DIRECTION     E (100)
  HIGHEST GUST SPEED    22   HIGHEST GUST DIRECTION     E (100)
  AVERAGE WIND SPEED     9.5


SKY COVER
  POSSIBLE SUNSHINE  MM
  AVERAGE SKY COVER 0.3


WEATHER CONDITIONS
 THE FOLLOWING WEATHER WAS RECORDED YESTERDAY.
  NO SIGNIFICANT WEATHER WAS OBSERVED.


RELATIVE HUMIDITY (PERCENT)
 HIGHEST   100
 LOWEST     79
 AVERAGE    90

..........................................................


THE KEY WEST CLIMATE NORMALS FOR TODAY
                         NORMAL    RECORD    YEAR
 MAXIMUM TEMPERATURE (F)   77        89      1874
 MINIMUM TEMPERATURE (F)   67        51      1984
                                             1942


SUNRISE AND SUNSET
MARCH  1 2015.........SUNRISE   650 AM EST   SUNSET   629 PM EST
MARCH  2 2015.........SUNRISE   649 AM EST   SUNSET   630 PM EST


-  INDICATES NEGATIVE NUMBERS.
R  INDICATES RECORD WAS SET OR TIED.
MM INDICATES DATA IS MISSING.
T  INDICATES TRACE AMOUNT.




$$
