558
CDUS42 KKEY 080534
CLIEYW

CLIMATE REPORT
NATIONAL WEATHER SERVICE KEY WEST, FL
1228 AM EST MON FEB 8 2016

...................................

...THE KEY WEST CLIMATE SUMMARY FOR FEBRUARY 7 2016...

CLIMATE NORMAL PERIOD 1981 TO 2010
CLIMATE RECORD PERIOD 1871 TO 2016

WEATHER ITEM   OBSERVED TIME   RECORD YEAR NORMAL DEPARTURE LAST
                VALUE   (LST)  VALUE       VALUE  FROM      YEAR
                                                  NORMAL
..................................................................
TEMPERATURE (F)
 YESTERDAY
  MAXIMUM         67    131 PM  84    1949  75     -8       74
                                      1939
  MINIMUM         57    745 AM  48    1978  65     -8       64
  AVERAGE         62                        70     -8       69

PRECIPITATION (IN)
  YESTERDAY        0.03          1.78 1957   0.05  -0.02     0.00
  MONTH TO DATE    2.84                      0.38   2.46     0.63
  SINCE DEC 1     10.78                      4.64   6.14     3.91
  SINCE JAN 1      6.20                      2.42   3.78     1.66

SNOWFALL (IN)
  YESTERDAY        0.0
  MONTH TO DATE    0.0
  SINCE DEC 1      0.0
  SINCE JUL 1      0.0
  SNOW DEPTH       0

DEGREE DAYS
 HEATING
  YESTERDAY        3                         1      2        0
  MONTH TO DATE    3                         7     -4        0
  SINCE DEC 1     16                        57    -41        5
  SINCE JUL 1     16                        58    -42        6

 COOLING
  YESTERDAY        0                         6     -6        4
  MONTH TO DATE   57                        42     15       33
  SINCE DEC 1    632                       424    208      517
  SINCE JAN 1    233                       207     26      264
..................................................................


WIND (MPH)
  HIGHEST WIND SPEED    30   HIGHEST WIND DIRECTION     N (360)
  HIGHEST GUST SPEED    40   HIGHEST GUST DIRECTION     N (360)
  AVERAGE WIND SPEED    15.0


SKY COVER
  POSSIBLE SUNSHINE  MM
  AVERAGE SKY COVER 0.4


WEATHER CONDITIONS
 THE FOLLOWING WEATHER WAS RECORDED YESTERDAY.
  LIGHT RAIN
  FOG


RELATIVE HUMIDITY (PERCENT)
 HIGHEST    93
 LOWEST     63
 AVERAGE    78

..........................................................


THE KEY WEST CLIMATE NORMALS FOR TODAY
                         NORMAL    RECORD    YEAR
 MAXIMUM TEMPERATURE (F)   76        84      1932
 MINIMUM TEMPERATURE (F)   66        49      1895


SUNRISE AND SUNSET
FEBRUARY  8 2016......SUNRISE   706 AM EST   SUNSET   617 PM EST
FEBRUARY  9 2016......SUNRISE   705 AM EST   SUNSET   618 PM EST


-  INDICATES NEGATIVE NUMBERS.
R  INDICATES RECORD WAS SET OR TIED.
MM INDICATES DATA IS MISSING.
T  INDICATES TRACE AMOUNT.

$$

BWC
