000
CDUS42 KKEY 280538
CLIEYW

CLIMATE REPORT
NATIONAL WEATHER SERVICE KEY WEST, FL
1234 AM EST FRI NOV 28 2014


...................................

...THE KEY WEST CLIMATE SUMMARY FOR NOVEMBER 27 2014...

CLIMATE NORMAL PERIOD 1981 TO 2010
CLIMATE RECORD PERIOD 1871 TO 2014


WEATHER ITEM   OBSERVED TIME   RECORD YEAR NORMAL DEPARTURE LAST
                VALUE   (LST)  VALUE       VALUE  FROM      YEAR
                                                  NORMAL
..................................................................
TEMPERATURE (F)
 YESTERDAY
  MAXIMUM         71    427 PM  87    1948  78     -7       78
  MINIMUM         63    725 AM  54    1949  70     -7       69
  AVERAGE         67                        74     -7       74

PRECIPITATION (IN)
  YESTERDAY        0.00          1.42 1890   0.07  -0.07     1.42
                                      1890
                                      2013
  MONTH TO DATE    0.84                      2.06  -1.22     4.25
  SINCE SEP 1     12.23                     13.70  -1.47    10.09
  SINCE JAN 1     34.37                     37.37  -3.00    45.60

SNOWFALL (IN)
  YESTERDAY        0.0
  MONTH TO DATE    0.0
  SINCE SEP 1      0.0
  SINCE JUL 1      0.0
  SNOW DEPTH       0

DEGREE DAYS
 HEATING
  YESTERDAY        0                         0      0        0
  MONTH TO DATE    0                         0      0        0
  SINCE SEP 1      0                         0      0        0
  SINCE JUL 1      0                         0      0        0

 COOLING
  YESTERDAY        2                         9     -7        9
  MONTH TO DATE  246                       298    -52      360
  SINCE SEP 1   1312                      1317     -5     1426
  SINCE JAN 1   4832                      4506    326     4746
..................................................................


WIND (MPH)
  HIGHEST WIND SPEED    23   HIGHEST WIND DIRECTION     N (20)
  HIGHEST GUST SPEED    30   HIGHEST GUST DIRECTION     N (20)
  AVERAGE WIND SPEED    15.0


SKY COVER
  POSSIBLE SUNSHINE  MM
  AVERAGE SKY COVER 0.0


WEATHER CONDITIONS
 THE FOLLOWING WEATHER WAS RECORDED YESTERDAY.
  NO SIGNIFICANT WEATHER WAS OBSERVED.


RELATIVE HUMIDITY (PERCENT)
 HIGHEST    68
 LOWEST     35
 AVERAGE    52

..........................................................


THE KEY WEST CLIMATE NORMALS FOR TODAY
                         NORMAL    RECORD    YEAR
 MAXIMUM TEMPERATURE (F)   78        87      1958
                                             1948
 MINIMUM TEMPERATURE (F)   70        51      1903


SUNRISE AND SUNSET
NOVEMBER 28 2014......SUNRISE   652 AM EST   SUNSET   538 PM EST
NOVEMBER 29 2014......SUNRISE   653 AM EST   SUNSET   538 PM EST


-  INDICATES NEGATIVE NUMBERS.
R  INDICATES RECORD WAS SET OR TIED.
MM INDICATES DATA IS MISSING.
T  INDICATES TRACE AMOUNT.




$$
