000
CDUS42 KKEY 012101
CLIEYW

CLIMATE REPORT
NATIONAL WEATHER SERVICE KEY WEST, FL
455 PM EDT WED JUL 1 2015

...................................

...THE KEY WEST CLIMATE SUMMARY FOR JULY 1 2015...
VALID TODAY AS OF 0400 PM LOCAL TIME.

CLIMATE NORMAL PERIOD 1981 TO 2010
CLIMATE RECORD PERIOD 1871 TO 2015


WEATHER ITEM   OBSERVED TIME   RECORD YEAR NORMAL DEPARTURE LAST
                VALUE   (LST)  VALUE       VALUE  FROM      YEAR
                                                  NORMAL
..................................................................

TEMPERATURE (F)
 TODAY
  MAXIMUM         91    154 PM  94    1957  89      2       90
                                      1882
  MINIMUM         83    252 AM  69    1923  80      3       80
                                      1899
  AVERAGE         87                        84      3       85

PRECIPITATION (IN)
  TODAY            0.00          2.44 1937   0.12  -0.12     0.00
  MONTH TO DATE    0.00                      0.12  -0.12     0.00
  SINCE JUN 1      2.64                      4.23  -1.59     2.38
  SINCE JAN 1     15.07                     14.86   0.21    15.23

SNOWFALL (IN)
  TODAY            0.0
  MONTH TO DATE    0.0
  SINCE JUN 1      0.0
  SINCE JUL 1      0.0
  SNOW DEPTH       0

DEGREE DAYS
 HEATING
  TODAY            0                         0      0        0
  MONTH TO DATE    0                         0      0        0
  SINCE JUN 1      0                         0      0        0
  SINCE JUL 1      0                         0      0        0

 COOLING
  TODAY           22                        19      3       20
  MONTH TO DATE   22                        19      3       20
  SINCE JUN 1    593                       568     25      578
  SINCE JAN 1   2310                      1998    312     2200

..................................................................

WIND (MPH)
  HIGHEST WIND SPEED    20   HIGHEST WIND DIRECTION     E (110)
  HIGHEST GUST SPEED    24   HIGHEST GUST DIRECTION    SE (120)
  AVERAGE WIND SPEED    12.0

SKY COVER
  POSSIBLE SUNSHINE  MM
  AVERAGE SKY COVER 0.1

WEATHER CONDITIONS
 THE FOLLOWING WEATHER WAS RECORDED TODAY.
  NO SIGNIFICANT WEATHER WAS OBSERVED.

RELATIVE HUMIDITY (PERCENT)
 HIGHEST    82
 LOWEST     66
 AVERAGE    74

..........................................................

THE KEY WEST CLIMATE NORMALS FOR TOMORROW
                         NORMAL    RECORD    YEAR
 MAXIMUM TEMPERATURE (F)   89        96      1881
 MINIMUM TEMPERATURE (F)   80        69      1888

SUNRISE AND SUNSET

JULY  1 2015..........SUNRISE   642 AM EDT   SUNSET   820 PM EDT
JULY  2 2015..........SUNRISE   642 AM EDT   SUNSET   820 PM EDT

-  INDICATES NEGATIVE NUMBERS.
R  INDICATES RECORD WAS SET OR TIED.
MM INDICATES DATA IS MISSING.
T  INDICATES TRACE AMOUNT.

$$
