000
CDUS42 KKEY 242018
CLIEYW


CLIMATE REPORT
NATIONAL WEATHER SERVICE KEY WEST, FL
417 PM EDT MON JUL 24 2017


...................................

...THE KEY WEST CLIMATE SUMMARY FOR JULY 24 2017...
VALID TODAY AS OF 0400 PM LOCAL TIME.

CLIMATE NORMAL PERIOD 1981 TO 2010
CLIMATE RECORD PERIOD 1871 TO 2017


WEATHER ITEM   OBSERVED TIME   RECORD YEAR NORMAL DEPARTURE LAST
                VALUE   (LST)  VALUE       VALUE  FROM      YEAR
                                                  NORMAL
..................................................................
TEMPERATURE (F)
 TODAY
  MAXIMUM         90   1240 PM  95    1957  90      0       87
  MINIMUM         84    627 AM  70    1921  80      4       78
  AVERAGE         87                        85      2       83

PRECIPITATION (IN)
  TODAY            0.00          2.64 1970   0.11  -0.11     0.06
  MONTH TO DATE    2.22                      2.74  -0.52     2.93
  SINCE JUN 1      7.93                      6.85   1.08     4.07
  SINCE JAN 1     16.98                     17.48  -0.50    15.72

SNOWFALL (IN)
  TODAY            0.0
  MONTH TO DATE    0.0
  SINCE JUN 1      0.0
  SINCE JUL 1      0.0
  SNOW DEPTH       0

DEGREE DAYS
 HEATING
  TODAY            0                         0      0        0
  MONTH TO DATE    0                         0      0        0
  SINCE JUN 1      0                         0      0        0
  SINCE JUL 1      0                         0      0        0

 COOLING
  TODAY           22                        20      2       18
  MONTH TO DATE  498                       468     30      491
  SINCE JUN 1   1074                      1017     57     1062
  SINCE JAN 1   2829                      2447    382     2553
..................................................................


WIND (MPH)
  HIGHEST WIND SPEED    15   HIGHEST WIND DIRECTION    SE (130)
  HIGHEST GUST SPEED    19   HIGHEST GUST DIRECTION    SE (120)
  AVERAGE WIND SPEED    10.2


SKY COVER
  POSSIBLE SUNSHINE  MM
  AVERAGE SKY COVER 0.2


WEATHER CONDITIONS
 THE FOLLOWING WEATHER WAS RECORDED TODAY.
  NO SIGNIFICANT WEATHER WAS OBSERVED.


RELATIVE HUMIDITY (PERCENT)
 HIGHEST    82
 LOWEST     68
 AVERAGE    75

..........................................................


THE KEY WEST CLIMATE NORMALS FOR TOMORROW
                         NORMAL    RECORD    YEAR
 MAXIMUM TEMPERATURE (F)   90        96      1880
 MINIMUM TEMPERATURE (F)   80        70      1919


SUNRISE AND SUNSET
JULY 24 2017..........SUNRISE   652 AM EDT   SUNSET   815 PM EDT
JULY 25 2017..........SUNRISE   652 AM EDT   SUNSET   815 PM EDT


-  INDICATES NEGATIVE NUMBERS.
R  INDICATES RECORD WAS SET OR TIED.
MM INDICATES DATA IS MISSING.
T  INDICATES TRACE AMOUNT.




$$
