000
CDUS42 KKEY 260550
CLIEYW

CLIMATE REPORT
NATIONAL WEATHER SERVICE KEY WEST, FL
133 AM EDT FRI AUG 26 2016


...................................

...THE KEY WEST CLIMATE SUMMARY FOR AUGUST 25 2016...

CLIMATE NORMAL PERIOD 1981 TO 2010
CLIMATE RECORD PERIOD 1871 TO 2016


WEATHER ITEM   OBSERVED TIME   RECORD YEAR NORMAL DEPARTURE LAST
               VALUE    (LST)  VALUE       VALUE  FROM      YEAR
                                                  NORMAL
..................................................................
TEMPERATURE (F)
 YESTERDAY
  MAXIMUM         91    237 PM  95    1956  89      2       92
  MINIMUM         75    321 AM  72    2012  79     -4       84
                                      1945
                                      1909
  AVERAGE         83                        84     -1       88

PRECIPITATION (IN)
  YESTERDAY        0.58          1.51 1871   0.19   0.39     0.03
  MONTH TO DATE    6.92                      4.17   2.75     4.90
  SINCE JUN 1     11.80                     11.83  -0.03     8.21
  SINCE JAN 1     23.45                     22.46   0.99    20.64

SNOWFALL (IN)
  YESTERDAY        0.0
  MONTH TO DATE    0.0
  SINCE JUN 1      0.0
  SINCE JUL 1      0.0
  SNOW DEPTH       0

DEGREE DAYS
 HEATING
  YESTERDAY        0                         0      0        0
  MONTH TO DATE    0                         0      0        0
  SINCE JUN 1      0                         0      0        0
  SINCE JUL 1      0                         0      0        0

 COOLING
  YESTERDAY       18                        19     -1       23
  MONTH TO DATE  505                       492     13      539
  SINCE JUN 1   1709                      1647     62     1762
  SINCE JAN 1   3200                      3077    123     3479
..................................................................


WIND (MPH)
  HIGHEST WIND SPEED    24   HIGHEST WIND DIRECTION    SE (130)
  HIGHEST GUST SPEED    32   HIGHEST GUST DIRECTION    SE (120)
  AVERAGE WIND SPEED     6.0


SKY COVER
  POSSIBLE SUNSHINE  MM
  AVERAGE SKY COVER 0.2


WEATHER CONDITIONS
 THE FOLLOWING WEATHER WAS RECORDED YESTERDAY.
  THUNDERSTORM
  HEAVY RAIN
  LIGHT RAIN
  FOG


RELATIVE HUMIDITY (PERCENT)
 HIGHEST   100
 LOWEST     72
 AVERAGE    86

..........................................................


THE KEY WEST CLIMATE NORMALS FOR TODAY
                         NORMAL    RECORD    YEAR
 MAXIMUM TEMPERATURE (F)   89        97      1956
 MINIMUM TEMPERATURE (F)   79        71      1921


SUNRISE AND SUNSET
AUGUST 26 2016........SUNRISE   706 AM EDT   SUNSET   751 PM EDT
AUGUST 27 2016........SUNRISE   707 AM EDT   SUNSET   750 PM EDT


-  INDICATES NEGATIVE NUMBERS.
R  INDICATES RECORD WAS SET OR TIED.
MM INDICATES DATA IS MISSING.
T  INDICATES TRACE AMOUNT.


$$
