000
CDUS42 KKEY 012134
CLIEYW

CLIMATE REPORT
NATIONAL WEATHER SERVICE KEY WEST, FL
425 PM EST SUN FEB 1 2015


...................................

...THE KEY WEST CLIMATE SUMMARY FOR FEBRUARY 1 2015...
VALID TODAY AS OF 0400 PM LOCAL TIME.

CLIMATE NORMAL PERIOD 1981 TO 2010
CLIMATE RECORD PERIOD 1871 TO 2015


WEATHER ITEM   OBSERVED TIME   RECORD YEAR NORMAL DEPARTURE LAST
                VALUE   (LST)  VALUE       VALUE  FROM      YEAR
                                                  NORMAL
..................................................................
TEMPERATURE (F)
 TODAY
  MAXIMUM         76    255 PM  85    1957  75      1       80
  MINIMUM         65    746 AM  47    1909  65      0       70
  AVERAGE         71                        70      1       75

PRECIPITATION (IN)
  TODAY            0.00          1.60 2010   0.06  -0.06      T
  MONTH TO DATE    0.00                      0.06  -0.06      T
  SINCE DEC 1      3.28                      4.32  -1.04     7.77
  SINCE JAN 1      1.03                      2.10  -1.07     6.68

SNOWFALL (IN)
  TODAY            0.0
  MONTH TO DATE    0.0
  SINCE DEC 1      0.0
  SINCE JUL 1      0.0
  SNOW DEPTH       0

DEGREE DAYS
 HEATING
  TODAY            0                         1     -1        0
  MONTH TO DATE    0                         1     -1        0
  SINCE DEC 1      5                        51    -46       22
  SINCE JUL 1      6                        52    -46       22

 COOLING
  TODAY            6                         6      0       10
  MONTH TO DATE    6                         6      0       10
  SINCE DEC 1    490                       388    102      507
  SINCE JAN 1    237                       171     66      167
..................................................................


WIND (MPH)
  HIGHEST WIND SPEED    17   HIGHEST WIND DIRECTION     E (110)
  HIGHEST GUST SPEED    22   HIGHEST GUST DIRECTION    SE (120)
  AVERAGE WIND SPEED    10.7


SKY COVER
  POSSIBLE SUNSHINE  MM
  AVERAGE SKY COVER 0.4


WEATHER CONDITIONS
 THE FOLLOWING WEATHER WAS RECORDED TODAY.
  NO SIGNIFICANT WEATHER WAS OBSERVED.


RELATIVE HUMIDITY (PERCENT)
 HIGHEST    81
 LOWEST     61
 AVERAGE    71

..........................................................


THE KEY WEST CLIMATE NORMALS FOR TOMORROW
                         NORMAL    RECORD    YEAR
 MAXIMUM TEMPERATURE (F)   75        86      1957
 MINIMUM TEMPERATURE (F)   65        50      1980


SUNRISE AND SUNSET
FEBRUARY  1 2015......SUNRISE   709 AM EST   SUNSET   612 PM EST
FEBRUARY  2 2015......SUNRISE   709 AM EST   SUNSET   613 PM EST


-  INDICATES NEGATIVE NUMBERS.
R  INDICATES RECORD WAS SET OR TIED.
MM INDICATES DATA IS MISSING.
T  INDICATES TRACE AMOUNT.




$$
