000
CDUS42 KKEY 050527
CLIEYW

CLIMATE REPORT
NATIONAL WEATHER SERVICE KEY WEST, FL
126 AM EDT SAT SEP 5 2015

...................................

...THE KEY WEST CLIMATE SUMMARY FOR SEPTEMBER 4 2015...

CLIMATE NORMAL PERIOD 1981 TO 2010
CLIMATE RECORD PERIOD 1871 TO 2015

WEATHER ITEM   OBSERVED TIME   RECORD YEAR NORMAL DEPARTURE LAST
               VALUE    (LST)  VALUE       VALUE  FROM      YEAR
                                                  NORMAL
..................................................................
TEMPERATURE (F)
 YESTERDAY
  MAXIMUM         94R   252 PM  94    1877  89      5       89
  MINIMUM         82    612 AM  70    1958  79      3       81
                                      1890
  AVERAGE         88                        84      4       85

PRECIPITATION (IN)
  YESTERDAY        0.00          3.62 1945   0.21  -0.21     0.08
  MONTH TO DATE    0.05                      0.86  -0.81     0.87
  SINCE SEP 1      0.05                      0.86  -0.81     0.87
  SINCE JAN 1     22.56                     24.53  -1.97    23.01

SNOWFALL (IN)
  YESTERDAY        0.0
  MONTH TO DATE    0.0
  SINCE SEP 1      0.0
  SINCE JUL 1      0.0
  SNOW DEPTH       0

DEGREE DAYS
 HEATING
  YESTERDAY        0                         0      0        0
  MONTH TO DATE    0                         0      0        0
  SINCE SEP 1      0                         0      0        0
  SINCE JUL 1      0                         0      0        0

 COOLING
  YESTERDAY       23                        19      4       20
  MONTH TO DATE   89                        76     13       78
  SINCE SEP 1     89                        76     13       78
  SINCE JAN 1   3682                      3265    417     3598
..................................................................

WIND (MPH)
  HIGHEST WIND SPEED    12   HIGHEST WIND DIRECTION    NE (40)
  HIGHEST GUST SPEED    19   HIGHEST GUST DIRECTION    NE (30)
  AVERAGE WIND SPEED     3.8

SKY COVER
  POSSIBLE SUNSHINE  MM
  AVERAGE SKY COVER 0.2

WEATHER CONDITIONS
 THE FOLLOWING WEATHER WAS RECORDED YESTERDAY.
  NO SIGNIFICANT WEATHER WAS OBSERVED.

RELATIVE HUMIDITY (PERCENT)
 HIGHEST    79
 LOWEST     60
 AVERAGE    70

..........................................................

THE KEY WEST CLIMATE NORMALS FOR TODAY
                         NORMAL    RECORD    YEAR
 MAXIMUM TEMPERATURE (F)   89        94      1951
 MINIMUM TEMPERATURE (F)   79        71      1913
                                             1898
                                             1890

SUNRISE AND SUNSET
SEPTEMBER  5 2015.....SUNRISE   710 AM EDT   SUNSET   742 PM EDT
SEPTEMBER  6 2015.....SUNRISE   710 AM EDT   SUNSET   740 PM EDT

-  INDICATES NEGATIVE NUMBERS.
R  INDICATES RECORD WAS SET OR TIED.
MM INDICATES DATA IS MISSING.
T  INDICATES TRACE AMOUNT.

$$
