817
CDUS42 KKEY 230531
CLIEYW


CLIMATE REPORT
NATIONAL WEATHER SERVICE KEY WEST, FL
1230 AM EST THU NOV 23 2017


...................................

...THE KEY WEST CLIMATE SUMMARY FOR NOVEMBER 22 2017...

CLIMATE NORMAL PERIOD 1981 TO 2010
CLIMATE RECORD PERIOD 1871 TO 2017


WEATHER ITEM   OBSERVED TIME   RECORD YEAR NORMAL DEPARTURE LAST
                VALUE   (LST)  VALUE       VALUE  FROM      YEAR
                                                  NORMAL
..................................................................
TEMPERATURE (F)
 YESTERDAY
  MAXIMUM         81    240 PM  88    1880  79      2       78
  MINIMUM         73    647 AM  55    2006  71      2       66
  AVERAGE         77                        75      2       72

PRECIPITATION (IN)
  YESTERDAY        0.02          0.93 1942   0.06  -0.04     0.00
  MONTH TO DATE    0.46                      1.70  -1.24     0.03
  SINCE SEP 1     15.55                     13.34   2.21    10.19
  SINCE JAN 1     35.79                     37.01  -1.22    35.53

SNOWFALL (IN)
  YESTERDAY       MM
  MONTH TO DATE    0.0
  SINCE SEP 1      0.0
  SINCE JUL 1      0.0
  SNOW DEPTH       0

DEGREE DAYS
 HEATING
  YESTERDAY        0                         0      0        0
  MONTH TO DATE    0                         0      0        0
  SINCE SEP 1      0                         0      0        0
  SINCE JUL 1      0                         0      0        0

 COOLING
  YESTERDAY       12                        10      2        7
  MONTH TO DATE  286                       250     36      256
  SINCE SEP 1   1378                      1269    109     1350
  SINCE JAN 1   5009                      4458    551     4657
..................................................................


WIND (MPH)
  HIGHEST WIND SPEED    10   HIGHEST WIND DIRECTION     E (110)
  HIGHEST GUST SPEED    14   HIGHEST GUST DIRECTION     E (110)
  AVERAGE WIND SPEED     5.5


SKY COVER
  POSSIBLE SUNSHINE  MM
  AVERAGE SKY COVER 0.1


WEATHER CONDITIONS
 THE FOLLOWING WEATHER WAS RECORDED YESTERDAY.
  LIGHT RAIN


RELATIVE HUMIDITY (PERCENT)
 HIGHEST    88
 LOWEST     74
 AVERAGE    81

..........................................................


THE KEY WEST CLIMATE NORMALS FOR TODAY
                         NORMAL    RECORD    YEAR
 MAXIMUM TEMPERATURE (F)   79        86      1957
 MINIMUM TEMPERATURE (F)   71        58      1944


SUNRISE AND SUNSET
NOVEMBER 23 2017......SUNRISE   649 AM EST   SUNSET   538 PM EST
NOVEMBER 24 2017......SUNRISE   649 AM EST   SUNSET   538 PM EST


-  INDICATES NEGATIVE NUMBERS.
R  INDICATES RECORD WAS SET OR TIED.
MM INDICATES DATA IS MISSING.
T  INDICATES TRACE AMOUNT.




$$
