000
CDAK49 PAFG 080932
CLIFAI

CLIMATE REPORT
NATIONAL WEATHER SERVICE FAIRBANKS AK
1232 AM AKST MON FEB 8 2016

...................................

...THE FAIRBANKS AK CLIMATE SUMMARY FOR FEBRUARY 7 2016...

CLIMATE NORMAL PERIOD 1981 TO 2010
CLIMATE RECORD PERIOD 1904 TO 2016


WEATHER ITEM   OBSERVED TIME   RECORD YEAR NORMAL DEPARTURE LAST
                VALUE   (LST)  VALUE       VALUE  FROM      YEAR
                                                  NORMAL
..................................................................
TEMPERATURE (F)
 YESTERDAY
  MAXIMUM          7    348 PM  37    1964   6      1      -22
  MINIMUM        -10    813 PM -51    1979 -14      4      -43
  AVERAGE         -1                        -4      3      -32

PRECIPITATION (IN)
  YESTERDAY        0.00          0.20 1959   0.01  -0.01     0.00
  MONTH TO DATE    0.05                      0.11  -0.06      T
  SINCE DEC 1      0.13                      1.33  -1.20     1.08
  SINCE JAN 1      0.06                      0.69  -0.63     0.15

SNOWFALL (IN)
  YESTERDAY        0.0           4.6  1959   0.3   -0.3      0.0
  MONTH TO DATE    0.6                       2.1   -1.5       T
  SINCE DEC 1      2.5                      24.5  -22.0     19.8
  SINCE JUL 1     52.6                      50.3    2.3     29.6
  SNOW DEPTH      13

DEGREE DAYS
 HEATING
  YESTERDAY       66                        69     -3       97
  MONTH TO DATE  452                       492    -40      606
  SINCE DEC 1   4423                      4893   -470     4570
  SINCE JUL 1   8211                      9024   -813     8288

 COOLING
  YESTERDAY        0                         0      0        0
  MONTH TO DATE    0                         0      0        0
  SINCE DEC 1      0                         0      0        0
  SINCE JAN 1      0                         0      0        0
..................................................................


WIND (MPH)
  HIGHEST GUST SPEED     8   HIGHEST GUST DIRECTION    NE (30)


SKY COVER
  AVERAGE SKY COVER 0.3


WEATHER CONDITIONS
 THE FOLLOWING WEATHER WAS RECORDED YESTERDAY.
  FOG
  FOG W/VISIBILITY <= 1/4 MILE


RELATIVE HUMIDITY (PERCENT)
 HIGHEST   100
 LOWEST     75
 AVERAGE    88

..........................................................


THE FAIRBANKS AK CLIMATE NORMALS FOR TODAY
                         NORMAL    RECORD    YEAR
 MAXIMUM TEMPERATURE (F)    7        39      1986
 MINIMUM TEMPERATURE (F)  -14       -50      1979


SUNRISE AND SUNSET
FEBRUARY 08 2016..........SUNRISE  915 AM AKST   SUNSET  458 PM AKST
FEBRUARY 09 2016..........SUNRISE  912 AM AKST   SUNSET  501 PM AKST


-  INDICATES NEGATIVE NUMBERS.
R  INDICATES RECORD WAS SET OR TIED.
MM INDICATES DATA IS MISSING.
T  INDICATES TRACE AMOUNT.

&&

SNOW DEPTH IS MEASURED AT 3AM AKST/4AM AKDT

----------------------------
AVAILABLE DAYLIGHT

AMOUNT OF DAYLIGHT TODAY  (HOUR:MIN)........7:43
GAIN SINCE YESTERDAY........................7 MINUTES
----------------------------

$$
EWP FEB 16
