000
CDAK49 PAFG 251001
CLIFAI

CLIMATE REPORT
NATIONAL WEATHER SERVICE FAIRBANKS AK
101 AM AKST THU DEC 25 2014

...................................

...THE FAIRBANKS AK CLIMATE SUMMARY FOR DECEMBER 24 2014...

CLIMATE NORMAL PERIOD 1981 TO 2010
CLIMATE RECORD PERIOD 1904 TO 2014


WEATHER ITEM   OBSERVED TIME   RECORD YEAR NORMAL DEPARTURE LAST
                VALUE   (LST)  VALUE       VALUE  FROM      YEAR
                                                  NORMAL
..................................................................
TEMPERATURE (F)
 YESTERDAY
  MAXIMUM          7   1138 PM  42    1985   4      3      -13
  MINIMUM        -15    744 AM -54    1961 -14     -1      -33
  AVERAGE         -4                        -5      1      -23

PRECIPITATION (IN)
  YESTERDAY        0.00          0.28 1962   0.02  -0.02      T
  MONTH TO DATE    0.59                      0.48   0.11     0.75
  SINCE DEC 1      0.59                      0.48   0.11     0.75
  SINCE JAN 1     16.82                     10.65   6.17    10.62

SNOWFALL (IN)
  YESTERDAY        0.0           5.2  1990   0.4   -0.4       T
  MONTH TO DATE    9.7                       9.2    0.5     14.0
  SINCE DEC 1      9.7                       9.2    0.5     14.0
  SINCE JUL 1     19.5                      35.0  -15.5     33.0
  SNOW DEPTH       9

DEGREE DAYS
 HEATING
  YESTERDAY       69                        70     -1       88
  MONTH TO DATE 1404                      1644   -240     1553
  SINCE DEC 1   1404                      1644   -240     1553
  SINCE JUL 1   5122                      5775   -653     5090

 COOLING
  YESTERDAY        0                         0      0        0
  MONTH TO DATE    0                         0      0        0
  SINCE DEC 1      0                         0      0        0
  SINCE JAN 1     27                        61    -34      226
..................................................................


WIND (MPH)
  HIGHEST GUST SPEED     6   HIGHEST GUST DIRECTION    NE (40)


SKY COVER
  AVERAGE SKY COVER 0.8


WEATHER CONDITIONS
 THE FOLLOWING WEATHER WAS RECORDED YESTERDAY.
  LIGHT SNOW


RELATIVE HUMIDITY (PERCENT)
 HIGHEST    79
 LOWEST     70
 AVERAGE    75

..........................................................


THE FAIRBANKS AK CLIMATE NORMALS FOR TODAY
                         NORMAL    RECORD    YEAR
 MAXIMUM TEMPERATURE (F)    4        34      1985
 MINIMUM TEMPERATURE (F)  -14       -56      1961


SUNRISE AND SUNSET
DECEMBER 25 2014..........SUNRISE  1100 AM AKST   SUNSET  245 PM AKST
DECEMBER 26 2014..........SUNRISE  1100 AM AKST   SUNSET  246 PM AKST


-  INDICATES NEGATIVE NUMBERS.
R  INDICATES RECORD WAS SET OR TIED.
MM INDICATES DATA IS MISSING.
T  INDICATES TRACE AMOUNT.

&&

SNOW DEPTH IS MEASURED AT 3AM AKST/4AM AKDT

----------------------------
AVAILABLE DAYLIGHT

AMOUNT OF DAYLIGHT TODAY  (HOUR:MIN)........3:45
GAIN SINCE YESTERDAY........................1 MINUTE
----------------------------

$$
EWP DEC 14
