000
CDAK49 PAFG 190958
CLIFAI

CLIMATE REPORT
NATIONAL WEATHER SERVICE FAIRBANKS AK
1258 AM AKST MON FEB 19 2018

...................................

...THE FAIRBANKS AK CLIMATE SUMMARY FOR FEBRUARY 18 2018...

CLIMATE NORMAL PERIOD 1981 TO 2010
CLIMATE RECORD PERIOD 1904 TO 2018


WEATHER ITEM   OBSERVED TIME   RECORD YEAR NORMAL DEPARTURE LAST
                VALUE   (LST)  VALUE       VALUE  FROM      YEAR
                                                  NORMAL
..................................................................
TEMPERATURE (F)
 YESTERDAY
  MAXIMUM         25    515 PM  40    1911  12     13       11
  MINIMUM          4    659 AM -50    1937 -10     14      -10
  AVERAGE         15                         0     15        1

PRECIPITATION (IN)
  YESTERDAY        0.03          0.56 1996   0.01   0.02     0.00
  MONTH TO DATE    0.65                      0.28   0.37     0.10
  SINCE DEC 1      2.13                      1.50   0.63     3.02
  SINCE JAN 1      1.75                      0.86   0.89     1.06

SNOWFALL (IN)
  YESTERDAY        0.5          11.3  1996   0.3    0.2      0.0
  MONTH TO DATE    9.8                       5.4    4.4      3.7
  SINCE DEC 1     30.9                      27.8    3.1     53.6
  SINCE JUL 1     60.7                      53.6    7.1     58.8
  SNOW DEPTH      26

DEGREE DAYS
 HEATING
  YESTERDAY       50                        65    -15       64
  MONTH TO DATE 1209                      1228    -19     1251
  SINCE DEC 1   5129                      5629   -500     5818
  SINCE JUL 1   8694                      9760  -1066     9588

 COOLING
  YESTERDAY        0                         0      0        0
  MONTH TO DATE    0                         0      0        0
  SINCE DEC 1      0                         0      0        0
  SINCE JAN 1      0                         0      0        0
..................................................................


WIND (MPH)
  HIGHEST GUST SPEED    19   HIGHEST GUST DIRECTION     W (250)


SKY COVER
  AVERAGE SKY COVER 0.8


WEATHER CONDITIONS
 THE FOLLOWING WEATHER WAS RECORDED YESTERDAY.
  LIGHT SNOW
  FOG
  HAZE


RELATIVE HUMIDITY (PERCENT)
 HIGHEST    96
 LOWEST     74
 AVERAGE    85

..........................................................


THE FAIRBANKS AK CLIMATE NORMALS FOR TODAY
                         NORMAL    RECORD    YEAR
 MAXIMUM TEMPERATURE (F)   12        42      2006
 MINIMUM TEMPERATURE (F)  -10       -50      1956


SUNRISE AND SUNSET
FEBRUARY 19 2018......SUNRISE   835 AM AKST  SUNSET   536 PM AKST
FEBRUARY 20 2018......SUNRISE   832 AM AKST  SUNSET   540 PM AKST


-  INDICATES NEGATIVE NUMBERS.
R  INDICATES RECORD WAS SET OR TIED.
MM INDICATES DATA IS MISSING.
T  INDICATES TRACE AMOUNT.

&&

SNOW DEPTH IS MEASURED AT 3AM AKST/4AM AKDT

----------------------------
AVAILABLE DAYLIGHT

AMOUNT OF DAYLIGHT TODAY  (HOUR:MIN)........09:01
GAIN SINCE YESTERDAY........................7 MINUTES
----------------------------

$$
FEB 18
