000
CDAK49 PAFG 030932
CLIFAI

CLIMATE REPORT
NATIONAL WEATHER SERVICE FAIRBANKS AK
132 AM AKDT WED JUN 3 2015

...................................

...THE FAIRBANKS AK CLIMATE SUMMARY FOR JUNE 2 2015...

CLIMATE NORMAL PERIOD 1981 TO 2010
CLIMATE RECORD PERIOD 1904 TO 2015


WEATHER ITEM   OBSERVED TIME   RECORD YEAR NORMAL DEPARTURE LAST
                VALUE   (LST)  VALUE       VALUE  FROM      YEAR
                                                  NORMAL
..................................................................
TEMPERATURE (F)
 YESTERDAY
  MAXIMUM         64    446 PM  85    1920  68     -4       52
  MINIMUM         39    303 AM  30    1950  45     -6       46
  AVERAGE         52                        56     -4       49

PRECIPITATION (IN)
  YESTERDAY        0.00          0.34 1964   0.03  -0.03     0.04
  MONTH TO DATE    0.13                      0.06   0.07     0.04
  SINCE JUN 1      0.13                      0.06   0.07     0.04
  SINCE JAN 1      1.70                      2.22  -0.52     1.13

SNOWFALL (IN)
  YESTERDAY        0.0           1.2  1931   0.0    0.0      0.0
  MONTH TO DATE    0.0                       0.0    0.0      0.0
  SINCE JUN 1      0.0                       0.0    0.0      0.0
  SINCE JUL 1     43.8                      65.0  -21.2     48.9
  SNOW DEPTH       0

DEGREE DAYS
 HEATING
  YESTERDAY       13                         9      4       16
  MONTH TO DATE   31                        18     13       29
  SINCE JUN 1     31                        18     13       29
  SINCE JUL 1  12162                     13527  -1365    12338

 COOLING
  YESTERDAY        0                         0      0        0
  MONTH TO DATE    0                         0      0        0
  SINCE JUN 1      0                         0      0        0
  SINCE JAN 1      2                         1      1        0
..................................................................


WIND (MPH)
  HIGHEST GUST SPEED    24   HIGHEST GUST DIRECTION     N (20)


SKY COVER
  AVERAGE SKY COVER 0.5


WEATHER CONDITIONS
 THE FOLLOWING WEATHER WAS RECORDED YESTERDAY.
  NO SIGNIFICANT WEATHER WAS OBSERVED.


RELATIVE HUMIDITY (PERCENT)
 HIGHEST    50
 LOWEST     16
 AVERAGE    33

..........................................................


THE FAIRBANKS AK CLIMATE NORMALS FOR TODAY
                         NORMAL    RECORD    YEAR
 MAXIMUM TEMPERATURE (F)   68        86      1958
 MINIMUM TEMPERATURE (F)   45        32      1931


SUNRISE AND SUNSET
JUNE 03 2015..........SUNRISE  328 AM AKDT   SUNSET  1215 AM AKDT
JUNE 04 2015..........SUNRISE  326 AM AKDT   SUNSET  1218 AM AKDT


-  INDICATES NEGATIVE NUMBERS.
R  INDICATES RECORD WAS SET OR TIED.
MM INDICATES DATA IS MISSING.
T  INDICATES TRACE AMOUNT.

&&

SNOW DEPTH IS MEASURED AT 3AM AKST/4AM AKDT

----------------------------
AVAILABLE DAYLIGHT

AMOUNT OF DAYLIGHT TODAY  (HOUR:MIN)........20:47
GAIN SINCE YESTERDAY........................6 MINUTES
----------------------------

$$
RF JUN 15
