000
CDAK49 PAFG 280931
CLIFAI

CLIMATE REPORT
NATIONAL WEATHER SERVICE FAIRBANKS AK
1231 AM AKST SAT FEB 28 2015

...................................

...THE FAIRBANKS AK CLIMATE SUMMARY FOR FEBRUARY 27 2015...

CLIMATE NORMAL PERIOD 1981 TO 2010
CLIMATE RECORD PERIOD 1904 TO 2015


WEATHER ITEM   OBSERVED TIME   RECORD YEAR NORMAL DEPARTURE LAST
                VALUE   (LST)  VALUE       VALUE  FROM      YEAR
                                                  NORMAL
..................................................................
TEMPERATURE (F)
 YESTERDAY
  MAXIMUM         28    927 PM  45    1928  17     11       35
  MINIMUM          1    849 AM -51    1932 -10     11        3
  AVERAGE         15                         3     12       19

PRECIPITATION (IN)
  YESTERDAY        0.00          0.20 1997   0.01  -0.01     0.00
                                      1997
                                      2012
  MONTH TO DATE    0.29                      0.41  -0.12     0.40
  SINCE DEC 1      1.37                      1.63  -0.26     1.40
  SINCE JAN 1      0.44                      0.99  -0.55     0.62

SNOWFALL (IN)
  YESTERDAY        0.0           8.6  1938   0.2   -0.2      0.0
  MONTH TO DATE    1.4                       7.9   -6.5      7.1
  SINCE DEC 1     21.2                      30.3   -9.1     23.9
  SINCE JUL 1     31.0                      56.1  -25.1     42.9
  SNOW DEPTH      13

DEGREE DAYS
 HEATING
  YESTERDAY       50                        62    -12       46
  MONTH TO DATE 1742                      1797    -55     1887
  SINCE DEC 1   5706                      6198   -492     5805
  SINCE JUL 1   9424                     10329   -905     9342

 COOLING
  YESTERDAY        0                         0      0        0
  MONTH TO DATE    0                         0      0        0
  SINCE DEC 1      0                         0      0        0
  SINCE JAN 1      0                         0      0        0
..................................................................


WIND (MPH)
  HIGHEST GUST SPEED     8   HIGHEST GUST DIRECTION     E (70)


SKY COVER
  AVERAGE SKY COVER 0.8


WEATHER CONDITIONS
 THE FOLLOWING WEATHER WAS RECORDED YESTERDAY.
  NO SIGNIFICANT WEATHER WAS OBSERVED.


RELATIVE HUMIDITY (PERCENT)
 HIGHEST    92
 LOWEST     59
 AVERAGE    76

..........................................................


THE FAIRBANKS AK CLIMATE NORMALS FOR TODAY
                         NORMAL    RECORD    YEAR
 MAXIMUM TEMPERATURE (F)   17        45      1938
 MINIMUM TEMPERATURE (F)  -10       -51      1932


SUNRISE AND SUNSET
FEBRUARY 28 2015..........SUNRISE  805 AM AKST   SUNSET  605 PM AKST
MARCH 01 2015..........SUNRISE  801 AM AKST   SUNSET  609 PM AKST


-  INDICATES NEGATIVE NUMBERS.
R  INDICATES RECORD WAS SET OR TIED.
MM INDICATES DATA IS MISSING.
T  INDICATES TRACE AMOUNT.

&&

SNOW DEPTH IS MEASURED AT 3AM AKST/4AM AKDT

----------------------------
AVAILABLE DAYLIGHT

AMOUNT OF DAYLIGHT TODAY  (HOUR:MIN)........10:00
GAIN SINCE YESTERDAY........................7 MINUTES
----------------------------

$$
RF FEB 15
