000
CDAK49 PAFG 280937
CLIFAI

CLIMATE REPORT
NATIONAL WEATHER SERVICE FAIRBANKS AK
1237 AM AKST FRI NOV 28 2014

...................................

...THE FAIRBANKS AK CLIMATE SUMMARY FOR NOVEMBER 27 2014...

CLIMATE NORMAL PERIOD 1981 TO 2010
CLIMATE RECORD PERIOD 1904 TO 2014


WEATHER ITEM   OBSERVED TIME   RECORD YEAR NORMAL DEPARTURE LAST
                VALUE   (LST)  VALUE       VALUE  FROM      YEAR
                                                  NORMAL
..................................................................
TEMPERATURE (F)
 YESTERDAY
  MAXIMUM          2    139 AM  44    1956   7     -5        5
  MINIMUM        -18   1151 PM -50    1927 -10     -8       -6
  AVERAGE         -8                        -2     -6        0

PRECIPITATION (IN)
  YESTERDAY        0.00          0.74 1970   0.02  -0.02     0.21
  MONTH TO DATE    0.12                      0.61  -0.49     1.70
  SINCE SEP 1      3.45                      2.54   0.91     4.03
  SINCE JAN 1     16.17                     10.11   6.06     9.83

SNOWFALL (IN)
  YESTERDAY        0.0           9.4  1970   0.4   -0.4      2.8
  MONTH TO DATE    2.8                      12.0   -9.2     16.9
  SINCE SEP 1      8.8                      24.6  -15.8     18.3
  SINCE JUL 1      8.8                      24.6  -15.8     18.3
  SNOW DEPTH       5

DEGREE DAYS
 HEATING
  YESTERDAY       73                        67      6       65
  MONTH TO DATE 1444                      1671   -227     1532
  SINCE SEP 1   3221                      3541   -320     3048
  SINCE JUL 1   3542                      3930   -388     3307

 COOLING
  YESTERDAY        0                         0      0        0
  MONTH TO DATE    0                         0      0        0
  SINCE SEP 1      0                         0      0        0
  SINCE JAN 1     27                        61    -34      226
..................................................................


WIND (MPH)
  HIGHEST GUST SPEED    11   HIGHEST GUST DIRECTION    NE (60)


SKY COVER
  AVERAGE SKY COVER 0.1


WEATHER CONDITIONS
 THE FOLLOWING WEATHER WAS RECORDED YESTERDAY.
  NO SIGNIFICANT WEATHER WAS OBSERVED.


RELATIVE HUMIDITY (PERCENT)
 HIGHEST    79
 LOWEST     66
 AVERAGE    73

..........................................................


THE FAIRBANKS AK CLIMATE NORMALS FOR TODAY
                         NORMAL    RECORD    YEAR
 MAXIMUM TEMPERATURE (F)    7        42      1976
 MINIMUM TEMPERATURE (F)  -11       -50      1909


SUNRISE AND SUNSET
NOVEMBER 28 2014..........SUNRISE  1011 AM AKST   SUNSET  308 PM AKST
NOVEMBER 29 2014..........SUNRISE  1014 AM AKST   SUNSET  306 PM AKST


-  INDICATES NEGATIVE NUMBERS.
R  INDICATES RECORD WAS SET OR TIED.
MM INDICATES DATA IS MISSING.
T  INDICATES TRACE AMOUNT.

&&

SNOW DEPTH IS MEASURED AT 3AM AKST/4AM AKDT

----------------------------
AVAILABLE DAYLIGHT

AMOUNT OF DAYLIGHT TODAY  (HOUR:MIN)........4:57
LOSS SINCE YESTERDAY........................6 MINUTES
----------------------------

$$
RF NOV 14
