000
CDAK49 PAFG 240959
CLIFAI

CLIMATE REPORT
NATIONAL WEATHER SERVICE FAIRBANKS AK
159 AM AKDT WED MAY 24 2017

...................................

...THE FAIRBANKS AK CLIMATE SUMMARY FOR MAY 23 2017...

CLIMATE NORMAL PERIOD 1981 TO 2010
CLIMATE RECORD PERIOD 1904 TO 2017


WEATHER ITEM   OBSERVED TIME   RECORD YEAR NORMAL DEPARTURE LAST
                VALUE   (LST)  VALUE       VALUE  FROM      YEAR
                                                  NORMAL
..................................................................
TEMPERATURE (F)
 YESTERDAY
  MAXIMUM         58    536 PM  86    2015  64     -6       56
  MINIMUM         41   1159 PM  25    1918  41      0       43
  AVERAGE         50                        52     -2       50

PRECIPITATION (IN)
  YESTERDAY        T             0.35 1948   0.02  -0.02     0.04
  MONTH TO DATE    0.48                      0.41   0.07     0.67
  SINCE MAR 1      0.74                      0.97  -0.23     1.72
  SINCE JAN 1      2.94                      1.97   0.97     1.78

SNOWFALL (IN)
  YESTERDAY        0.0           T    1949   0.0    0.0      0.0
  MONTH TO DATE    0.0                       0.8   -0.8      0.0
  SINCE MAR 1      4.7                       8.6   -3.9      7.4
  SINCE JUL 1     83.1                      64.9   18.2     60.0
  SNOW DEPTH       0

DEGREE DAYS
 HEATING
  YESTERDAY       15                        13      2       15
  MONTH TO DATE  336                       397    -61      279
  SINCE MAR 1   3295                      3031    264     2346
  SINCE JUL 1  13425                     13421      4    11752

 COOLING
  YESTERDAY        0                         0      0        0
  MONTH TO DATE    0                         0      0        6
  SINCE MAR 1      0                         0      0        6
  SINCE JAN 1      0                         0      0        6
..................................................................


WIND (MPH)
  HIGHEST GUST SPEED    23   HIGHEST GUST DIRECTION     W (250)


SKY COVER
  AVERAGE SKY COVER 0.8


WEATHER CONDITIONS
 THE FOLLOWING WEATHER WAS RECORDED YESTERDAY.
  LIGHT RAIN


RELATIVE HUMIDITY (PERCENT)
 HIGHEST    93
 LOWEST     40
 AVERAGE    67

..........................................................


THE FAIRBANKS AK CLIMATE NORMALS FOR TODAY
                         NORMAL    RECORD    YEAR
 MAXIMUM TEMPERATURE (F)   64        89      1960
 MINIMUM TEMPERATURE (F)   41        28      1931


SUNRISE AND SUNSET
MAY 24 2017..........SUNRISE  357 AM AKDT   SUNSET  1142 PM AKDT
MAY 25 2017..........SUNRISE  354 AM AKDT   SUNSET  1146 PM AKDT


-  INDICATES NEGATIVE NUMBERS.
R  INDICATES RECORD WAS SET OR TIED.
MM INDICATES DATA IS MISSING.
T  INDICATES TRACE AMOUNT.

&&

SNOW DEPTH IS MEASURED AT 3AM AKST/4AM AKDT

----------------------------
AVAILABLE DAYLIGHT

AMOUNT OF DAYLIGHT TODAY  (HOUR:MIN)........19:45
GAIN SINCE YESTERDAY........................6 MINUTES
----------------------------

$$
MAY 17
