000
CDAK49 PAFG 280931
CLIFAI

CLIMATE REPORT
NATIONAL WEATHER SERVICE FAIRBANKS AK
1231 AM AKST WED JAN 28 2015

...................................

...THE FAIRBANKS AK CLIMATE SUMMARY FOR JANUARY 27 2015...

CLIMATE NORMAL PERIOD 1981 TO 2010
CLIMATE RECORD PERIOD 1904 TO 2015


WEATHER ITEM   OBSERVED TIME   RECORD YEAR NORMAL DEPARTURE LAST
                VALUE   (LST)  VALUE       VALUE  FROM      YEAR
                                                  NORMAL
..................................................................
TEMPERATURE (F)
 YESTERDAY
  MAXIMUM        -28    255 PM  39    1945   2    -30       23
  MINIMUM        -43    423 AM -58    1933 -17    -26       12
  AVERAGE        -35                        -8    -27       18

PRECIPITATION (IN)
  YESTERDAY        0.00          0.42 1975   0.02  -0.02     0.00
  MONTH TO DATE    0.15                      0.51  -0.36     0.22
  SINCE DEC 1      1.08                      1.15  -0.07     1.00
  SINCE JAN 1      0.15                      0.51  -0.36     0.22

SNOWFALL (IN)
  YESTERDAY        0.0           8.2  1975   0.3   -0.3      0.0
  MONTH TO DATE    4.6                       9.0   -4.4      2.5
  SINCE DEC 1     19.8                      21.1   -1.3     16.8
  SINCE JUL 1     29.6                      46.9  -17.3     35.8
  SNOW DEPTH      13

DEGREE DAYS
 HEATING
  YESTERDAY      100                        72     28       47
  MONTH TO DATE 1830                      1974   -144     1533
  SINCE DEC 1   3587                      4115   -528     3680
  SINCE JUL 1   7305                      8246   -941     7217

 COOLING
  YESTERDAY        0                         0      0        0
  MONTH TO DATE    0                         0      0        0
  SINCE DEC 1      0                         0      0        0
  SINCE JAN 1      0                         0      0        0
..................................................................


WIND (MPH)
  HIGHEST GUST SPEED     6   HIGHEST GUST DIRECTION     S (200)


SKY COVER
  AVERAGE SKY COVER 0.3


WEATHER CONDITIONS
 THE FOLLOWING WEATHER WAS RECORDED YESTERDAY.
  FOG


RELATIVE HUMIDITY (PERCENT)
 HIGHEST    63
 LOWEST     61
 AVERAGE    62

..........................................................


THE FAIRBANKS AK CLIMATE NORMALS FOR TODAY
                         NORMAL    RECORD    YEAR
 MAXIMUM TEMPERATURE (F)    2        42      1945
 MINIMUM TEMPERATURE (F)  -17       -60      1933


SUNRISE AND SUNSET
JANUARY 28 2015..........SUNRISE  950 AM AKST   SUNSET  421 PM AKST
JANUARY 29 2015..........SUNRISE  947 AM AKST   SUNSET  424 PM AKST


-  INDICATES NEGATIVE NUMBERS.
R  INDICATES RECORD WAS SET OR TIED.
MM INDICATES DATA IS MISSING.
T  INDICATES TRACE AMOUNT.

&&

SNOW DEPTH IS MEASURED AT 3AM AKST/4AM AKDT

----------------------------
AVAILABLE DAYLIGHT

AMOUNT OF DAYLIGHT TODAY  (HOUR:MIN)........6:31
GAIN SINCE YESTERDAY........................6 MINUTES
----------------------------

$$
JAN 15
