000
CDAK49 PAFG 160932
CLIFAI

CLIMATE REPORT
NATIONAL WEATHER SERVICE FAIRBANKS AK
132 AM AKDT TUE SEP 16 2014

...................................

...THE FAIRBANKS AK CLIMATE SUMMARY FOR SEPTEMBER 15 2014...

CLIMATE NORMAL PERIOD 1981 TO 2010
CLIMATE RECORD PERIOD 1904 TO 2014


WEATHER ITEM   OBSERVED TIME   RECORD YEAR NORMAL DEPARTURE LAST
                VALUE   (LST)  VALUE       VALUE  FROM      YEAR
                                                  NORMAL
..................................................................
TEMPERATURE (F)
 YESTERDAY
  MAXIMUM         69    406 PM  75    1919  55     14       56
  MINIMUM         42    633 AM  15    1992  36      6       29
  AVERAGE         56                        46     10       43

PRECIPITATION (IN)
  YESTERDAY        T             0.42 1925   0.04  -0.04     0.00
  MONTH TO DATE    2.24                      0.64   1.60     1.60
  SINCE SEP 1      2.24                      0.64   1.60     1.60
  SINCE JAN 1     14.96                      8.21   6.75     7.40

SNOWFALL (IN)
  YESTERDAY        0.0           0.3  1962   0.1   -0.1      0.0
  MONTH TO DATE    0.0                       0.5   -0.5      0.0
  SINCE SEP 1      0.0                       0.5   -0.5      0.0
  SINCE JUL 1      0.0                       0.5   -0.5      0.0
  SNOW DEPTH       0

DEGREE DAYS
 HEATING
  YESTERDAY        9                        20    -11       22
  MONTH TO DATE  205                       248    -43      225
  SINCE SEP 1    205                       248    -43      225
  SINCE JUL 1    526                       637   -111      484

 COOLING
  YESTERDAY        0                         0      0        0
  MONTH TO DATE    0                         0      0        0
  SINCE SEP 1      0                         0      0        0
  SINCE JAN 1     27                        61    -34      226
..................................................................


WIND (MPH)
  HIGHEST GUST SPEED    18   HIGHEST GUST DIRECTION    SW (230)


SKY COVER
  AVERAGE SKY COVER 0.7


WEATHER CONDITIONS
 THE FOLLOWING WEATHER WAS RECORDED YESTERDAY.
  NO SIGNIFICANT WEATHER WAS OBSERVED.


RELATIVE HUMIDITY (PERCENT)
 HIGHEST    89
 LOWEST     34
 AVERAGE    62

..........................................................


THE FAIRBANKS AK CLIMATE NORMALS FOR TODAY
                         NORMAL    RECORD    YEAR
 MAXIMUM TEMPERATURE (F)   55        71      1973
 MINIMUM TEMPERATURE (F)   35        12      1992


SUNRISE AND SUNSET
SEPTEMBER 16 2014..........SUNRISE  718 AM AKDT   SUNSET  814 PM AKDT
SEPTEMBER 17 2014..........SUNRISE  720 AM AKDT   SUNSET  810 PM AKDT


-  INDICATES NEGATIVE NUMBERS.
R  INDICATES RECORD WAS SET OR TIED.
MM INDICATES DATA IS MISSING.
T  INDICATES TRACE AMOUNT.

&&

SNOW DEPTH IS MEASURED AT 3AM AKST/4AM AKDT

----------------------------
AVAILABLE DAYLIGHT

AMOUNT OF DAYLIGHT TODAY  (HOUR:MIN)........12:56
LOSS SINCE YESTERDAY........................6 MINUTES
----------------------------

$$
DA SEP 14
