000
CDUS43 KFGF 230707
CLIFAR


CLIMATE REPORT
NATIONAL WEATHER SERVICE EASTERN NORTH DAKOTA/GRAND FORKS
204 AM CDT THU MAR 23 2017


...................................

...THE FARGO HECTOR INTL AP ND CLIMATE SUMMARY FOR MARCH 22 2017...

CLIMATE NORMAL PERIOD 1981 TO 2010
CLIMATE RECORD PERIOD 1881 TO 2017


WEATHER ITEM   OBSERVED TIME   RECORD YEAR NORMAL DEPARTURE LAST
                VALUE   (LST)  VALUE       VALUE  FROM      YEAR
                                                  NORMAL
..................................................................
TEMPERATURE (F)
 YESTERDAY
  MAXIMUM         36   1159 PM  72    1945  40     -4       50
  MINIMUM         16   1232 AM -17    1888  22     -6       32
  AVERAGE         26                        31     -5       41

PRECIPITATION (IN)
  YESTERDAY        T             0.89 2011   0.04  -0.04     0.00
  MONTH TO DATE    0.14                      0.91  -0.77     0.26
  SINCE MAR 1      0.14                      0.91  -0.77     0.26
  SINCE JAN 1      1.91                      2.22  -0.31     1.25

SNOWFALL (IN)
  YESTERDAY        T             8.6  1894   0.2   -0.2      0.0
  MONTH TO DATE    1.6                       7.3   -5.7      0.9
  SINCE MAR 1      1.6                       7.3   -5.7      0.9
  SINCE JUL 1     30.9                      45.3  -14.4     25.2
  SNOW DEPTH       0

DEGREE DAYS
 HEATING
  YESTERDAY       39                        34      5       24
  MONTH TO DATE  883                       869     14      598
  SINCE MAR 1    883                       869     14      598
  SINCE JUL 1   6381                      7547  -1166     6121

 COOLING
  YESTERDAY        0                         0      0        0
  MONTH TO DATE    0                         0      0        0
  SINCE MAR 1      0                         0      0        0
  SINCE JAN 1      0                         0      0        0
..................................................................


WIND (MPH)
  HIGHEST WIND SPEED    29   HIGHEST WIND DIRECTION    SE (150)
  HIGHEST GUST SPEED    38   HIGHEST GUST DIRECTION     S (160)
  AVERAGE WIND SPEED    18.5


SKY COVER
  POSSIBLE SUNSHINE  MM
  AVERAGE SKY COVER 0.7


WEATHER CONDITIONS
 THE FOLLOWING WEATHER WAS RECORDED YESTERDAY.
  LIGHT RAIN
  LIGHT SNOW


RELATIVE HUMIDITY (PERCENT)
 HIGHEST    80          1200 AM
 LOWEST     43          1100 AM
 AVERAGE    62

..........................................................


THE FARGO HECTOR INTL AP ND CLIMATE NORMALS FOR TODAY
                         NORMAL    RECORD    YEAR
 MAXIMUM TEMPERATURE (F)   40        80      1910
 MINIMUM TEMPERATURE (F)   23       -16      1965


SUNRISE AND SUNSET
MARCH 23 2017.........SUNRISE   724 AM CDT   SUNSET   744 PM CDT
MARCH 24 2017.........SUNRISE   722 AM CDT   SUNSET   746 PM CDT


-  INDICATES NEGATIVE NUMBERS.
R  INDICATES RECORD WAS SET OR TIED.
MM INDICATES DATA IS MISSING.
T  INDICATES TRACE AMOUNT.




$$
