000
CDUS43 KFGF 232212
CLIFAR


CLIMATE REPORT
NATIONAL WEATHER SERVICE EASTERN NORTH DAKOTA/GRAND FORKS
512 PM CDT MON OCT 23 2017


...................................

...THE FARGO HECTOR INTL AP ND CLIMATE SUMMARY FOR OCTOBER 23 2017...
VALID TODAY AS OF 0400 PM LOCAL TIME.

CLIMATE NORMAL PERIOD 1981 TO 2010
CLIMATE RECORD PERIOD 1881 TO 2017


WEATHER ITEM   OBSERVED TIME   RECORD YEAR NORMAL DEPARTURE LAST
                VALUE   (LST)  VALUE       VALUE  FROM      YEAR
                                                  NORMAL
..................................................................
TEMPERATURE (F)
 TODAY
  MAXIMUM         57    205 PM  80    1963  52      5       55
  MINIMUM         46    932 AM   5    1917  33     13       32
  AVERAGE         52                        42     10       44

PRECIPITATION (IN)
  TODAY            0.01          1.80 1902   0.06  -0.05     0.00
  MONTH TO DATE    0.71                      1.73  -1.02     1.19
  SINCE SEP 1      3.54                      4.30  -0.76     3.79
  SINCE JAN 1     14.04                     20.36  -6.32    19.26

SNOWFALL (IN)
  TODAY            0.0           1.5  1936   0.0    0.0      0.0
  MONTH TO DATE    0.0                       0.3   -0.3      0.0
  SINCE SEP 1      0.0                       0.3   -0.3      0.0
  SINCE JUL 1      0.0                       0.3   -0.3      0.0
  SNOW DEPTH       0

DEGREE DAYS
 HEATING
  TODAY           13                        23    -10       21
  MONTH TO DATE  293                       407   -114      347
  SINCE SEP 1    445                       627   -182      459
  SINCE JUL 1    461                       677   -216      476

 COOLING
  TODAY            0                         0      0        0
  MONTH TO DATE    2                         0      2        8
  SINCE SEP 1     71                        43     28       58
  SINCE JAN 1    518                       548    -30      661
..................................................................


WIND (MPH)
  HIGHEST WIND SPEED    31   HIGHEST WIND DIRECTION    NW (320)
  HIGHEST GUST SPEED    43   HIGHEST GUST DIRECTION    NW (310)
  AVERAGE WIND SPEED    19.5


SKY COVER
  POSSIBLE SUNSHINE  MM
  AVERAGE SKY COVER 0.5


WEATHER CONDITIONS
 THE FOLLOWING WEATHER WAS RECORDED TODAY.
  LIGHT RAIN


RELATIVE HUMIDITY (PERCENT)
 HIGHEST    77           400 AM
 LOWEST     38           200 PM
 AVERAGE    58

..........................................................


THE FARGO HECTOR INTL AP ND CLIMATE NORMALS FOR TOMORROW
                         NORMAL    RECORD    YEAR
 MAXIMUM TEMPERATURE (F)   52        78      2014
                                             1989
 MINIMUM TEMPERATURE (F)   32         7      1887


SUNRISE AND SUNSET
OCTOBER 23 2017.......SUNRISE   757 AM CDT   SUNSET   625 PM CDT
OCTOBER 24 2017.......SUNRISE   758 AM CDT   SUNSET   624 PM CDT


-  INDICATES NEGATIVE NUMBERS.
R  INDICATES RECORD WAS SET OR TIED.
MM INDICATES DATA IS MISSING.
T  INDICATES TRACE AMOUNT.




$$
