000
CDUS43 KFGF 270702
CLIFAR


CLIMATE REPORT
NATIONAL WEATHER SERVICE EASTERN NORTH DAKOTA/GRAND FORKS
148 AM CDT TUE JUN 27 2017


...................................

...THE FARGO HECTOR INTL AP ND CLIMATE SUMMARY FOR JUNE 26 2017...

CLIMATE NORMAL PERIOD 1981 TO 2010
CLIMATE RECORD PERIOD 1881 TO 2017


WEATHER ITEM   OBSERVED TIME   RECORD YEAR NORMAL DEPARTURE LAST
                VALUE   (LST)  VALUE       VALUE  FROM      YEAR
                                                  NORMAL
..................................................................
TEMPERATURE (F)
 YESTERDAY
  MAXIMUM         75    425 PM  96    1933  80     -5       83
  MINIMUM         40R   417 AM  40    2004  58    -18       62
  AVERAGE         58                        69    -11       73

PRECIPITATION (IN)
  YESTERDAY        0.00          2.86 1915   0.13  -0.13     0.00
  MONTH TO DATE    1.94                      3.39  -1.45     1.58
  SINCE JUN 1      1.94                      3.39  -1.45     1.58
  SINCE JAN 1      6.58                     10.20  -3.62     7.06

SNOWFALL (IN)
  YESTERDAY        0.0           0.0    MM   0.0    0.0      0.0
  MONTH TO DATE    0.0                       0.0    0.0      0.0
  SINCE JUN 1      0.0                       0.0    0.0      0.0
  SINCE JUL 1     33.1                      50.4  -17.3     27.4
  SNOW DEPTH       0

DEGREE DAYS
 HEATING
  YESTERDAY        7                         1      6        0
  MONTH TO DATE   34                        67    -33       19
  SINCE JUN 1     34                        67    -33       19
  SINCE JUL 1   7451                      8796  -1345     7164

 COOLING
  YESTERDAY        0                         5     -5        8
  MONTH TO DATE  121                        86     35      142
  SINCE JUN 1    121                        86     35      142
  SINCE JAN 1    132                       117     15      190
..................................................................


WIND (MPH)
  HIGHEST WIND SPEED    16   HIGHEST WIND DIRECTION     W (290)
  HIGHEST GUST SPEED    21   HIGHEST GUST DIRECTION     W (280)
  AVERAGE WIND SPEED     5.8


SKY COVER
  POSSIBLE SUNSHINE  MM
  AVERAGE SKY COVER 0.1


WEATHER CONDITIONS
 THE FOLLOWING WEATHER WAS RECORDED YESTERDAY.
  FOG
  HAZE


RELATIVE HUMIDITY (PERCENT)
 HIGHEST    89           400 AM
 LOWEST     25           400 PM
 AVERAGE    57

..........................................................


THE FARGO HECTOR INTL AP ND CLIMATE NORMALS FOR TODAY
                         NORMAL    RECORD    YEAR
 MAXIMUM TEMPERATURE (F)   80        96      1910
 MINIMUM TEMPERATURE (F)   58        42      1925


SUNRISE AND SUNSET
JUNE 27 2017..........SUNRISE   535 AM CDT   SUNSET   926 PM CDT
JUNE 28 2017..........SUNRISE   535 AM CDT   SUNSET   926 PM CDT


-  INDICATES NEGATIVE NUMBERS.
R  INDICATES RECORD WAS SET OR TIED.
MM INDICATES DATA IS MISSING.
T  INDICATES TRACE AMOUNT.




$$
