000
CDUS43 KFGF 160714
CLIFAR


CLIMATE REPORT
NATIONAL WEATHER SERVICE EASTERN NORTH DAKOTA/GRAND FORKS
114 AM CST TUE JAN 16 2018


...................................

...THE FARGO HECTOR INTL AP ND CLIMATE SUMMARY FOR JANUARY 15 2018...

CLIMATE NORMAL PERIOD 1981 TO 2010
CLIMATE RECORD PERIOD 1881 TO 2018


WEATHER ITEM   OBSERVED TIME   RECORD YEAR NORMAL DEPARTURE LAST
                VALUE   (LST)  VALUE       VALUE  FROM      YEAR
                                                  NORMAL
..................................................................
TEMPERATURE (F)
 YESTERDAY
  MAXIMUM         -3    105 AM  40    1942  18    -21       23
                                      1901
  MINIMUM        -11   1214 PM -36    1888   0    -11        6
  AVERAGE         -7                         9    -16       15

PRECIPITATION (IN)
  YESTERDAY        0.00          0.48 1889   0.02  -0.02     0.00
  MONTH TO DATE    0.21                      0.37  -0.16     0.92
  SINCE DEC 1      0.98                      1.20  -0.22     2.19
  SINCE JAN 1      0.21                      0.37  -0.16     0.92

SNOWFALL (IN)
  YESTERDAY        0.0           4.0  1920   0.3   -0.3      0.0
  MONTH TO DATE    3.6                       5.9   -2.3     12.9
  SINCE DEC 1     11.6                      17.1   -5.5     21.2
  SINCE JUL 1     15.3                      25.7  -10.4     24.9
  SNOW DEPTH       5

DEGREE DAYS
 HEATING
  YESTERDAY       72                        56     16       50
  MONTH TO DATE  917                       836     81      955
  SINCE DEC 1   2498                      2414     84     2465
  SINCE JUL 1   4296                      4376    -80     3770

 COOLING
  YESTERDAY        0                         0      0        0
  MONTH TO DATE    0                         0      0        0
  SINCE DEC 1      0                         0      0        0
  SINCE JAN 1      0                         0      0        0
..................................................................


WIND (MPH)
  HIGHEST WIND SPEED    35   HIGHEST WIND DIRECTION     N (350)
  HIGHEST GUST SPEED    42   HIGHEST GUST DIRECTION     N (350)
  AVERAGE WIND SPEED    23.4


SKY COVER
  POSSIBLE SUNSHINE  MM
  AVERAGE SKY COVER 1.0


WEATHER CONDITIONS
 THE FOLLOWING WEATHER WAS RECORDED YESTERDAY.
  FOG
  FOG W/VISIBILITY <= 1/4 MILE
  HAZE


RELATIVE HUMIDITY (PERCENT)
 HIGHEST    86          1200 AM
 LOWEST     78           200 AM
 AVERAGE    82

..........................................................


THE FARGO HECTOR INTL AP ND CLIMATE NORMALS FOR TODAY
                         NORMAL    RECORD    YEAR
 MAXIMUM TEMPERATURE (F)   18        47      1942
 MINIMUM TEMPERATURE (F)    0       -35      1977


SUNRISE AND SUNSET
JANUARY 16 2018.......SUNRISE   807 AM CST   SUNSET   507 PM CST
JANUARY 17 2018.......SUNRISE   807 AM CST   SUNSET   508 PM CST


-  INDICATES NEGATIVE NUMBERS.
R  INDICATES RECORD WAS SET OR TIED.
MM INDICATES DATA IS MISSING.
T  INDICATES TRACE AMOUNT.




$$
