000
CDUS43 KFGF 280724
CLIFAR


CLIMATE REPORT
NATIONAL WEATHER SERVICE EASTERN NORTH DAKOTA/GRAND FORKS
224 AM CDT THU AUG 28 2014


...................................

...THE FARGO HECTOR INTL AP ND CLIMATE SUMMARY FOR AUGUST 27 2014...

CLIMATE NORMAL PERIOD 1981 TO 2010
CLIMATE RECORD PERIOD 1881 TO 2014


WEATHER ITEM   OBSERVED TIME   RECORD YEAR NORMAL DEPARTURE LAST
                VALUE   (LST)  VALUE       VALUE  FROM      YEAR
                                                  NORMAL
..................................................................
TEMPERATURE (F)
 YESTERDAY
  MAXIMUM         75    151 PM 100    1984  79     -4       94
  MINIMUM         49    517 AM  33    1982  55     -6       64
  AVERAGE         62                        67     -5       79

PRECIPITATION (IN)
  YESTERDAY        0.00          0.92 2007   0.10  -0.10     0.00
  MONTH TO DATE    1.92                      2.20  -0.28     0.30
  SINCE JUN 1      9.25                      8.89   0.36     8.93
  SINCE JAN 1     16.27                     15.70   0.57    21.83

SNOWFALL (IN)
  YESTERDAY        0.0           0.0    MM   0.0    0.0      0.0
  MONTH TO DATE    0.0                       0.0    0.0      0.0
  SINCE JUN 1      0.0                       0.0    0.0      0.0
  SINCE JUL 1      0.0                       0.0    0.0      0.0
  SNOW DEPTH       0

DEGREE DAYS
 HEATING
  YESTERDAY        3                         2      1        0
  MONTH TO DATE   12                        27    -15       17
  SINCE JUN 1     62                       116    -54       96
  SINCE JUL 1     32                        43    -11       34

 COOLING
  YESTERDAY        0                         4     -4       14
  MONTH TO DATE  147                       153     -6      156
  SINCE JUN 1    412                       462    -50      535
  SINCE JAN 1    491                       493     -2      564
..................................................................


WIND (MPH)
  HIGHEST WIND SPEED    13   HIGHEST WIND DIRECTION    SE (150)
  HIGHEST GUST SPEED    16   HIGHEST GUST DIRECTION     S (180)
  AVERAGE WIND SPEED     5.1


SKY COVER
  POSSIBLE SUNSHINE  MM
  AVERAGE SKY COVER 0.4


WEATHER CONDITIONS
 THE FOLLOWING WEATHER WAS RECORDED YESTERDAY.
  FOG
  FOG W/VISIBILITY <= 1/4 MILE


RELATIVE HUMIDITY (PERCENT)
 HIGHEST   100           100 AM
 LOWEST     57           300 PM
 AVERAGE    79

..........................................................


THE FARGO HECTOR INTL AP ND CLIMATE NORMALS FOR TODAY
                         NORMAL    RECORD    YEAR
 MAXIMUM TEMPERATURE (F)   79       100      1984
 MINIMUM TEMPERATURE (F)   55        36      1965
                                             1893


SUNRISE AND SUNSET
AUGUST 28 2014........SUNRISE   642 AM CDT   SUNSET   814 PM CDT
AUGUST 29 2014........SUNRISE   643 AM CDT   SUNSET   812 PM CDT


-  INDICATES NEGATIVE NUMBERS.
R  INDICATES RECORD WAS SET OR TIED.
MM INDICATES DATA IS MISSING.
T  INDICATES TRACE AMOUNT.




$$
