946
CDUS43 KFGF 240633
CLIFAR


CLIMATE REPORT
NATIONAL WEATHER SERVICE EASTERN NORTH DAKOTA/GRAND FORKS
132 AM CDT SUN JUL 24 2016


...................................

...THE FARGO HECTOR INTL AP ND CLIMATE SUMMARY FOR JULY 23 2016...

CLIMATE NORMAL PERIOD 1981 TO 2010
CLIMATE RECORD PERIOD 1881 TO 2016


WEATHER ITEM   OBSERVED TIME   RECORD YEAR NORMAL DEPARTURE LAST
                VALUE   (LST)  VALUE       VALUE  FROM      YEAR
                                                  NORMAL
..................................................................
TEMPERATURE (F)
 YESTERDAY
  MAXIMUM         84    411 PM  97    1894  83      1       89
  MINIMUM         70   1159 PM  45    1889  60     10       66
  AVERAGE         77                        71      6       78

PRECIPITATION (IN)
  YESTERDAY        0.15          2.03 1979   0.08   0.07     0.09
  MONTH TO DATE    4.62                      2.21   2.41     2.12
  SINCE JUN 1      7.07                      6.11   0.96     4.87
  SINCE JAN 1     12.55                     12.92  -0.37    14.97

SNOWFALL (IN)
  YESTERDAY        0.0           0.0    MM   0.0    0.0      0.0
  MONTH TO DATE    0.0                       0.0    0.0      0.0
  SINCE JUN 1      0.0                       0.0    0.0      0.0
  SINCE JUL 1      0.0                       0.0    0.0      0.0
  SNOW DEPTH       0

DEGREE DAYS
 HEATING
  YESTERDAY        0                         0      0        0
  MONTH TO DATE    8                        12     -4       12
  SINCE JUN 1     35                        85    -50       35
  SINCE JUL 1      8                        12     -4       12

 COOLING
  YESTERDAY       12                         7      5       13
  MONTH TO DATE  162                       151     11      179
  SINCE JUN 1    309                       258     51      275
  SINCE JAN 1    357                       289     68      290
..................................................................


WIND (MPH)
  HIGHEST WIND SPEED    26   HIGHEST WIND DIRECTION     E (110)
  HIGHEST GUST SPEED    33   HIGHEST GUST DIRECTION     E (110)
  AVERAGE WIND SPEED    10.3


SKY COVER
  POSSIBLE SUNSHINE  MM
  AVERAGE SKY COVER 0.5


WEATHER CONDITIONS
 THE FOLLOWING WEATHER WAS RECORDED YESTERDAY.
  RAIN
  LIGHT RAIN
  FOG


RELATIVE HUMIDITY (PERCENT)
 HIGHEST    88           900 PM
 LOWEST     56           400 AM
 AVERAGE    72

..........................................................


THE FARGO HECTOR INTL AP ND CLIMATE NORMALS FOR TODAY
                         NORMAL    RECORD    YEAR
 MAXIMUM TEMPERATURE (F)   83        99      1940
 MINIMUM TEMPERATURE (F)   60        44      1891


SUNRISE AND SUNSET
JULY 24 2016..........SUNRISE   558 AM CDT   SUNSET   909 PM CDT
JULY 25 2016..........SUNRISE   559 AM CDT   SUNSET   908 PM CDT


-  INDICATES NEGATIVE NUMBERS.
R  INDICATES RECORD WAS SET OR TIED.
MM INDICATES DATA IS MISSING.
T  INDICATES TRACE AMOUNT.




$$
