000
CDUS46 KHNX 230820
CLIFAT


CLIMATE REPORT
NATIONAL WEATHER SERVICE SAN JOAQUIN VALLEY, CA
120 AM PDT SAT MAY 23 2015


...................................

...THE FRESNO CA CLIMATE SUMMARY FOR MAY 22 2015...

CLIMATE NORMAL PERIOD 1981 TO 2010
CLIMATE RECORD PERIOD 1887 TO 2015


WEATHER ITEM   OBSERVED TIME   RECORD YEAR NORMAL DEPARTURE
                VALUE   (LST)  VALUE       VALUE  FROM
                                                  NORMAL
...............................................................
TEMPERATURE (F)
 YESTERDAY
  MAXIMUM         72    158 PM 104    1967  86    -14
  MINIMUM         58    635 AM  43    1909  58      0
                                      1903
  AVERAGE         65                        72     -7

PRECIPITATION (IN)
  YESTERDAY        0.00          0.15 1958   0.01  -0.01
  MONTH TO DATE    0.57                      0.33   0.24
  SINCE OCT 1      6.41                     11.00  -4.59
  SINCE JAN 1      3.22                      7.53  -4.31

SNOWFALL (IN)
  YESTERDAY        0.0
  MONTH TO DATE    0.0
  SINCE MAR 1      0.0
  SINCE JUL 1      0.0
  SNOW DEPTH       0

DEGREE DAYS
 HEATING
  YESTERDAY        0                               -1
  MONTH TO DATE   25                               -3
  SINCE MAR 1    193                             -236
  SINCE JUL 1   1519                             -822

 COOLING
  YESTERDAY        0                               -7
  MONTH TO DATE   59                              -57
  SINCE MAR 1    187                               20
  SINCE JAN 1    187                               20
...............................................................


WIND (MPH)
  HIGHEST WIND SPEED    17   HIGHEST WIND DIRECTION    NW (300)
  HIGHEST GUST SPEED    23   HIGHEST GUST DIRECTION    NW (300)
  AVERAGE WIND SPEED     8.2




RELATIVE HUMIDITY (PERCENT)
 HIGHEST    67
 LOWEST     38
 AVERAGE    53

..........................................................


THE FRESNO CA CLIMATE NORMALS FOR TODAY
                         NORMAL    RECORD    YEAR
 MAXIMUM TEMPERATURE (F)   86       103      1967
 MINIMUM TEMPERATURE (F)   58        44      1960
                                             1909


SUNRISE AND SUNSET
MAY 23 2015...........SUNRISE   546 AM PDT   SUNSET   806 PM PDT
MAY 24 2015...........SUNRISE   545 AM PDT   SUNSET   807 PM PDT


-  INDICATES NEGATIVE NUMBERS.
R  INDICATES RECORD WAS SET OR TIED.
MM INDICATES DATA IS MISSING.
T  INDICATES TRACE AMOUNT.




$$
