000
CDUS46 KHNX 220831
CLIFAT


CLIMATE REPORT
NATIONAL WEATHER SERVICE SAN JOAQUIN VALLEY, CA
129 AM PDT MON MAY 22 2017


...................................

...THE FRESNO CA CLIMATE SUMMARY FOR MAY 21 2017...

CLIMATE NORMAL PERIOD 1981 TO 2010
CLIMATE RECORD PERIOD 1887 TO 2017


WEATHER ITEM   OBSERVED TIME   RECORD YEAR NORMAL DEPARTURE
                VALUE   (LST)  VALUE       VALUE  FROM
                                                  NORMAL
...............................................................
TEMPERATURE (F)
 YESTERDAY
  MAXIMUM         97    426 PM 104    1892  86     11
  MINIMUM         64    519 AM  42    1975  57      7
  AVERAGE         81                        71     10

PRECIPITATION (IN)
  YESTERDAY        0.00          0.28 2006   0.01  -0.01
  MONTH TO DATE    0.12                      0.32  -0.20
  SINCE OCT 1     17.20                     10.99   6.21
  SINCE JAN 1     12.64                      7.52   5.12

SNOWFALL (IN)
  YESTERDAY        0.0
  MONTH TO DATE    0.0
  SINCE MAR 1      0.0
  SINCE JUL 1      0.0
  SNOW DEPTH       0

DEGREE DAYS
 HEATING
  YESTERDAY        0                               -1
  MONTH TO DATE   26                               -1
  SINCE MAR 1    322                             -106
  SINCE JUL 1   1936                             -404

 COOLING
  YESTERDAY       16                                9
  MONTH TO DATE  125                               16
  SINCE MAR 1    155                               -5
  SINCE JAN 1    155                               -5
...............................................................


WIND (MPH)
  HIGHEST WIND SPEED    15   HIGHEST WIND DIRECTION    NW (310)
  HIGHEST GUST SPEED    19   HIGHEST GUST DIRECTION    NW (300)
  AVERAGE WIND SPEED     6.7




RELATIVE HUMIDITY (PERCENT)
 HIGHEST    63
 LOWEST     12
 AVERAGE    38

..........................................................


THE FRESNO CA CLIMATE NORMALS FOR TODAY
                         NORMAL    RECORD    YEAR
 MAXIMUM TEMPERATURE (F)   86       104      1967
 MINIMUM TEMPERATURE (F)   58        43      1909
                                             1903


SUNRISE AND SUNSET
MAY 22 2017...........SUNRISE   546 AM PDT   SUNSET   805 PM PDT
MAY 23 2017...........SUNRISE   546 AM PDT   SUNSET   806 PM PDT


-  INDICATES NEGATIVE NUMBERS.
R  INDICATES RECORD WAS SET OR TIED.
MM INDICATES DATA IS MISSING.
T  INDICATES TRACE AMOUNT.




$$
