000
CDUS46 KHNX 070025
CLIFAT


CLIMATE REPORT
NATIONAL WEATHER SERVICE SAN JOAQUIN VALLEY, CA
524 PM PDT FRI MAY 6 2016


...................................

...THE FRESNO CA CLIMATE SUMMARY FOR MAY 6 2016...
VALID AS OF 0400 PM LOCAL TIME.

CLIMATE NORMAL PERIOD 1981 TO 2010
CLIMATE RECORD PERIOD 1887 TO 2016


WEATHER ITEM   OBSERVED TIME   RECORD YEAR NORMAL DEPARTURE LAST
                VALUE   (LST)  VALUE       VALUE  FROM      YEAR
                                                  NORMAL
..................................................................
TEMPERATURE (F)
 TODAY
  MAXIMUM         70    310 PM 100    1987  81    -11       76
  MINIMUM         55    409 AM  41    1975  54      1       51
                                      1968
                                      1965
  AVERAGE         63                        68     -5       64

PRECIPITATION (IN)
  TODAY            0.14          1.25 1883   0.02   0.12     0.00
  MONTH TO DATE    0.29                      0.12   0.17     0.00
  SINCE OCT 1     14.23                     10.79   3.44     5.84
  SINCE JAN 1      9.03                      7.32   1.71     2.65

SNOWFALL (IN)
  TODAY            0.0
  MONTH TO DATE    0.0
  SINCE MAR 1      0.0
  SINCE JUL 1      0.0
  SNOW DEPTH       0

DEGREE DAYS
 HEATING
  TODAY            2                         2      0        1
  MONTH TO DATE    3                        12     -9        1
  SINCE MAR 1    239                       413   -174      169
  SINCE JUL 1   1940                      2325   -385     1495

 COOLING
  TODAY            0                         4     -4        0
  MONTH TO DATE   31                        22      9       36
  SINCE MAR 1     95                        73     22      164
  SINCE JAN 1     95                        73     22      164
..................................................................


WIND (MPH)
  HIGHEST WIND SPEED    13   HIGHEST WIND DIRECTION     N (10)
  HIGHEST GUST SPEED    16   HIGHEST GUST DIRECTION     N (10)
  AVERAGE WIND SPEED     5.0




RELATIVE HUMIDITY (PERCENT)
 HIGHEST    93
 LOWEST     49
 AVERAGE    71

..........................................................


THE FRESNO CA CLIMATE NORMALS FOR TOMORROW
                         NORMAL    RECORD    YEAR
 MAXIMUM TEMPERATURE (F)   82       103      1987
 MINIMUM TEMPERATURE (F)   54        36      1965


SUNRISE AND SUNSET
MAY  6 2016...........SUNRISE   559 AM PDT   SUNSET   752 PM PDT
MAY  7 2016...........SUNRISE   558 AM PDT   SUNSET   753 PM PDT


-  INDICATES NEGATIVE NUMBERS.
R  INDICATES RECORD WAS SET OR TIED.
MM INDICATES DATA IS MISSING.
T  INDICATES TRACE AMOUNT.




$$
