000
CDUS46 KHNX 010825
CLIFAT


CLIMATE REPORT
NATIONAL WEATHER SERVICE SAN JOAQUIN VALLEY, CA
125 AM PDT SAT OCT 1 2016


...................................

...THE FRESNO CA CLIMATE SUMMARY FOR SEPTEMBER 30 2016...

CLIMATE NORMAL PERIOD 1981 TO 2010
CLIMATE RECORD PERIOD 1887 TO 2016


WEATHER ITEM   OBSERVED TIME   RECORD YEAR NORMAL DEPARTURE
                VALUE   (LST)  VALUE       VALUE  FROM
                                                  NORMAL
...............................................................
TEMPERATURE (F)
 YESTERDAY
  MAXIMUM         90    338 PM 101    2010  86      4
  MINIMUM         61    623 AM  37    1950  58      3
  AVERAGE         76                        72      4

PRECIPITATION (IN)
  YESTERDAY        0.00          0.73 1894   0.01  -0.01
  MONTH TO DATE    T                         0.17  -0.17
  SINCE OCT 1     14.29                     11.50   2.79
  SINCE JAN 1      9.09                      8.03   1.06

SNOWFALL (IN)
  YESTERDAY        0.0
  MONTH TO DATE    0.0
  SINCE SEP 1      0.0
  SINCE JUL 1      0.0
  SNOW DEPTH       0

DEGREE DAYS
 HEATING
  YESTERDAY        0                                0
  MONTH TO DATE    2                                2
  SINCE SEP 1      2                                0
  SINCE JUL 1      2                                0

 COOLING
  YESTERDAY       11                                4
  MONTH TO DATE  344                                6
  SINCE SEP 1    344                                6
  SINCE JAN 1   2259                              237
...............................................................


WIND (MPH)
  HIGHEST WIND SPEED    22   HIGHEST WIND DIRECTION    NW (310)
  HIGHEST GUST SPEED    27   HIGHEST GUST DIRECTION    NW (300)
  AVERAGE WIND SPEED     7.9




RELATIVE HUMIDITY (PERCENT)
 HIGHEST    48
 LOWEST     17
 AVERAGE    33

..........................................................


THE FRESNO CA CLIMATE NORMALS FOR TODAY
                         NORMAL    RECORD    YEAR
 MAXIMUM TEMPERATURE (F)   86       100      1987
                                             1980
 MINIMUM TEMPERATURE (F)   58        39      1971


SUNRISE AND SUNSET
OCTOBER  1 2016.......SUNRISE   655 AM PDT   SUNSET   641 PM PDT
OCTOBER  2 2016.......SUNRISE   655 AM PDT   SUNSET   640 PM PDT


-  INDICATES NEGATIVE NUMBERS.
R  INDICATES RECORD WAS SET OR TIED.
MM INDICATES DATA IS MISSING.
T  INDICATES TRACE AMOUNT.




$$
