000
CDUS46 KHNX 210840
CLIFAT


CLIMATE REPORT
NATIONAL WEATHER SERVICE SAN JOAQUIN VALLEY, CA
1240 AM PST SUN DEC 21 2014


...................................

...THE FRESNO CA CLIMATE SUMMARY FOR DECEMBER 20 2014...

CLIMATE NORMAL PERIOD 1981 TO 2010
CLIMATE RECORD PERIOD 1887 TO 2014


WEATHER ITEM   OBSERVED TIME   RECORD YEAR NORMAL DEPARTURE
                VALUE   (LST)  VALUE       VALUE  FROM
                                                  NORMAL
...............................................................
TEMPERATURE (F)
 YESTERDAY
  MAXIMUM         62    211 PM  70    2005  54      8
                                      1969
                                      1955
  MINIMUM         51   1159 PM  24    1897  38     13
  AVERAGE         57                        46     11

PRECIPITATION (IN)
  YESTERDAY        0.00          1.50 1986   0.06  -0.06
  MONTH TO DATE    2.29                      1.01   1.28
  SINCE JUL 1      3.38                      2.90   0.48
  SINCE JAN 1      7.46                     10.74  -3.28

SNOWFALL (IN)
  YESTERDAY        0.0
  MONTH TO DATE    0.0
  SINCE DEC 1      0.0
  SINCE JUL 1      0.0
  SNOW DEPTH       0

DEGREE DAYS
 HEATING
  YESTERDAY        8                              -11
  MONTH TO DATE  200                             -159
  SINCE DEC 1    200                             -159
  SINCE JUL 1    421                             -326

 COOLING
  YESTERDAY        0                                0
  MONTH TO DATE    0                                0
  SINCE DEC 1      0                                0
  SINCE JAN 1   2932                              808
...............................................................


WIND (MPH)
  HIGHEST WIND SPEED    10   HIGHEST WIND DIRECTION     W (290)
  HIGHEST GUST SPEED    12   HIGHEST GUST DIRECTION     W (280)
  AVERAGE WIND SPEED     4.1




RELATIVE HUMIDITY (PERCENT)
 HIGHEST    96
 LOWEST     60
 AVERAGE    78

..........................................................


THE FRESNO CA CLIMATE NORMALS FOR TODAY
                         NORMAL    RECORD    YEAR
 MAXIMUM TEMPERATURE (F)   54        71      1955
 MINIMUM TEMPERATURE (F)   38        23      1897


SUNRISE AND SUNSET
DECEMBER 21 2014......SUNRISE   708 AM PST   SUNSET   446 PM PST
DECEMBER 22 2014......SUNRISE   708 AM PST   SUNSET   447 PM PST


-  INDICATES NEGATIVE NUMBERS.
R  INDICATES RECORD WAS SET OR TIED.
MM INDICATES DATA IS MISSING.
T  INDICATES TRACE AMOUNT.




$$
