264
CDUS46 KHNX 170024
CLIFAT


CLIMATE REPORT
NATIONAL WEATHER SERVICE SAN JOAQUIN VALLEY, CA
423 PM PST MON JAN 16 2017


...................................

...THE FRESNO CA CLIMATE SUMMARY FOR JANUARY 16 2017...
VALID AS OF 0400 PM LOCAL TIME.

CLIMATE NORMAL PERIOD 1981 TO 2010
CLIMATE RECORD PERIOD 1887 TO 2017


WEATHER ITEM   OBSERVED TIME   RECORD YEAR NORMAL DEPARTURE LAST
                VALUE   (LST)  VALUE       VALUE  FROM      YEAR
                                                  NORMAL
..................................................................
TEMPERATURE (F)
 TODAY
  MAXIMUM         49    359 PM  71    2014  55     -6       63
                                      1909
  MINIMUM         44    902 AM  20    1888  38      6       47
  AVERAGE         47                        46      1       55

PRECIPITATION (IN)
  TODAY            0.00          1.22 1970   0.08  -0.08     0.05
  MONTH TO DATE    3.86                      1.17   2.69     1.41
  SINCE OCT 1      8.42                      4.64   3.78     6.61
  SINCE JAN 1      3.86                      1.17   2.69     1.41

SNOWFALL (IN)
  TODAY            0.0
  MONTH TO DATE    0.0
  SINCE DEC 1      0.0
  SINCE JUL 1      0.0
  SNOW DEPTH       0

DEGREE DAYS
 HEATING
  TODAY           18                        19     -1       10
  MONTH TO DATE  249                       308    -59      260
  SINCE DEC 1    793                       883    -90      847
  SINCE JUL 1   1044                      1271   -227     1237

 COOLING
  TODAY            0                         0      0        0
  MONTH TO DATE    0                         0      0        0
  SINCE DEC 1      0                         0      0        0
  SINCE JAN 1      0                         0      0        0
..................................................................


WIND (MPH)
  HIGHEST WIND SPEED     9   HIGHEST WIND DIRECTION    SE (150)
  HIGHEST GUST SPEED    11   HIGHEST GUST DIRECTION    SE (150)
  AVERAGE WIND SPEED     1.7




RELATIVE HUMIDITY (PERCENT)
 HIGHEST    71
 LOWEST     65
 AVERAGE    68

..........................................................


THE FRESNO CA CLIMATE NORMALS FOR TOMORROW
                         NORMAL    RECORD    YEAR
 MAXIMUM TEMPERATURE (F)   55        74      2014
 MINIMUM TEMPERATURE (F)   38        20      1888


SUNRISE AND SUNSET
JANUARY 16 2017.......SUNRISE   710 AM PST   SUNSET   508 PM PST
JANUARY 17 2017.......SUNRISE   710 AM PST   SUNSET   509 PM PST


-  INDICATES NEGATIVE NUMBERS.
R  INDICATES RECORD WAS SET OR TIED.
MM INDICATES DATA IS MISSING.
T  INDICATES TRACE AMOUNT.




$$
