076
CDUS46 KHNX 220824
CLIFAT


CLIMATE REPORT
NATIONAL WEATHER SERVICE SAN JOAQUIN VALLEY, CA
1223 AM PST WED FEB 22 2017


...................................

...THE FRESNO CA CLIMATE SUMMARY FOR FEBRUARY 21 2017...

CLIMATE NORMAL PERIOD 1981 TO 2010
CLIMATE RECORD PERIOD 1887 TO 2017


WEATHER ITEM   OBSERVED TIME   RECORD YEAR NORMAL DEPARTURE
                VALUE   (LST)  VALUE       VALUE  FROM
                                                  NORMAL
...............................................................
TEMPERATURE (F)
 YESTERDAY
  MAXIMUM         68    211 PM  77    1991  63      5
  MINIMUM         53   1159 PM  26    1953  43     10
  AVERAGE         61                        53      8

PRECIPITATION (IN)
  YESTERDAY        0.06          1.04 1944   0.08  -0.02
  MONTH TO DATE    2.52                      1.53   0.99
  SINCE OCT 1     12.58                      7.19   5.39
  SINCE JAN 1      8.02                      3.72   4.30

SNOWFALL (IN)
  YESTERDAY        0.0
  MONTH TO DATE    0.0
  SINCE DEC 1      0.0
  SINCE JUL 1      0.0
  SNOW DEPTH       0

DEGREE DAYS
 HEATING
  YESTERDAY        4                               -8
  MONTH TO DATE  180                             -117
  SINCE DEC 1   1238                             -206
  SINCE JUL 1   1489                             -343

 COOLING
  YESTERDAY        0                                0
  MONTH TO DATE    0                                0
  SINCE DEC 1      0                                0
  SINCE JAN 1      0                                0
...............................................................


WIND (MPH)
  HIGHEST WIND SPEED    20   HIGHEST WIND DIRECTION     S (200)
  HIGHEST GUST SPEED    24   HIGHEST GUST DIRECTION     S (170)
  AVERAGE WIND SPEED    10.2




RELATIVE HUMIDITY (PERCENT)
 HIGHEST    89
 LOWEST     39
 AVERAGE    64

..........................................................


THE FRESNO CA CLIMATE NORMALS FOR TODAY
                         NORMAL    RECORD    YEAR
 MAXIMUM TEMPERATURE (F)   64        78      1989
 MINIMUM TEMPERATURE (F)   43        30      1953
                                             1951
                                             1894


SUNRISE AND SUNSET
FEBRUARY 22 2017......SUNRISE   638 AM PST   SUNSET   547 PM PST
FEBRUARY 23 2017......SUNRISE   637 AM PST   SUNSET   548 PM PST


-  INDICATES NEGATIVE NUMBERS.
R  INDICATES RECORD WAS SET OR TIED.
MM INDICATES DATA IS MISSING.
T  INDICATES TRACE AMOUNT.




$$
