000
CDUS42 KRAH 272154
CLIFAY


CLIMATE REPORT
NATIONAL WEATHER SERVICE RALEIGH NC
452 PM EST SAT DEC 27 2014


...................................

...THE FAYETTEVILLE REGL AIRPORT NC CLIMATE SUMMARY FOR DECEMBER 27 2014...
VALID TODAY AS OF 0452 PM LOCAL TIME.

CLIMATE NORMAL PERIOD 1981 TO 2010
CLIMATE RECORD PERIOD 1910 TO 2014


WEATHER ITEM   OBSERVED TIME   RECORD YEAR NORMAL DEPARTURE LAST
                VALUE   (LST)  VALUE       VALUE  FROM      YEAR
                                                  NORMAL
..................................................................
TEMPERATURE (F)
 TODAY
  MAXIMUM         63    354 PM  74    1987  53     10       53
  MINIMUM         32    754 AM  10    1983  33     -1       28
  AVERAGE         48                        43      5       41

PRECIPITATION (IN)
  TODAY            0.00          2.60 1964   0.06  -0.06     0.00
  MONTH TO DATE    3.75                      2.38   1.37     2.56
  SINCE DEC 1      3.75                      2.38   1.37     2.56
  SINCE JAN 1     41.68                     44.19  -2.51    41.64

DEGREE DAYS
 HEATING
  TODAY           17                        22     -5       24
  MONTH TO DATE  469                       523    -54      430
  SINCE DEC 1    469                       523    -54      430
  SINCE JUL 1   1013                       971     42      946

 COOLING
  TODAY            0                         0      0        0
  MONTH TO DATE    0                         0      0       17
  SINCE DEC 1      0                         0      0       17
  SINCE JAN 1   2139                      1991    148     1955
..................................................................


WIND (MPH)
  HIGHEST WIND SPEED    10   HIGHEST WIND DIRECTION     S (190)
  HIGHEST GUST SPEED    13   HIGHEST GUST DIRECTION     S (190)
  AVERAGE WIND SPEED     2.4


SKY COVER
  POSSIBLE SUNSHINE  MM
  AVERAGE SKY COVER 0.0


WEATHER CONDITIONS
 THE FOLLOWING WEATHER WAS RECORDED TODAY.
  NO SIGNIFICANT WEATHER WAS OBSERVED.


RELATIVE HUMIDITY (PERCENT)
 HIGHEST    92          1200 AM
 LOWEST     36           200 PM
 AVERAGE    64

..........................................................


THE FAYETTEVILLE REGL AIRPORT NC CLIMATE NORMALS FOR TOMORROW
                         NORMAL    RECORD    YEAR
 MAXIMUM TEMPERATURE (F)   53        78      1916
 MINIMUM TEMPERATURE (F)   33        10      1925


SUNRISE AND SUNSET
DECEMBER 27 2014......SUNRISE   722 AM EST   SUNSET   511 PM EST
DECEMBER 28 2014......SUNRISE   722 AM EST   SUNSET   512 PM EST


-  INDICATES NEGATIVE NUMBERS.
R  INDICATES RECORD WAS SET OR TIED.
MM INDICATES DATA IS MISSING.
T  INDICATES TRACE AMOUNT.




$$
