000
CDUS42 KRAH 270541
CLIFAY


CLIMATE REPORT
NATIONAL WEATHER SERVICE RALEIGH NC
140 AM EDT TUE SEP 27 2016


...................................

...THE FAYETTEVILLE REGL AIRPORT NC CLIMATE SUMMARY FOR SEPTEMBER 26 2016...

CLIMATE NORMAL PERIOD 1981 TO 2010
CLIMATE RECORD PERIOD 1910 TO 2016


WEATHER ITEM   OBSERVED TIME   RECORD YEAR NORMAL DEPARTURE LAST
                VALUE   (LST)  VALUE       VALUE  FROM      YEAR
                                                  NORMAL
..................................................................
TEMPERATURE (F)
 YESTERDAY
  MAXIMUM         83    352 PM  96    1933  81      2       70
  MINIMUM         67    625 AM  40    1950  60      7       67
  AVERAGE         75                        70      5       69

PRECIPITATION (IN)
  YESTERDAY        0.00          3.35 2010   0.14  -0.14     0.18
  MONTH TO DATE    5.45                      3.82   1.63     2.80
  SINCE SEP 1      5.45                      3.82   1.63     2.80
  SINCE JAN 1     32.11                     35.25  -3.14    33.59

DEGREE DAYS
 HEATING
  YESTERDAY        0                         1     -1        0
  MONTH TO DATE    0                         4     -4        0
  SINCE SEP 1      0                         4     -4        0
  SINCE JUL 1      0                         4     -4        0

 COOLING
  YESTERDAY       10                         6      4        4
  MONTH TO DATE  359                       248    111      277
  SINCE SEP 1    359                       248    111      277
  SINCE JAN 1   2353                      1888    465     2112
..................................................................


WIND (MPH)
  HIGHEST WIND SPEED     9   HIGHEST WIND DIRECTION    SE (150)
  HIGHEST GUST SPEED    14   HIGHEST GUST DIRECTION     E (100)
  AVERAGE WIND SPEED     4.3


SKY COVER
  POSSIBLE SUNSHINE  MM
  AVERAGE SKY COVER 0.7


WEATHER CONDITIONS
 THE FOLLOWING WEATHER WAS RECORDED YESTERDAY.
  NO SIGNIFICANT WEATHER WAS OBSERVED.


RELATIVE HUMIDITY (PERCENT)
 HIGHEST    84          1200 AM
 LOWEST     54           100 PM
 AVERAGE    69

..........................................................


THE FAYETTEVILLE REGL AIRPORT NC CLIMATE NORMALS FOR TODAY
                         NORMAL    RECORD    YEAR
 MAXIMUM TEMPERATURE (F)   80        94      1986
 MINIMUM TEMPERATURE (F)   60        42      1943


SUNRISE AND SUNSET
SEPTEMBER 27 2016.....SUNRISE   708 AM EDT   SUNSET   704 PM EDT
SEPTEMBER 28 2016.....SUNRISE   708 AM EDT   SUNSET   703 PM EDT


-  INDICATES NEGATIVE NUMBERS.
R  INDICATES RECORD WAS SET OR TIED.
MM INDICATES DATA IS MISSING.
T  INDICATES TRACE AMOUNT.




$$
