000
CDUS42 KRAH 062040
CLIFAY


CLIMATE REPORT
NATIONAL WEATHER SERVICE RALEIGH NC
438 PM EDT FRI MAY 6 2016


...................................

...THE FAYETTEVILLE REGL AIRPORT NC CLIMATE SUMMARY FOR MAY 6 2016...
VALID TODAY AS OF 0438 PM LOCAL TIME.

CLIMATE NORMAL PERIOD 1981 TO 2010
CLIMATE RECORD PERIOD 1910 TO 2016


WEATHER ITEM   OBSERVED TIME   RECORD YEAR NORMAL DEPARTURE LAST
                VALUE   (LST)  VALUE       VALUE  FROM      YEAR
                                                  NORMAL
..................................................................
TEMPERATURE (F)
 TODAY
  MAXIMUM         68    159 PM 100    1938  80    -12       82
  MINIMUM         50    311 AM  40    1973  56     -6       53
  AVERAGE         59                        68     -9       68

PRECIPITATION (IN)
  TODAY            0.04          1.95 1933   0.08  -0.04     0.00
  MONTH TO DATE    1.71                      0.40   1.31     0.13
  SINCE MAR 1      6.25                      6.77  -0.52     5.49
  SINCE JAN 1     14.09                     12.83   1.26    13.14

DEGREE DAYS
 HEATING
  TODAY            6                         2      4        0
  MONTH TO DATE   13                        12      1       10
  SINCE MAR 1    342                       494   -152      446
  SINCE JUL 1   2155                      2719   -564     2942

 COOLING
  TODAY            0                         4     -4        3
  MONTH TO DATE   29                        24      5        9
  SINCE MAR 1    164                       103     61      101
  SINCE JAN 1    164                       107     57      101
..................................................................


WIND (MPH)
  HIGHEST WIND SPEED    24   HIGHEST WIND DIRECTION    NW (330)
  HIGHEST GUST SPEED    33   HIGHEST GUST DIRECTION     N (340)
  AVERAGE WIND SPEED    10.4


SKY COVER
  POSSIBLE SUNSHINE  MM
  AVERAGE SKY COVER 0.9


WEATHER CONDITIONS
 THE FOLLOWING WEATHER WAS RECORDED TODAY.
  LIGHT RAIN


RELATIVE HUMIDITY (PERCENT)
 HIGHEST    89           600 AM
 LOWEST     49           200 PM
 AVERAGE    69

..........................................................


THE FAYETTEVILLE REGL AIRPORT NC CLIMATE NORMALS FOR TOMORROW
                         NORMAL    RECORD    YEAR
 MAXIMUM TEMPERATURE (F)   80        97      1952
 MINIMUM TEMPERATURE (F)   56        39      1968


SUNRISE AND SUNSET
MAY  6 2016...........SUNRISE   619 AM EDT   SUNSET   805 PM EDT
MAY  7 2016...........SUNRISE   618 AM EDT   SUNSET   806 PM EDT


-  INDICATES NEGATIVE NUMBERS.
R  INDICATES RECORD WAS SET OR TIED.
MM INDICATES DATA IS MISSING.
T  INDICATES TRACE AMOUNT.




$$
