000
CDUS42 KRAH 131534
CLIFAY


CLIMATE REPORT
NATIONAL WEATHER SERVICE RALEIGH NC
1032 AM EST WED DEC 13 2017


...................................

...THE FAYETTEVILLE REGL AIRPORT NC CLIMATE SUMMARY FOR DECEMBER 13 2017...
VALID AS OF 1032 AM LOCAL TIME.

CLIMATE NORMAL PERIOD 1981 TO 2010
CLIMATE RECORD PERIOD 1910 TO 2017


WEATHER ITEM   OBSERVED TIME   RECORD YEAR NORMAL DEPARTURE LAST
                VALUE   (LST)  VALUE       VALUE  FROM      YEAR
                                                  NORMAL
..................................................................
TEMPERATURE (F)
 TODAY
  MAXIMUM                       81    1927  56    -20       50
  MINIMUM         23    728 AM   9    1962  35    -12       38
  AVERAGE         30                        46    -16       44

PRECIPITATION (IN)
  TODAY            0.00          1.60 1935   0.09  -0.09     0.29
  MONTH TO DATE    2.02                      1.31   0.71     1.34
  SINCE DEC 1      2.02                      1.31   0.71     1.34
  SINCE JAN 1     40.85                     43.12  -2.27    54.95

..................................................................


WIND (MPH)
  HIGHEST WIND SPEED    20   HIGHEST WIND DIRECTION    NW (320)
  HIGHEST GUST SPEED    24   HIGHEST GUST DIRECTION    NW (330)
  AVERAGE WIND SPEED     8.0


SKY COVER
  POSSIBLE SUNSHINE  MM
  AVERAGE SKY COVER 0.0


WEATHER CONDITIONS
 THE FOLLOWING WEATHER WAS RECORDED TODAY.
  NO SIGNIFICANT WEATHER WAS OBSERVED.


RELATIVE HUMIDITY (PERCENT)
 HIGHEST    68           700 AM
 LOWEST     35           100 AM
 AVERAGE    52

..........................................................




SUNRISE AND SUNSET
DECEMBER 13 2017......SUNRISE   715 AM EST   SUNSET   505 PM EST
DECEMBER 14 2017......SUNRISE   716 AM EST   SUNSET   505 PM EST


-  INDICATES NEGATIVE NUMBERS.
R  INDICATES RECORD WAS SET OR TIED.
MM INDICATES DATA IS MISSING.
T  INDICATES TRACE AMOUNT.




$$
