083
CDUS42 KRAH 232050
CLIFAY


CLIMATE REPORT
NATIONAL WEATHER SERVICE RALEIGH NC
448 PM EDT TUE MAY 23 2017


...................................

...THE FAYETTEVILLE REGL AIRPORT NC CLIMATE SUMMARY FOR MAY 23 2017...
VALID TODAY AS OF 0448 PM LOCAL TIME.

CLIMATE NORMAL PERIOD 1981 TO 2010
CLIMATE RECORD PERIOD 1910 TO 2017


WEATHER ITEM   OBSERVED TIME   RECORD YEAR NORMAL DEPARTURE LAST
                VALUE   (LST)  VALUE       VALUE  FROM      YEAR
                                                  NORMAL
..................................................................
TEMPERATURE (F)
 TODAY
  MAXIMUM         75    236 PM 102    1941  84     -9       69
  MINIMUM         68    704 AM  44    1954  61      7       53
  AVERAGE         72                        73     -1       61

PRECIPITATION (IN)
  TODAY            1.44          1.96 2010   0.11   1.33      T
  MONTH TO DATE    2.60                      2.14   0.46     3.93
  SINCE MAR 1      9.54                      8.51   1.03     8.47
  SINCE JAN 1     12.96                     14.57  -1.61    16.31

DEGREE DAYS
 HEATING
  TODAY            0                         0      0        4
  MONTH TO DATE   12                        23    -11       27
  SINCE MAR 1    405                       505   -100      356
  SINCE JUL 1   2027                      2730   -703     2169

 COOLING
  TODAY            7                         8     -1        0
  MONTH TO DATE  183                       128     55      114
  SINCE MAR 1    386                       207    179      249
  SINCE JAN 1    401                       211    190      249
..................................................................


WIND (MPH)
  HIGHEST WIND SPEED    10   HIGHEST WIND DIRECTION    NW (310)
  HIGHEST GUST SPEED    12   HIGHEST GUST DIRECTION    NW (310)
  AVERAGE WIND SPEED    MM


SKY COVER
  POSSIBLE SUNSHINE  MM
  AVERAGE SKY COVER 1.0


WEATHER CONDITIONS
 THE FOLLOWING WEATHER WAS RECORDED TODAY.
  HEAVY RAIN
  RAIN
  LIGHT RAIN
  FOG


RELATIVE HUMIDITY (PERCENT)
 HIGHEST   100          1200 AM
 LOWEST     93           600 AM
 AVERAGE    97

..........................................................


THE FAYETTEVILLE REGL AIRPORT NC CLIMATE NORMALS FOR TOMORROW
                         NORMAL    RECORD    YEAR
 MAXIMUM TEMPERATURE (F)   84        99      1938
 MINIMUM TEMPERATURE (F)   62        42      1931


SUNRISE AND SUNSET
MAY 23 2017...........SUNRISE   607 AM EDT   SUNSET   818 PM EDT
MAY 24 2017...........SUNRISE   606 AM EDT   SUNSET   819 PM EDT


-  INDICATES NEGATIVE NUMBERS.
R  INDICATES RECORD WAS SET OR TIED.
MM INDICATES DATA IS MISSING.
T  INDICATES TRACE AMOUNT.




$$
