005
CDUS42 KRAH 040852
CLIFAY


CLIMATE REPORT
NATIONAL WEATHER SERVICE RALEIGH NC
352 AM EST SUN DEC 4 2016


...................................

...THE FAYETTEVILLE REGL AIRPORT NC CLIMATE SUMMARY FOR DECEMBER 3 2016...

CLIMATE NORMAL PERIOD 1981 TO 2010
CLIMATE RECORD PERIOD 1910 TO 2016


WEATHER ITEM   OBSERVED TIME   RECORD YEAR NORMAL DEPARTURE LAST
                VALUE   (LST)  VALUE       VALUE  FROM      YEAR
                                                  NORMAL
..................................................................
TEMPERATURE (F)
 YESTERDAY
  MAXIMUM         54    312 PM  80    1991  60     -6       62
  MINIMUM         36    718 AM  15    1960  38     -2       42
  AVERAGE         45                        49     -4       52

PRECIPITATION (IN)
  YESTERDAY        0.00          1.50 1929   0.12  -0.12     0.00
  MONTH TO DATE    0.00                      0.35  -0.35     0.09
  SINCE DEC 1      0.00                      0.35  -0.35     0.09
  SINCE JAN 1     53.61                     42.16  11.45    47.28

DEGREE DAYS
 HEATING
  YESTERDAY       20                        16      4       13
  MONTH TO DATE   42                        47     -5       29
  SINCE DEC 1     42                        47     -5       29
  SINCE JUL 1    393                       495   -102      348

 COOLING
  YESTERDAY        0                         0      0        0
  MONTH TO DATE    0                         0      0        0
  SINCE DEC 1      0                         0      0        0
  SINCE JAN 1   2527                      1991    536     2231
..................................................................


WIND (MPH)
  HIGHEST WIND SPEED    18   HIGHEST WIND DIRECTION     N (20)
  HIGHEST GUST SPEED    24   HIGHEST GUST DIRECTION     N (20)
  AVERAGE WIND SPEED     6.1


SKY COVER
  POSSIBLE SUNSHINE  MM
  AVERAGE SKY COVER 0.1


WEATHER CONDITIONS
 THE FOLLOWING WEATHER WAS RECORDED YESTERDAY.
  NO SIGNIFICANT WEATHER WAS OBSERVED.


RELATIVE HUMIDITY (PERCENT)
 HIGHEST    76           700 AM
 LOWEST     35           200 PM
 AVERAGE    56

..........................................................


THE FAYETTEVILLE REGL AIRPORT NC CLIMATE NORMALS FOR TODAY
                         NORMAL    RECORD    YEAR
 MAXIMUM TEMPERATURE (F)   60        81      1991
 MINIMUM TEMPERATURE (F)   38        14      1945


SUNRISE AND SUNSET
DECEMBER  4 2016......SUNRISE   708 AM EST   SUNSET   504 PM EST
DECEMBER  5 2016......SUNRISE   709 AM EST   SUNSET   504 PM EST


-  INDICATES NEGATIVE NUMBERS.
R  INDICATES RECORD WAS SET OR TIED.
MM INDICATES DATA IS MISSING.
T  INDICATES TRACE AMOUNT.




$$
