000
CDUS42 KRAH 020628
CLIFAY


CLIMATE REPORT
NATIONAL WEATHER SERVICE RALEIGH NC
127 AM EST MON MAR 2 2015


...................................

...THE FAYETTEVILLE REGL AIRPORT NC CLIMATE SUMMARY FOR MARCH 1 2015...

CLIMATE NORMAL PERIOD 1981 TO 2010
CLIMATE RECORD PERIOD 1910 TO 2015


WEATHER ITEM   OBSERVED TIME   RECORD YEAR NORMAL DEPARTURE LAST
                VALUE   (LST)  VALUE       VALUE  FROM      YEAR
                                                  NORMAL
..................................................................
TEMPERATURE (F)
 YESTERDAY
  MAXIMUM         38   1159 PM  87    1918  62    -24       57
  MINIMUM         32   1054 AM  18    1937  38     -6       33
  AVERAGE         35                        50    -15       45

PRECIPITATION (IN)
  YESTERDAY        0.19          2.28 1987   0.10   0.09     0.00
  MONTH TO DATE    0.19                      0.10   0.09     0.00
  SINCE MAR 1      0.19                      0.10   0.09     0.00
  SINCE JAN 1      7.84                      6.16   1.68     6.72

DEGREE DAYS
 HEATING
  YESTERDAY       30                        15     15       20
  MONTH TO DATE   30                        15     15       20
  SINCE MAR 1     30                        15     15       20
  SINCE JUL 1   2526                      2240    286     2345

 COOLING
  YESTERDAY        0                         0      0        0
  MONTH TO DATE    0                         0      0        0
  SINCE MAR 1      0                         0      0        0
  SINCE JAN 1      0                         4     -4        3
..................................................................


WIND (MPH)
  HIGHEST WIND SPEED    15   HIGHEST WIND DIRECTION     N (20)
  HIGHEST GUST SPEED    18   HIGHEST GUST DIRECTION    NE (30)
  AVERAGE WIND SPEED     6.9


SKY COVER
  POSSIBLE SUNSHINE  MM
  AVERAGE SKY COVER 1.0


WEATHER CONDITIONS
 THE FOLLOWING WEATHER WAS RECORDED YESTERDAY.
  RAIN
  LIGHT RAIN
  LT FREEZING RAIN
  LIGHT SNOW
  FOG


RELATIVE HUMIDITY (PERCENT)
 HIGHEST   100           800 PM
 LOWEST     52          1200 AM
 AVERAGE    76

..........................................................


THE FAYETTEVILLE REGL AIRPORT NC CLIMATE NORMALS FOR TODAY
                         NORMAL    RECORD    YEAR
 MAXIMUM TEMPERATURE (F)   63        82      1997
 MINIMUM TEMPERATURE (F)   38        16      1980


SUNRISE AND SUNSET
MARCH  2 2015.........SUNRISE   644 AM EST   SUNSET   612 PM EST
MARCH  3 2015.........SUNRISE   643 AM EST   SUNSET   613 PM EST


-  INDICATES NEGATIVE NUMBERS.
R  INDICATES RECORD WAS SET OR TIED.
MM INDICATES DATA IS MISSING.
T  INDICATES TRACE AMOUNT.




$$
