000
CDUS43 KLMK 230632
CLIFFT

CLIMATE REPORT
NATIONAL WEATHER SERVICE LOUISVILLE KY
231 AM EDT SAT MAY 23 2015
...................................

...THE FRANKFORT KY CLIMATE SUMMARY FOR MAY 22 2015...

CLIMATE NORMAL PERIOD 1981 TO 2010
CLIMATE RECORD PERIOD 1895 TO 2015


WEATHER ITEM   OBSERVED TIME   RECORD YEAR NORMAL DEPARTURE LAST
                VALUE   (LST)  VALUE       VALUE  FROM      YEAR
                                                  NORMAL
..................................................................
TEMPERATURE (F)
 YESTERDAY
  MAXIMUM         74    503 PM  95    1941  77     -3       83
  MINIMUM         42    540 AM  31    2002  54    -12       60
  AVERAGE         58                        66     -8       72

PRECIPITATION (IN)
  YESTERDAY        0.00          1.53 1990   0.16  -0.16     0.37
  MONTH TO DATE    0.65                      3.51  -2.86     5.07
  SINCE MAR 1     19.57                     11.58   7.99    13.90
  SINCE JAN 1     23.13                     18.13   5.00    20.10

SNOWFALL (IN)
  YESTERDAY       MM            MM      MM  MM     MM       MM
  MONTH TO DATE   MM                        MM     MM       MM
  SINCE MAR 1     MM                        MM     MM       MM
  SINCE JUL 1     MM                        MM     MM       MM
  SNOW DEPTH      MM

DEGREE DAYS
 HEATING
  YESTERDAY        7                         3      4        0
  MONTH TO DATE   57                        95    -38      103
  SINCE MAR 1   1002                      1034    -32     1105
  SINCE JUL 1   5122                      4673    449     5217

 COOLING
  YESTERDAY        0                         3     -3        7
  MONTH TO DATE   85                        43     42       63
  SINCE MAR 1     93                        63     30       71
  SINCE JAN 1     93                        63     30       71
..................................................................


WIND (MPH)
  HIGHEST WIND SPEED    13   HIGHEST WIND DIRECTION    SW (240)
  HIGHEST GUST SPEED    21   HIGHEST GUST DIRECTION    SW (230)
  AVERAGE WIND SPEED     5.2


SKY COVER
  POSSIBLE SUNSHINE  MM
  AVERAGE SKY COVER 0.0


WEATHER CONDITIONS
 THE FOLLOWING WEATHER WAS RECORDED YESTERDAY.
  FOG


RELATIVE HUMIDITY (PERCENT)
 HIGHEST    89          1200 AM
 LOWEST     32          1200 PM
 AVERAGE    61

..........................................................


THE FRANKFORT KY CLIMATE NORMALS FOR TODAY
                         NORMAL    RECORD    YEAR
 MAXIMUM TEMPERATURE (F)   77        91      1964
                                             1939
 MINIMUM TEMPERATURE (F)   54        33      2002


SUNRISE AND SUNSET
MAY 23 2015...........SUNRISE   623 AM EDT   SUNSET   850 PM EDT
MAY 24 2015...........SUNRISE   622 AM EDT   SUNSET   851 PM EDT


-  INDICATES NEGATIVE NUMBERS.
R  INDICATES RECORD WAS SET OR TIED.
MM INDICATES DATA IS MISSING.
T  INDICATES TRACE AMOUNT.

$$
04
