000
CDUS43 KLMK 060632
CLIFFT


CLIMATE REPORT
NATIONAL WEATHER SERVICE LOUISVILLE KY
230 AM EDT FRI MAY 6 2016


...................................

...THE FRANKFORT KY CLIMATE SUMMARY FOR MAY 5 2016...

CLIMATE NORMAL PERIOD 1981 TO 2010
CLIMATE RECORD PERIOD 1895 TO 2016


WEATHER ITEM   OBSERVED TIME   RECORD YEAR NORMAL DEPARTURE LAST
                VALUE   (LST)  VALUE       VALUE  FROM      YEAR
                                                  NORMAL
..................................................................
TEMPERATURE (F)
 YESTERDAY
  MAXIMUM         57    223 PM  90    1949  73    -16       82
  MINIMUM         43    659 AM  32    2011  49     -6       56
  AVERAGE         50                        61    -11       69

PRECIPITATION (IN)
  YESTERDAY        0.04          2.06 1958   0.17  -0.13     0.00
  MONTH TO DATE    0.30                      0.82  -0.52     0.00
  SINCE MAR 1      9.45                      8.89   0.56    18.92
  SINCE JAN 1     15.47                     15.44   0.03    22.48

SNOWFALL (IN)
  YESTERDAY       MM            MM      MM  MM     MM       MM
  MONTH TO DATE   MM                        MM     MM       MM
  SINCE MAR 1     MM                        MM     MM       MM
  SINCE JUL 1     MM                        MM     MM       MM
  SNOW DEPTH      MM

DEGREE DAYS
 HEATING
  YESTERDAY       15                         5     10        0
  MONTH TO DATE   36                        28      8       16
  SINCE MAR 1    702                       967   -265      961
  SINCE JUL 1   3774                      4606   -832     5081

 COOLING
  YESTERDAY        0                         1     -1        4
  MONTH TO DATE    7                         5      2        7
  SINCE MAR 1     33                        25      8       15
  SINCE JAN 1     33                        25      8       15
..................................................................


WIND (MPH)
  HIGHEST WIND SPEED    17   HIGHEST WIND DIRECTION    NW (330)
  HIGHEST GUST SPEED    24   HIGHEST GUST DIRECTION    NW (330)
  AVERAGE WIND SPEED     6.1


SKY COVER
  POSSIBLE SUNSHINE  MM
  AVERAGE SKY COVER 0.9


WEATHER CONDITIONS
 THE FOLLOWING WEATHER WAS RECORDED YESTERDAY.
  LIGHT RAIN


RELATIVE HUMIDITY (PERCENT)
 HIGHEST    83           500 AM
 LOWEST     50           100 PM
 AVERAGE    67

..........................................................


THE FRANKFORT KY CLIMATE NORMALS FOR TODAY
                         NORMAL    RECORD    YEAR
 MAXIMUM TEMPERATURE (F)   73        92      1949
 MINIMUM TEMPERATURE (F)   50        33      1957
                                             1954


SUNRISE AND SUNSET
MAY  6 2016...........SUNRISE   637 AM EDT   SUNSET   836 PM EDT
MAY  7 2016...........SUNRISE   636 AM EDT   SUNSET   837 PM EDT


-  INDICATES NEGATIVE NUMBERS.
R  INDICATES RECORD WAS SET OR TIED.
MM INDICATES DATA IS MISSING.
T  INDICATES TRACE AMOUNT.




$$
