000
CDUS43 KFGF 170642
CLIFGF


CLIMATE REPORT
NATIONAL WEATHER SERVICE EASTERN NORTH DAKOTA/GRAND FORKS
138 AM CDT THU AUG 17 2017


...................................

...THE GRAND FORKS UNIV. (NWS) ND CLIMATE SUMMARY FOR AUGUST 16 2017...

CLIMATE NORMAL PERIOD 1981 TO 2010
CLIMATE RECORD PERIOD 1893 TO 2017


WEATHER ITEM   OBSERVED TIME   RECORD YEAR NORMAL DEPARTURE LAST
                VALUE   (LST)  VALUE       VALUE  FROM      YEAR
                                                  NORMAL
..................................................................
TEMPERATURE (F)
 YESTERDAY
  MAXIMUM         68        MM  96    1990  81    -13       85
                                      1971
                                      1906
  MINIMUM         60        MM  39    1924  57      3       62
  AVERAGE         64                        69     -5       74

PRECIPITATION (IN)
  YESTERDAY        0.33          2.54 1927   0.11   0.22     0.27
  MONTH TO DATE    0.85                      1.57  -0.72     3.22
  SINCE JUN 1      7.85                      8.48  -0.63    13.40
  SINCE JAN 1     12.42                     14.53  -2.11    20.50

SNOWFALL (IN)
  YESTERDAY        0.0           0.0    MM   0.0    0.0      0.0
  MONTH TO DATE    0.0                       0.0    0.0      0.0
  SINCE JUN 1      T                         0.0    0.0      0.0
  SINCE JUL 1      T                         0.0    0.0      0.0
  SNOW DEPTH       0

DEGREE DAYS
 HEATING
  YESTERDAY        1                         1      0        0
  MONTH TO DATE    3                        16    -13        0
  SINCE JUN 1     57                       122    -65       54
  SINCE JUL 1     12                        39    -27        8

 COOLING
  YESTERDAY        0                         5     -5        9
  MONTH TO DATE   38                        89    -51      103
  SINCE JUN 1    352                       351      1      362
  SINCE JAN 1    352                       377    -25      386
..................................................................


WIND (MPH)
  RESULTANT WIND SPEED  MM   RESULTANT WIND DIRECTION  MM
  HIGHEST WIND SPEED    MM   HIGHEST WIND DIRECTION    MM
  HIGHEST GUST SPEED    MM   HIGHEST GUST DIRECTION    MM
  AVERAGE WIND SPEED    MM


SKY COVER
  POSSIBLE SUNSHINE  MM
  AVERAGE SKY COVER  MM


WEATHER CONDITIONS
 THE FOLLOWING WEATHER WAS RECORDED YESTERDAY.
  LIGHT RAIN
  FOG


RELATIVE HUMIDITY (PERCENT)
 HIGHEST    MM
 LOWEST     MM
 AVERAGE    MM

..........................................................


THE GRAND FORKS UNIV. (NWS) ND CLIMATE NORMALS FOR TODAY
                         NORMAL    RECORD    YEAR
 MAXIMUM TEMPERATURE (F)   81        99      1945
 MINIMUM TEMPERATURE (F)   56        39      1924


SUNRISE AND SUNSET
AUGUST 17 2017........SUNRISE   627 AM CDT   SUNSET   837 PM CDT
AUGUST 18 2017........SUNRISE   628 AM CDT   SUNSET   835 PM CDT


-  INDICATES NEGATIVE NUMBERS.
R  INDICATES RECORD WAS SET OR TIED.
MM INDICATES DATA IS MISSING.
T  INDICATES TRACE AMOUNT.




$$
