000
CDUS43 KFGF 222153
CLIFGF


CLIMATE REPORT
NATIONAL WEATHER SERVICE EASTERN NORTH DAKOTA/GRAND FORKS
452 PM CDT THU JUN 22 2017


...................................

...THE GRAND FORKS UNIV. (NWS) ND CLIMATE SUMMARY FOR JUNE 22 2017...
VALID TODAY AS OF 0400 PM LOCAL TIME.

CLIMATE NORMAL PERIOD 1981 TO 2010
CLIMATE RECORD PERIOD 1893 TO 2017


WEATHER ITEM   OBSERVED TIME   RECORD YEAR NORMAL DEPARTURE LAST
                VALUE   (LST)  VALUE       VALUE  FROM      YEAR
                                                  NORMAL
..................................................................
TEMPERATURE (F)
 TODAY
  MAXIMUM         77        MM  94    1987  78     -1       66
                                      1950
  MINIMUM         52        MM  35    1905  56     -4       56
  AVERAGE         65                        67     -2       61

PRECIPITATION (IN)
  TODAY            0.01          2.11 1948   0.13  -0.12     0.05
  MONTH TO DATE    2.24                      2.74  -0.50     3.71
  SINCE JUN 1      2.24                      2.74  -0.50     3.71
  SINCE JAN 1      6.81                      8.79  -1.98    10.81

SNOWFALL (IN)
  TODAY            0.0           0.0    MM   0.0    0.0      0.0
  MONTH TO DATE    0.0                       0.0    0.0      0.0
  SINCE JUN 1      0.0                       0.0    0.0      0.0
  SINCE JUL 1     49.7                      43.4    6.3     29.6
  SNOW DEPTH       0

DEGREE DAYS
 HEATING
  TODAY            0                         2     -2        4
  MONTH TO DATE   11                        70    -59       35
  SINCE JUN 1     11                        70    -59       35
  SINCE JUL 1   8073                      9195  -1122     7767

 COOLING
  TODAY            0                         4     -4        0
  MONTH TO DATE   91                        56     35       64
  SINCE JUN 1     91                        56     35       64
  SINCE JAN 1     91                        82      9       88
..................................................................


WIND (MPH)
  HIGHEST WIND SPEED    MM   HIGHEST WIND DIRECTION    MM
  HIGHEST GUST SPEED    MM   HIGHEST GUST DIRECTION    MM
  AVERAGE WIND SPEED    MM


SKY COVER
  POSSIBLE SUNSHINE  MM
  AVERAGE SKY COVER  MM


WEATHER CONDITIONS
 THE FOLLOWING WEATHER WAS RECORDED TODAY.
  NO SIGNIFICANT WEATHER WAS OBSERVED.


RELATIVE HUMIDITY (PERCENT)
 HIGHEST    MM
 LOWEST     MM
 AVERAGE    MM

..........................................................


THE GRAND FORKS UNIV. (NWS) ND CLIMATE NORMALS FOR TOMORROW
                         NORMAL    RECORD    YEAR
 MAXIMUM TEMPERATURE (F)   78        94      1900
 MINIMUM TEMPERATURE (F)   56        36      1967


SUNRISE AND SUNSET
JUNE 22 2017..........SUNRISE   529 AM CDT   SUNSET   931 PM CDT
JUNE 23 2017..........SUNRISE   530 AM CDT   SUNSET   932 PM CDT


-  INDICATES NEGATIVE NUMBERS.
R  INDICATES RECORD WAS SET OR TIED.
MM INDICATES DATA IS MISSING.
T  INDICATES TRACE AMOUNT.




$$
