000
CDUS43 KFGF 050707
CLIFGF


CLIMATE REPORT
NATIONAL WEATHER SERVICE EASTERN NORTH DAKOTA/GRAND FORKS
206 AM CDT SAT SEP 5 2015


...................................

...THE GRAND FORKS UNIV. (NWS) ND CLIMATE SUMMARY FOR SEPTEMBER 4 2015...

CLIMATE NORMAL PERIOD 1981 TO 2010
CLIMATE RECORD PERIOD 1890 TO 2015


WEATHER ITEM   OBSERVED TIME   RECORD YEAR NORMAL DEPARTURE LAST
                VALUE   (LST)  VALUE       VALUE  FROM      YEAR
                                                  NORMAL
..................................................................
TEMPERATURE (F)
 YESTERDAY
  MAXIMUM         83        MM  96    1979  75      8       74
  MINIMUM         67        MM  34    1981  51     16       53
                                      1914
  AVERAGE         75                        63     12       64

PRECIPITATION (IN)
  YESTERDAY        0.27          1.49   MM   0.08   0.19     0.07
  MONTH TO DATE    0.27                      0.32  -0.05     0.18
  SINCE SEP 1      0.27                      0.32  -0.05     0.18
  SINCE JAN 1     15.93                     16.42  -0.49    20.60

SNOWFALL (IN)
  YESTERDAY        0.0           0.0    MM   0.0    0.0      0.0
  MONTH TO DATE    0.0                       0.0    0.0      0.0
  SINCE SEP 1      0.0                       0.0    0.0      0.0
  SINCE JUL 1      0.0                       0.0    0.0      0.0
  SNOW DEPTH       0

DEGREE DAYS
 HEATING
  YESTERDAY        0                         4     -4        1
  MONTH TO DATE    0                        15    -15        3
  SINCE SEP 1      0                        15    -15        3
  SINCE JUL 1     48                        79    -31       59

 COOLING
  YESTERDAY       10                         2      8        0
  MONTH TO DATE   45                         9     36        0
  SINCE SEP 1     45                         9     36        0
  SINCE JAN 1    535                       441     94      364
..................................................................


WIND (MPH)
  RESULTANT WIND SPEED  MM   RESULTANT WIND DIRECTION  MM
  HIGHEST WIND SPEED    MM   HIGHEST WIND DIRECTION    MM
  HIGHEST GUST SPEED    MM   HIGHEST GUST DIRECTION    MM
  AVERAGE WIND SPEED    MM


SKY COVER
  POSSIBLE SUNSHINE  MM
  AVERAGE SKY COVER  MM


WEATHER CONDITIONS
 THE FOLLOWING WEATHER WAS RECORDED YESTERDAY.
  THUNDERSTORM
  LIGHT RAIN


RELATIVE HUMIDITY (PERCENT)
 HIGHEST    MM
 LOWEST     MM
 AVERAGE    MM

..........................................................


THE GRAND FORKS UNIV. (NWS) ND CLIMATE NORMALS FOR TODAY
                         NORMAL    RECORD    YEAR
 MAXIMUM TEMPERATURE (F)   75       100      1978
 MINIMUM TEMPERATURE (F)   51        32      1924


SUNRISE AND SUNSET
SEPTEMBER  5 2015.....SUNRISE   652 AM CDT   SUNSET   802 PM CDT
SEPTEMBER  6 2015.....SUNRISE   653 AM CDT   SUNSET   800 PM CDT


-  INDICATES NEGATIVE NUMBERS.
R  INDICATES RECORD WAS SET OR TIED.
MM INDICATES DATA IS MISSING.
T  INDICATES TRACE AMOUNT.




$$
