000
CDUS43 KFGF 020637
CLIFGF


CLIMATE REPORT
NATIONAL WEATHER SERVICE EASTERN NORTH DAKOTA/GRAND FORKS
1237 AM CST FRI DEC 2 2016


...................................

...THE GRAND FORKS UNIV. (NWS) ND CLIMATE SUMMARY FOR DECEMBER 1 2016...

CLIMATE NORMAL PERIOD 1981 TO 2010
CLIMATE RECORD PERIOD 1890 TO 2016


WEATHER ITEM   OBSERVED TIME   RECORD YEAR NORMAL DEPARTURE LAST
                VALUE   (LST)  VALUE       VALUE  FROM      YEAR
                                                  NORMAL
..................................................................
TEMPERATURE (F)
 YESTERDAY
  MAXIMUM         32        MM  55    1969  26      6       33
  MINIMUM         28        MM -23    1926  10     18       24
                                      1919
  AVERAGE         30                        18     12       29

PRECIPITATION (IN)
  YESTERDAY        T             0.34 1923   0.02  -0.02     0.30
  MONTH TO DATE    T                         0.02  -0.02     0.30
  SINCE DEC 1      T                         0.02  -0.02     0.30
  SINCE JAN 1     29.43                     20.99   8.44    19.71

SNOWFALL (IN)
  YESTERDAY        T             5.3  2007   0.3   -0.3      2.7
  MONTH TO DATE    T                         0.3   -0.3      2.7
  SINCE DEC 1      T                         0.3   -0.3      2.7
  SINCE JUL 1      0.9                       7.4   -6.5      6.1
  SNOW DEPTH       0

DEGREE DAYS
 HEATING
  YESTERDAY       35                        47    -12       36
  MONTH TO DATE   35                        47    -12       36
  SINCE DEC 1     35                        47    -12       36
  SINCE JUL 1   1489                      2141   -652     1645

 COOLING
  YESTERDAY        0                         0      0        0
  MONTH TO DATE    0                         0      0        0
  SINCE DEC 1      0                         0      0        0
  SINCE JAN 1    461                       463     -2      580
..................................................................


WIND (MPH)
  RESULTANT WIND SPEED  MM   RESULTANT WIND DIRECTION  MM
  HIGHEST WIND SPEED    MM   HIGHEST WIND DIRECTION    MM
  HIGHEST GUST SPEED    MM   HIGHEST GUST DIRECTION    MM
  AVERAGE WIND SPEED    MM


SKY COVER
  POSSIBLE SUNSHINE  MM
  AVERAGE SKY COVER  MM


WEATHER CONDITIONS
 THE FOLLOWING WEATHER WAS RECORDED YESTERDAY.
  LIGHT SNOW


RELATIVE HUMIDITY (PERCENT)
 HIGHEST    MM
 LOWEST     MM
 AVERAGE    MM

..........................................................


THE GRAND FORKS UNIV. (NWS) ND CLIMATE NORMALS FOR TODAY
                         NORMAL    RECORD    YEAR
 MAXIMUM TEMPERATURE (F)   25        54      1982
 MINIMUM TEMPERATURE (F)   10       -21      1919


SUNRISE AND SUNSET
DECEMBER  2 2016......SUNRISE   759 AM CST   SUNSET   437 PM CST
DECEMBER  3 2016......SUNRISE   800 AM CST   SUNSET   437 PM CST


-  INDICATES NEGATIVE NUMBERS.
R  INDICATES RECORD WAS SET OR TIED.
MM INDICATES DATA IS MISSING.
T  INDICATES TRACE AMOUNT.




$$
