000
CSUS97 KFGF 160635
CLIFGF


CLIMATE REPORT
NATIONAL WEATHER SERVICE EASTERN NORTH DAKOTA/GRAND FORKS
133 AM CDT WED APR 16 2014


...................................

...THE GRAND FORKS UNIV. (NWS) ND CLIMATE SUMMARY FOR APRIL 15 2014...

CLIMATE NORMAL PERIOD 1981 TO 2010
CLIMATE RECORD PERIOD 1890 TO 2014


WEATHER ITEM   OBSERVED TIME   RECORD YEAR NORMAL DEPARTURE LAST
                VALUE   (LST)  VALUE       VALUE  FROM      YEAR
                                                  NORMAL
..................................................................
TEMPERATURE (F)
 YESTERDAY
  MAXIMUM         31        MM  84    1926  55    -24       35
  MINIMUM         11R       MM  12    2000  31    -20       30
  AVERAGE         21                        43    -22       33

PRECIPITATION (IN)
  YESTERDAY        0.00          0.91 2011   0.03  -0.03     0.15
  MONTH TO DATE    0.16                      0.43  -0.27     0.60
  SINCE MAR 1      1.27                      1.45  -0.18     1.32
  SINCE JAN 1      2.00                      2.75  -0.75     2.14

SNOWFALL (IN)
  YESTERDAY        0.0           7.6  2011   0.0    0.0      2.4
  MONTH TO DATE    1.1                       0.7    0.4      6.5
  SINCE MAR 1     14.6                       7.1    7.5     25.7
  SINCE JUL 1     60.3                      42.4   17.9     59.3
  SNOW DEPTH       0

DEGREE DAYS
 HEATING
  YESTERDAY       44                        22     22       32
  MONTH TO DATE  479                       390     89      561
  SINCE MAR 1   1915                      1596    319     2067
  SINCE JUL 1   9661                      8556   1105     9084

 COOLING
  YESTERDAY        0                         0      0        0
  MONTH TO DATE    0                         0      0        0
  SINCE MAR 1      0                         0      0        0
  SINCE JAN 1      0                         0      0        0
..................................................................


WIND (MPH)
  RESULTANT WIND SPEED  MM   RESULTANT WIND DIRECTION  MM
  HIGHEST WIND SPEED    MM   HIGHEST WIND DIRECTION    MM
  HIGHEST GUST SPEED    MM   HIGHEST GUST DIRECTION    MM
  AVERAGE WIND SPEED    MM


SKY COVER
  POSSIBLE SUNSHINE  MM
  AVERAGE SKY COVER  MM


WEATHER CONDITIONS
 THE FOLLOWING WEATHER WAS RECORDED YESTERDAY.
  NO SIGNIFICANT WEATHER WAS OBSERVED.


RELATIVE HUMIDITY (PERCENT)
 HIGHEST    MM
 LOWEST     MM
 AVERAGE    MM

..........................................................


THE GRAND FORKS UNIV. (NWS) ND CLIMATE NORMALS FOR TODAY
                         NORMAL    RECORD    YEAR
 MAXIMUM TEMPERATURE (F)   55        87      2002
 MINIMUM TEMPERATURE (F)   32        12      1921


SUNRISE AND SUNSET
APRIL 16 2014.........SUNRISE   637 AM CDT   SUNSET   820 PM CDT
APRIL 17 2014.........SUNRISE   635 AM CDT   SUNSET   822 PM CDT


-  INDICATES NEGATIVE NUMBERS.
R  INDICATES RECORD WAS SET OR TIED.
MM INDICATES DATA IS MISSING.
T  INDICATES TRACE AMOUNT.




$$
