000
CDUS43 KFGF 240729
CLIFGF


CLIMATE REPORT
NATIONAL WEATHER SERVICE EASTERN NORTH DAKOTA/GRAND FORKS
127 AM CST TUE JAN 24 2017


...................................

...THE GRAND FORKS UNIV. (NWS) ND CLIMATE SUMMARY FOR JANUARY 23 2017...

CLIMATE NORMAL PERIOD 1981 TO 2010
CLIMATE RECORD PERIOD 1890 TO 2017


WEATHER ITEM   OBSERVED TIME   RECORD YEAR NORMAL DEPARTURE LAST
                VALUE   (LST)  VALUE       VALUE  FROM      YEAR
                                                  NORMAL
..................................................................
TEMPERATURE (F)
 YESTERDAY
  MAXIMUM         33        MM  51    1942  16     17       35
  MINIMUM         26        MM -36    1922  -2     28       12
  AVERAGE         30                         8     22       24

PRECIPITATION (IN)
  YESTERDAY        0.00          1.18 1982   0.02  -0.02     0.00
  MONTH TO DATE    0.57                      0.55   0.02     0.25
  SINCE DEC 1      2.41                      1.20   1.21     1.37
  SINCE JAN 1      0.57                      0.55   0.02     0.25

SNOWFALL (IN)
  YESTERDAY        0.0           9.0  1982   0.3   -0.3      0.0
  MONTH TO DATE   11.0                       8.1    2.9      4.1
  SINCE DEC 1     36.6                      19.0   17.6     18.9
  SINCE JUL 1     37.5                      26.1   11.4     22.3
  SNOW DEPTH       7

DEGREE DAYS
 HEATING
  YESTERDAY       35                        58    -23       41
  MONTH TO DATE 1307                      1332    -25     1349
  SINCE DEC 1   2900                      2969    -69     2720
  SINCE JUL 1   4354                      5063   -709     4329

 COOLING
  YESTERDAY        0                         0      0        0
  MONTH TO DATE    0                         0      0        0
  SINCE DEC 1      0                         0      0        0
  SINCE JAN 1      0                         0      0        0
..................................................................


WIND (MPH)
  RESULTANT WIND SPEED  MM   RESULTANT WIND DIRECTION  MM
  HIGHEST WIND SPEED    MM   HIGHEST WIND DIRECTION    MM
  HIGHEST GUST SPEED    MM   HIGHEST GUST DIRECTION    MM
  AVERAGE WIND SPEED    MM


SKY COVER
  POSSIBLE SUNSHINE  MM
  AVERAGE SKY COVER  MM


WEATHER CONDITIONS
 THE FOLLOWING WEATHER WAS RECORDED YESTERDAY.
  NO SIGNIFICANT WEATHER WAS OBSERVED.


RELATIVE HUMIDITY (PERCENT)
 HIGHEST    MM
 LOWEST     MM
 AVERAGE    MM

..........................................................


THE GRAND FORKS UNIV. (NWS) ND CLIMATE NORMALS FOR TODAY
                         NORMAL    RECORD    YEAR
 MAXIMUM TEMPERATURE (F)   17        47      1981
 MINIMUM TEMPERATURE (F)   -1       -32      1936
                                             1920


SUNRISE AND SUNSET
JANUARY 24 2017.......SUNRISE   805 AM CST   SUNSET   517 PM CST
JANUARY 25 2017.......SUNRISE   804 AM CST   SUNSET   518 PM CST


-  INDICATES NEGATIVE NUMBERS.
R  INDICATES RECORD WAS SET OR TIED.
MM INDICATES DATA IS MISSING.
T  INDICATES TRACE AMOUNT.




$$
