000
CDUS45 KFGZ 180747
CLIFLG
CLIMATE REPORT
NATIONAL WEATHER SERVICE FLAGSTAFF, AZ
1246 AM MST FRI APR 18 2014


...................................

...THE FLAGSTAFF AZ AIRPORT CLIMATE SUMMARY FOR APRIL 17 2014...

CLIMATE NORMAL PERIOD 1981 TO 2010
CLIMATE RECORD PERIOD 1898 TO 2014


WEATHER ITEM   OBSERVED TIME   RECORD YEAR NORMAL DEPARTURE LAST
                VALUE   (LST)  VALUE       VALUE  FROM      YEAR
                                                  NORMAL
..................................................................
TEMPERATURE (F)
 YESTERDAY
  MAXIMUM         69    341 PM  77    1946  59     10       44
  MINIMUM         27    615 AM  15    2009  29     -2       26
  AVERAGE         48                        44      4

PRECIPITATION (IN)
  YESTERDAY        0.00          1.67 1917   0.04  -0.04     0.00
  MONTH TO DATE    0.33                      0.76  -0.43     0.12
  SINCE SEP 1      9.28                     14.76  -5.48     9.39
  SINCE JAN 1      2.17                      7.09  -4.92     5.00

SNOWFALL (IN)
  YESTERDAY        0.0          10.0  1988   0.2             0.0
  MONTH TO DATE    3.6                       4.6             1.4
  SINCE JUL 1     38.5                      98.5            69.7
  SNOW DEPTH       0

DEGREE DAYS
 HEATING
  YESTERDAY       17                        21     -4       30
  MONTH TO DATE  381                       397    -16      365
  SINCE JUL 1   5743                      6104   -361     6001

 COOLING
  YESTERDAY        0                         0      0        0
  MONTH TO DATE    0                         0      0        0
  SINCE JAN 1      0                         0      0        0
..................................................................


WIND (MPH)
  HIGHEST WIND SPEED    22   HIGHEST WIND DIRECTION    SW (220)
  HIGHEST GUST SPEED    27   HIGHEST GUST DIRECTION    SW (220)
  AVERAGE WIND SPEED     5.2


SKY COVER
  POSSIBLE SUNSHINE  MM
  AVERAGE SKY COVER 0.0


WEATHER CONDITIONS
 THE FOLLOWING WEATHER WAS RECORDED YESTERDAY.
  NO SIGNIFICANT WEATHER WAS OBSERVED.


RELATIVE HUMIDITY (PERCENT)
 HIGHEST    63           600 AM
 LOWEST     15           500 PM
 AVERAGE    39

..........................................................


THE FLAGSTAFF AZ AIRPORT CLIMATE NORMALS FOR TODAY
                         NORMAL    RECORD    YEAR
 MAXIMUM TEMPERATURE (F)   59        79      1989
 MINIMUM TEMPERATURE (F)   29        15      2013


SUNRISE AND SUNSET
APRIL 18 2014.........SUNRISE   551 AM MST   SUNSET   702 PM MST
APRIL 19 2014.........SUNRISE   549 AM MST   SUNSET   703 PM MST


-  INDICATES NEGATIVE NUMBERS.
R  INDICATES RECORD WAS SET OR TIED.
MM INDICATES DATA IS MISSING.
T  INDICATES TRACE AMOUNT.




$$


&&

-------------------------------------------------------------------
SNOW DEPTH DATA FOR FLAGSTAFF AIRPORT IS REPORTED AT 5 AM MST

SOME SUPPLEMENTARY CLIMATE DATA FOR NWS BELLEMONT, ARIZONA IS NO
LONGER AVAILABLE IN THIS SECTION. IT CAN STILL BE FOUND IN THE
REGIONAL SUMMARY (RTP) AVAILABLE ON THE WEB AT
WWW.NWS.NOAA.GOV/CLIMATE/INDEX.PHP?WFO=FGZ
-------------------------------------------------------------------
SUPPLEMENTARY CLIMATE DATA FOR NWS BELLEMONT, ARIZONA

SNOW DEPTH (IN) AT 11 AM..........................................0
WATER EQUIVALENT OF SNOW PACK (IN) AT 11 AM*.......................
* ONLY MEASURED IF SNOW DEPTH IS 2.0 INCHES OR GREATER
-------------------------------------------------------------------
