000
CDUS45 KFGZ 290801
CLIFLG
CLIMATE REPORT
NATIONAL WEATHER SERVICE FLAGSTAFF, AZ
100 AM MST SAT APR 29 2017


...................................

...THE FLAGSTAFF AZ AIRPORT CLIMATE SUMMARY FOR APRIL 28 2017...

CLIMATE NORMAL PERIOD 1981 TO 2010
CLIMATE RECORD PERIOD 1898 TO 2017


WEATHER ITEM   OBSERVED TIME   RECORD YEAR NORMAL DEPARTURE LAST
                VALUE   (LST)  VALUE       VALUE  FROM      YEAR
                                                  NORMAL
..................................................................
TEMPERATURE (F)
 YESTERDAY
  MAXIMUM         53    120 PM  80    1992  62     -9       49
  MINIMUM         26   1146 PM  13    1970  31     -5       32
  AVERAGE         40                        47     -7

PRECIPITATION (IN)
  YESTERDAY        0.00          1.01 1900   0.03  -0.03      T
  MONTH TO DATE    0.17                      1.09  -0.92     0.83
  SINCE SEP 1     17.46                     15.09   2.37    13.81
  SINCE JAN 1      8.85                      7.42   1.43     4.98

SNOWFALL (IN)
  YESTERDAY        0.0          10.1  1900   0.1              T
  MONTH TO DATE    1.7                       6.7             3.5
  SINCE JUL 1     95.5                     100.6            76.4
  SNOW DEPTH       0

DEGREE DAYS
 HEATING
  YESTERDAY       25                        18      7       24
  MONTH TO DATE  543                       614    -71      584
  SINCE JUL 1   5734                      6321   -587     6035

 COOLING
  YESTERDAY        0                         0      0        0
  MONTH TO DATE    0                         0      0        0
  SINCE JAN 1      0                         0      0        0
..................................................................


WIND (MPH)
  HIGHEST WIND SPEED    22   HIGHEST WIND DIRECTION     W (260)
  HIGHEST GUST SPEED    33   HIGHEST GUST DIRECTION    NW (330)
  AVERAGE WIND SPEED     8.6


SKY COVER
  POSSIBLE SUNSHINE  MM
  AVERAGE SKY COVER 0.3


WEATHER CONDITIONS
 THE FOLLOWING WEATHER WAS RECORDED YESTERDAY.
  NO SIGNIFICANT WEATHER WAS OBSERVED.


RELATIVE HUMIDITY (PERCENT)
 HIGHEST    43           200 AM
 LOWEST     13           200 PM
 AVERAGE    28

..........................................................


THE FLAGSTAFF AZ AIRPORT CLIMATE NORMALS FOR TODAY
                         NORMAL    RECORD    YEAR
 MAXIMUM TEMPERATURE (F)   63        78      1992
 MINIMUM TEMPERATURE (F)   32         7      1970


SUNRISE AND SUNSET
APRIL 29 2017.........SUNRISE   537 AM MST   SUNSET   711 PM MST
APRIL 30 2017.........SUNRISE   536 AM MST   SUNSET   712 PM MST


-  INDICATES NEGATIVE NUMBERS.
R  INDICATES RECORD WAS SET OR TIED.
MM INDICATES DATA IS MISSING.
T  INDICATES TRACE AMOUNT.




$$
&&

-------------------------------------------------------------------
SNOW DEPTH DATA FOR FLAGSTAFF AIRPORT IS REPORTED AT 5 AM MST


-------------------------------------------------------------------
SUPPLEMENTARY CLIMATE DATA FOR NWS BELLEMONT, ARIZONA

SNOW DEPTH (IN) AT 11 AM...................................0
WATER EQUIVALENT OF SNOW PACK (IN) AT 11 AM*...............
* ONLY MEASURED IF SNOW DEPTH IS 2.0 INCHES OR GREATER
-------------------------------------------------------------------
