000
CDUS45 KFGZ 190910
CLIFLG
CLIMATE REPORT
NATIONAL WEATHER SERVICE FLAGSTAFF, AZ
209 AM MST THU OCT 19 2017


...................................

...THE FLAGSTAFF AZ AIRPORT CLIMATE SUMMARY FOR OCTOBER 18 2017...

CLIMATE NORMAL PERIOD 1981 TO 2010
CLIMATE RECORD PERIOD 1898 TO 2017


WEATHER ITEM   OBSERVED TIME   RECORD YEAR NORMAL DEPARTURE LAST
                VALUE   (LST)  VALUE       VALUE  FROM      YEAR
                                                  NORMAL
..................................................................
TEMPERATURE (F)
 YESTERDAY
  MAXIMUM         72    100 PM  78    1921  61     11       65
  MINIMUM         33    652 AM  10    1971  31      2       38
  AVERAGE         53                        46      7

PRECIPITATION (IN)
  YESTERDAY        0.00          1.75 1949   0.06  -0.06     0.00
  MONTH TO DATE    0.00                      1.00  -1.00     0.36
  SINCE SEP 1      0.42                      3.38  -2.96     1.90
  SINCE JAN 1     18.00                     17.57   0.43    19.09

SNOWFALL (IN)
  YESTERDAY        0.0           5.5  1908   0.1             0.0
  MONTH TO DATE    0.0                       0.5             0.0
  SINCE JUL 1      0.0                       0.5             0.0
  SNOW DEPTH       0

DEGREE DAYS
 HEATING
  YESTERDAY       12                        19     -7       13
  MONTH TO DATE  258                       290    -32      258
  SINCE JUL 1    560                       607    -47      597

 COOLING
  YESTERDAY        0                         0      0        0
  MONTH TO DATE    0                         0      0        0
  SINCE JAN 1    184                       117     67      131
..................................................................


WIND (MPH)
  HIGHEST WIND SPEED    17   HIGHEST WIND DIRECTION    SW (220)
  HIGHEST GUST SPEED    22   HIGHEST GUST DIRECTION    SW (220)
  AVERAGE WIND SPEED     4.1


SKY COVER
  POSSIBLE SUNSHINE  MM
  AVERAGE SKY COVER 0.2


WEATHER CONDITIONS
 THE FOLLOWING WEATHER WAS RECORDED YESTERDAY.
  NO SIGNIFICANT WEATHER WAS OBSERVED.


RELATIVE HUMIDITY (PERCENT)
 HIGHEST    61           700 AM
 LOWEST     19          1200 PM
 AVERAGE    40

..........................................................


THE FLAGSTAFF AZ AIRPORT CLIMATE NORMALS FOR TODAY
                         NORMAL    RECORD    YEAR
 MAXIMUM TEMPERATURE (F)   61        77      2003
                                             1991
 MINIMUM TEMPERATURE (F)   31         6      1971


SUNRISE AND SUNSET
OCTOBER 19 2017.......SUNRISE   636 AM MST   SUNSET   546 PM MST
OCTOBER 20 2017.......SUNRISE   637 AM MST   SUNSET   545 PM MST


-  INDICATES NEGATIVE NUMBERS.
R  INDICATES RECORD WAS SET OR TIED.
MM INDICATES DATA IS MISSING.
T  INDICATES TRACE AMOUNT.




$$
&&

-------------------------------------------------------------------
SNOW DEPTH DATA FOR FLAGSTAFF AIRPORT IS REPORTED AT 5 AM MST


-------------------------------------------------------------------
SUPPLEMENTARY CLIMATE DATA FOR NWS BELLEMONT, ARIZONA

SNOW DEPTH (IN) AT 11 AM...................................0.0
WATER EQUIVALENT OF SNOW PACK (IN) AT 11 AM*...............
* ONLY MEASURED IF SNOW DEPTH IS 2.0 INCHES OR GREATER
-------------------------------------------------------------------
