000
CDUS45 KFGZ 250103
CLIFLG
CLIMATE REPORT
NATIONAL WEATHER SERVICE FLAGSTAFF, AZ
603 PM MST SUN MAY 24 2015


...................................

...THE FLAGSTAFF AZ AIRPORT CLIMATE SUMMARY FOR MAY 24 2015...
VALID TODAY AS OF 0500 PM LOCAL TIME.

CLIMATE NORMAL PERIOD 1981 TO 2010
CLIMATE RECORD PERIOD 1898 TO 2015


WEATHER ITEM   OBSERVED TIME   RECORD YEAR NORMAL DEPARTURE LAST
                VALUE   (LST)  VALUE       VALUE  FROM      YEAR
                                                  NORMAL
..................................................................
TEMPERATURE (F)
 TODAY
  MAXIMUM         56    312 PM  83    1983  71    -15       61
                                      1949
  MINIMUM         32    454 AM  23    1909  36     -4       27
  AVERAGE         44                        54    -10       44

PRECIPITATION (IN)
  TODAY            T             1.11 1965   0.02  -0.02     0.00
  MONTH TO DATE    1.67                      0.49   1.18     0.05
  SINCE SEP 1     18.63                     15.64   2.99    10.25
  SINCE JAN 1     10.80                      7.97   2.83     3.14

SNOWFALL (IN)
  TODAY           MM             6.6  1965   0.0   MM        0.0
  MONTH TO DATE    5.9                       0.7    5.2      0.4
  SINCE SEP 1     62.9                     101.7  -38.8     44.4
  SNOW DEPTH       0

DEGREE DAYS
 HEATING
  TODAY           21                        11     10       21
  MONTH TO DATE  463                       343    120      373
  SINCE JUL 1   5863                      6699   -836     6374

 COOLING
  TODAY            0                         0      0        0
  MONTH TO DATE    0                         0      0        0
  SINCE JAN 1      0                         0      0        0
..................................................................


WIND (MPH)
  HIGHEST WIND SPEED    18   HIGHEST WIND DIRECTION    SW (240)
  HIGHEST GUST SPEED    26   HIGHEST GUST DIRECTION    SW (240)
  AVERAGE WIND SPEED     7.0


SKY COVER
  POSSIBLE SUNSHINE  MM
  AVERAGE SKY COVER 0.7


WEATHER CONDITIONS
 THE FOLLOWING WEATHER WAS RECORDED TODAY.
  LIGHT RAIN


RELATIVE HUMIDITY (PERCENT)
 HIGHEST    92           400 AM
 LOWEST     50           300 PM
 AVERAGE    71

..........................................................


THE FLAGSTAFF AZ AIRPORT CLIMATE NORMALS FOR TOMORROW
                         NORMAL    RECORD    YEAR
 MAXIMUM TEMPERATURE (F)   71        84      1951
 MINIMUM TEMPERATURE (F)   37        18      1980


SUNRISE AND SUNSET
MAY 24 2015...........SUNRISE   517 AM MST   SUNSET   730 PM MST
MAY 25 2015...........SUNRISE   517 AM MST   SUNSET   731 PM MST


-  INDICATES NEGATIVE NUMBERS.
R  INDICATES RECORD WAS SET OR TIED.
MM INDICATES DATA IS MISSING.
T  INDICATES TRACE AMOUNT.




$$
&&

-------------------------------------------------------------------
SNOW DEPTH DATA FOR FLAGSTAFF AIRPORT IS REPORTED AT 5 AM MST


-------------------------------------------------------------------
SUPPLEMENTARY CLIMATE DATA FOR NWS BELLEMONT, ARIZONA

SNOW DEPTH (IN) AT 11 AM........................................ 0
WATER EQUIVALENT OF SNOW PACK (IN) AT 11 AM*.....................
* ONLY MEASURED IF SNOW DEPTH IS 2.0 INCHES OR GREATER
-------------------------------------------------------------------
